{"version":"1.0","provider_name":"El Diario - Bolivia","provider_url":"https:\/\/www.eldiario.net\/portal","title":"FASCITIS PLANTAR - El Diario - Bolivia","type":"rich","width":600,"height":338,"html":"<blockquote class=\"wp-embedded-content\" data-secret=\"p7r14sVRdY\"><a href=\"https:\/\/www.eldiario.net\/portal\/2024\/11\/24\/fascitis-plantar\/\">FASCITIS PLANTAR<\/a><\/blockquote><iframe sandbox=\"allow-scripts\" security=\"restricted\" src=\"https:\/\/www.eldiario.net\/portal\/2024\/11\/24\/fascitis-plantar\/embed\/#?secret=p7r14sVRdY\" width=\"600\" height=\"338\" title=\"\u00abFASCITIS PLANTAR\u00bb \u2014 El Diario - Bolivia\" data-secret=\"p7r14sVRdY\" frameborder=\"0\" marginwidth=\"0\" marginheight=\"0\" scrolling=\"no\" class=\"wp-embedded-content\"><\/iframe><script>\n\/*! This file is auto-generated *\/\n!function(d,l){\"use strict\";l.querySelector&&d.addEventListener&&\"undefined\"!=typeof URL&&(d.wp=d.wp||{},d.wp.receiveEmbedMessage||(d.wp.receiveEmbedMessage=function(e){var t=e.data;if((t||t.secret||t.message||t.value)&&!\/[^a-zA-Z0-9]\/.test(t.secret)){for(var s,r,n,a=l.querySelectorAll('iframe[data-secret=\"'+t.secret+'\"]'),o=l.querySelectorAll('blockquote[data-secret=\"'+t.secret+'\"]'),c=new RegExp(\"^https?:$\",\"i\"),i=0;i<o.length;i++)o[i].style.display=\"none\";for(i=0;i<a.length;i++)s=a[i],e.source===s.contentWindow&&(s.removeAttribute(\"style\"),\"height\"===t.message?(1e3<(r=parseInt(t.value,10))?r=1e3:~~r<200&&(r=200),s.height=r):\"link\"===t.message&&(r=new URL(s.getAttribute(\"src\")),n=new URL(t.value),c.test(n.protocol))&&n.host===r.host&&l.activeElement===s&&(d.top.location.href=t.value))}},d.addEventListener(\"message\",d.wp.receiveEmbedMessage,!1),l.addEventListener(\"DOMContentLoaded\",function(){for(var e,t,s=l.querySelectorAll(\"iframe.wp-embedded-content\"),r=0;r<s.length;r++)(t=(e=s[r]).getAttribute(\"data-secret\"))||(t=Math.random().toString(36).substring(2,12),e.src+=\"#?secret=\"+t,e.setAttribute(\"data-secret\",t)),e.contentWindow.postMessage({message:\"ready\",secret:t},\"*\")},!1)))}(window,document);\n\/\/# sourceURL=https:\/\/www.eldiario.net\/portal\/wp-includes\/js\/wp-embed.min.js\n<\/script>\n","thumbnail_url":"https:\/\/www.eldiario.net\/portal\/wp-content\/uploads\/2024\/11\/FASCITIS-PLANTAR-2_2.jpg","thumbnail_width":276,"thumbnail_height":183,"description":"Lic. Jaime Julio Ticona Pardo &#8211; Fisioterapeuta Kinesi\u00f3logo U.M.S.A. &#8211; Ref. 72556224 La fascitis plantar a menudo sino en la mayor\u00eda de los casos est\u00e1 asociada con el espol\u00f3n calc\u00e1neo en el tal\u00f3n, sin embargo, muchos pacientes asintom\u00e1ticos tienen espolones \u00f3seos del tal\u00f3n, mientras que muchos pacientes con fascitis plantar no presentan un espol\u00f3n. La [&hellip;]"}

Lic. Jaime Julio Ticona Pardo &#8211; Fisioterapeuta Kinesiólogo U.M.S.A. &#8211; Ref. 72556224 La fascitis plantar a menudo sino en la mayoría de los casos está asociada con el espolón calcáneo en el talón, sin embargo, muchos pacientes asintomáticos tienen espolones óseos del talón, mientras que muchos pacientes con fascitis plantar no presentan un espolón. La [&hellip;]
