{"version":"1.0","provider_name":"El Diario - Bolivia","provider_url":"https:\/\/www.eldiario.net\/portal","title":"Presentan proyecto de ley de \u201cemergencia s\u00edsmica\u201d - El Diario - Bolivia","type":"rich","width":600,"height":338,"html":"<blockquote class=\"wp-embedded-content\" data-secret=\"2HXJ71vVuf\"><a href=\"https:\/\/www.eldiario.net\/portal\/2024\/11\/22\/presentan-proyecto-de-ley-de-emergencia-sismica\/\">Presentan proyecto de ley de \u201cemergencia s\u00edsmica\u201d<\/a><\/blockquote><iframe sandbox=\"allow-scripts\" security=\"restricted\" src=\"https:\/\/www.eldiario.net\/portal\/2024\/11\/22\/presentan-proyecto-de-ley-de-emergencia-sismica\/embed\/#?secret=2HXJ71vVuf\" width=\"600\" height=\"338\" title=\"\u00abPresentan proyecto de ley de \u201cemergencia s\u00edsmica\u201d\u00bb \u2014 El Diario - Bolivia\" data-secret=\"2HXJ71vVuf\" frameborder=\"0\" marginwidth=\"0\" marginheight=\"0\" scrolling=\"no\" class=\"wp-embedded-content\"><\/iframe><script>\n\/*! This file is auto-generated *\/\n!function(d,l){\"use strict\";l.querySelector&&d.addEventListener&&\"undefined\"!=typeof URL&&(d.wp=d.wp||{},d.wp.receiveEmbedMessage||(d.wp.receiveEmbedMessage=function(e){var t=e.data;if((t||t.secret||t.message||t.value)&&!\/[^a-zA-Z0-9]\/.test(t.secret)){for(var s,r,n,a=l.querySelectorAll('iframe[data-secret=\"'+t.secret+'\"]'),o=l.querySelectorAll('blockquote[data-secret=\"'+t.secret+'\"]'),c=new RegExp(\"^https?:$\",\"i\"),i=0;i<o.length;i++)o[i].style.display=\"none\";for(i=0;i<a.length;i++)s=a[i],e.source===s.contentWindow&&(s.removeAttribute(\"style\"),\"height\"===t.message?(1e3<(r=parseInt(t.value,10))?r=1e3:~~r<200&&(r=200),s.height=r):\"link\"===t.message&&(r=new URL(s.getAttribute(\"src\")),n=new URL(t.value),c.test(n.protocol))&&n.host===r.host&&l.activeElement===s&&(d.top.location.href=t.value))}},d.addEventListener(\"message\",d.wp.receiveEmbedMessage,!1),l.addEventListener(\"DOMContentLoaded\",function(){for(var e,t,s=l.querySelectorAll(\"iframe.wp-embedded-content\"),r=0;r<s.length;r++)(t=(e=s[r]).getAttribute(\"data-secret\"))||(t=Math.random().toString(36).substring(2,12),e.src+=\"#?secret=\"+t,e.setAttribute(\"data-secret\",t)),e.contentWindow.postMessage({message:\"ready\",secret:t},\"*\")},!1)))}(window,document);\n\/\/# sourceURL=https:\/\/www.eldiario.net\/portal\/wp-includes\/js\/wp-embed.min.js\n<\/script>\n","thumbnail_url":"https:\/\/www.eldiario.net\/portal\/wp-content\/uploads\/2023\/12\/Politica.jpg","thumbnail_width":800,"thumbnail_height":500,"description":"A tiempo de asegurar que se debe trabajar con responsabilidad ante la posibilidad de un evento s\u00edsmico en el territorio nacional, el senador por Comunidad Ciudadana (CC), Santiago Ticona, anunci\u00f3 la presentaci\u00f3n del Proyecto de Ley \u201cde Emergencia S\u00edsmica\u201d en el que se plantea regular la preparaci\u00f3n, reacci\u00f3n y respuesta ante un fen\u00f3meno de estas [&hellip;]"}

Presentan proyecto de ley de “emergencia sísmica” - El Diario - Bolivia

<blockquote class="wp-embedded-content" data-secret="2HXJ71vVuf"><a href="https://www.eldiario.net/portal/2024/11/22/presentan-proyecto-de-ley-de-emergencia-sismica/">Presentan proyecto de ley de “emergencia sísmica”</a></blockquote><iframe sandbox="allow-scripts" security="restricted" src="https://www.eldiario.net/portal/2024/11/22/presentan-proyecto-de-ley-de-emergencia-sismica/embed/#?secret=2HXJ71vVuf" width="600" height="338" title="«Presentan proyecto de ley de “emergencia sísmica”» — El Diario - Bolivia" data-secret="2HXJ71vVuf" frameborder="0" marginwidth="0" marginheight="0" scrolling="no" class="wp-embedded-content"></iframe><script>
/*! This file is auto-generated */
!function(d,l){"use strict";l.querySelector&&d.addEventListener&&"undefined"!=typeof URL&&(d.wp=d.wp||{},d.wp.receiveEmbedMessage||(d.wp.receiveEmbedMessage=function(e){var t=e.data;if((t||t.secret||t.message||t.value)&&!/[^a-zA-Z0-9]/.test(t.secret)){for(var s,r,n,a=l.querySelectorAll('iframe[data-secret="'+t.secret+'"]'),o=l.querySelectorAll('blockquote[data-secret="'+t.secret+'"]'),c=new RegExp("^https?:$","i"),i=0;i<o.length;i++)o[i].style.display="none";for(i=0;i<a.length;i++)s=a[i],e.source===s.contentWindow&&(s.removeAttribute("style"),"height"===t.message?(1e3<(r=parseInt(t.value,10))?r=1e3:~~r<200&&(r=200),s.height=r):"link"===t.message&&(r=new URL(s.getAttribute("src")),n=new URL(t.value),c.test(n.protocol))&&n.host===r.host&&l.activeElement===s&&(d.top.location.href=t.value))}},d.addEventListener("message",d.wp.receiveEmbedMessage,!1),l.addEventListener("DOMContentLoaded",function(){for(var e,t,s=l.querySelectorAll("iframe.wp-embedded-content"),r=0;r<s.length;r++)(t=(e=s[r]).getAttribute("data-secret"))||(t=Math.random().toString(36).substring(2,12),e.src+="#?secret="+t,e.setAttribute("data-secret",t)),e.contentWindow.postMessage({message:"ready",secret:t},"*")},!1)))}(window,document);
//# sourceURL=https://www.eldiario.net/portal/wp-includes/js/wp-embed.min.js
</script>

A tiempo de asegurar que se debe trabajar con responsabilidad ante la posibilidad de un evento sísmico en el territorio nacional, el senador por Comunidad Ciudadana (CC), Santiago Ticona, anunció la presentación del Proyecto de Ley “de Emergencia Sísmica” en el que se plantea regular la preparación, reacción y respuesta ante un fenómeno de estas [&hellip;]
