{"version":"1.0","provider_name":"El Diario - Bolivia","provider_url":"https:\/\/www.eldiario.net\/portal","title":"C\u00e1mara Baja conforma comisiones y comit\u00e9s - El Diario - Bolivia","type":"rich","width":600,"height":338,"html":"<blockquote class=\"wp-embedded-content\" data-secret=\"GblLYEdnCb\"><a href=\"https:\/\/www.eldiario.net\/portal\/2024\/11\/22\/camara-baja-conforma-comisiones-y-comites\/\">C\u00e1mara Baja conforma  comisiones y comit\u00e9s<\/a><\/blockquote><iframe sandbox=\"allow-scripts\" security=\"restricted\" src=\"https:\/\/www.eldiario.net\/portal\/2024\/11\/22\/camara-baja-conforma-comisiones-y-comites\/embed\/#?secret=GblLYEdnCb\" width=\"600\" height=\"338\" title=\"\u00abC\u00e1mara Baja conforma  comisiones y comit\u00e9s\u00bb \u2014 El Diario - Bolivia\" data-secret=\"GblLYEdnCb\" frameborder=\"0\" marginwidth=\"0\" marginheight=\"0\" scrolling=\"no\" class=\"wp-embedded-content\"><\/iframe><script>\n\/*! This file is auto-generated *\/\n!function(d,l){\"use strict\";l.querySelector&&d.addEventListener&&\"undefined\"!=typeof URL&&(d.wp=d.wp||{},d.wp.receiveEmbedMessage||(d.wp.receiveEmbedMessage=function(e){var t=e.data;if((t||t.secret||t.message||t.value)&&!\/[^a-zA-Z0-9]\/.test(t.secret)){for(var s,r,n,a=l.querySelectorAll('iframe[data-secret=\"'+t.secret+'\"]'),o=l.querySelectorAll('blockquote[data-secret=\"'+t.secret+'\"]'),c=new RegExp(\"^https?:$\",\"i\"),i=0;i<o.length;i++)o[i].style.display=\"none\";for(i=0;i<a.length;i++)s=a[i],e.source===s.contentWindow&&(s.removeAttribute(\"style\"),\"height\"===t.message?(1e3<(r=parseInt(t.value,10))?r=1e3:~~r<200&&(r=200),s.height=r):\"link\"===t.message&&(r=new URL(s.getAttribute(\"src\")),n=new URL(t.value),c.test(n.protocol))&&n.host===r.host&&l.activeElement===s&&(d.top.location.href=t.value))}},d.addEventListener(\"message\",d.wp.receiveEmbedMessage,!1),l.addEventListener(\"DOMContentLoaded\",function(){for(var e,t,s=l.querySelectorAll(\"iframe.wp-embedded-content\"),r=0;r<s.length;r++)(t=(e=s[r]).getAttribute(\"data-secret\"))||(t=Math.random().toString(36).substring(2,12),e.src+=\"#?secret=\"+t,e.setAttribute(\"data-secret\",t)),e.contentWindow.postMessage({message:\"ready\",secret:t},\"*\")},!1)))}(window,document);\n\/\/# sourceURL=https:\/\/www.eldiario.net\/portal\/wp-includes\/js\/wp-embed.min.js\n<\/script>\n","thumbnail_url":"https:\/\/www.eldiario.net\/portal\/wp-content\/uploads\/2023\/12\/Politica.jpg","thumbnail_width":800,"thumbnail_height":500,"description":"Pese al intento de boicot promovido por el ala \u201cevista\u201d del Movimiento al Socialismo (MAS), el presidente de la C\u00e1mara de Diputados, Omar Yujra, inform\u00f3 que esta instancia logr\u00f3 aprobar las resoluciones para conformar comisiones y comit\u00e9s, en la primera sesi\u00f3n ordinaria de la legislatura 2024-2025. \u201cHan querido nuevamente boicotear la Asamblea Legislativa, pero no [&hellip;]"}

Cámara Baja conforma comisiones y comités - El Diario - Bolivia

<blockquote class="wp-embedded-content" data-secret="GblLYEdnCb"><a href="https://www.eldiario.net/portal/2024/11/22/camara-baja-conforma-comisiones-y-comites/">Cámara Baja conforma  comisiones y comités</a></blockquote><iframe sandbox="allow-scripts" security="restricted" src="https://www.eldiario.net/portal/2024/11/22/camara-baja-conforma-comisiones-y-comites/embed/#?secret=GblLYEdnCb" width="600" height="338" title="«Cámara Baja conforma  comisiones y comités» — El Diario - Bolivia" data-secret="GblLYEdnCb" frameborder="0" marginwidth="0" marginheight="0" scrolling="no" class="wp-embedded-content"></iframe><script>
/*! This file is auto-generated */
!function(d,l){"use strict";l.querySelector&&d.addEventListener&&"undefined"!=typeof URL&&(d.wp=d.wp||{},d.wp.receiveEmbedMessage||(d.wp.receiveEmbedMessage=function(e){var t=e.data;if((t||t.secret||t.message||t.value)&&!/[^a-zA-Z0-9]/.test(t.secret)){for(var s,r,n,a=l.querySelectorAll('iframe[data-secret="'+t.secret+'"]'),o=l.querySelectorAll('blockquote[data-secret="'+t.secret+'"]'),c=new RegExp("^https?:$","i"),i=0;i<o.length;i++)o[i].style.display="none";for(i=0;i<a.length;i++)s=a[i],e.source===s.contentWindow&&(s.removeAttribute("style"),"height"===t.message?(1e3<(r=parseInt(t.value,10))?r=1e3:~~r<200&&(r=200),s.height=r):"link"===t.message&&(r=new URL(s.getAttribute("src")),n=new URL(t.value),c.test(n.protocol))&&n.host===r.host&&l.activeElement===s&&(d.top.location.href=t.value))}},d.addEventListener("message",d.wp.receiveEmbedMessage,!1),l.addEventListener("DOMContentLoaded",function(){for(var e,t,s=l.querySelectorAll("iframe.wp-embedded-content"),r=0;r<s.length;r++)(t=(e=s[r]).getAttribute("data-secret"))||(t=Math.random().toString(36).substring(2,12),e.src+="#?secret="+t,e.setAttribute("data-secret",t)),e.contentWindow.postMessage({message:"ready",secret:t},"*")},!1)))}(window,document);
//# sourceURL=https://www.eldiario.net/portal/wp-includes/js/wp-embed.min.js
</script>

Pese al intento de boicot promovido por el ala “evista” del Movimiento al Socialismo (MAS), el presidente de la Cámara de Diputados, Omar Yujra, informó que esta instancia logró aprobar las resoluciones para conformar comisiones y comités, en la primera sesión ordinaria de la legislatura 2024-2025. “Han querido nuevamente boicotear la Asamblea Legislativa, pero no [&hellip;]
