{"version":"1.0","provider_name":"El Diario - Bolivia","provider_url":"https:\/\/www.eldiario.net\/portal","title":"\u00bfD\u00f3nde empez\u00f3 la crisis que vivimos hoy? - El Diario - Bolivia","type":"rich","width":600,"height":338,"html":"<blockquote class=\"wp-embedded-content\" data-secret=\"Ge4JiaYluf\"><a href=\"https:\/\/www.eldiario.net\/portal\/2024\/10\/30\/donde-empezo-la-crisis-que-vivimos-hoy\/\">\u00bfD\u00f3nde empez\u00f3 la crisis que vivimos hoy?<\/a><\/blockquote><iframe sandbox=\"allow-scripts\" security=\"restricted\" src=\"https:\/\/www.eldiario.net\/portal\/2024\/10\/30\/donde-empezo-la-crisis-que-vivimos-hoy\/embed\/#?secret=Ge4JiaYluf\" width=\"600\" height=\"338\" title=\"\u00ab\u00bfD\u00f3nde empez\u00f3 la crisis que vivimos hoy?\u00bb \u2014 El Diario - Bolivia\" data-secret=\"Ge4JiaYluf\" frameborder=\"0\" marginwidth=\"0\" marginheight=\"0\" scrolling=\"no\" class=\"wp-embedded-content\"><\/iframe><script>\n\/*! This file is auto-generated *\/\n!function(d,l){\"use strict\";l.querySelector&&d.addEventListener&&\"undefined\"!=typeof URL&&(d.wp=d.wp||{},d.wp.receiveEmbedMessage||(d.wp.receiveEmbedMessage=function(e){var t=e.data;if((t||t.secret||t.message||t.value)&&!\/[^a-zA-Z0-9]\/.test(t.secret)){for(var s,r,n,a=l.querySelectorAll('iframe[data-secret=\"'+t.secret+'\"]'),o=l.querySelectorAll('blockquote[data-secret=\"'+t.secret+'\"]'),c=new RegExp(\"^https?:$\",\"i\"),i=0;i<o.length;i++)o[i].style.display=\"none\";for(i=0;i<a.length;i++)s=a[i],e.source===s.contentWindow&&(s.removeAttribute(\"style\"),\"height\"===t.message?(1e3<(r=parseInt(t.value,10))?r=1e3:~~r<200&&(r=200),s.height=r):\"link\"===t.message&&(r=new URL(s.getAttribute(\"src\")),n=new URL(t.value),c.test(n.protocol))&&n.host===r.host&&l.activeElement===s&&(d.top.location.href=t.value))}},d.addEventListener(\"message\",d.wp.receiveEmbedMessage,!1),l.addEventListener(\"DOMContentLoaded\",function(){for(var e,t,s=l.querySelectorAll(\"iframe.wp-embedded-content\"),r=0;r<s.length;r++)(t=(e=s[r]).getAttribute(\"data-secret\"))||(t=Math.random().toString(36).substring(2,12),e.src+=\"#?secret=\"+t,e.setAttribute(\"data-secret\",t)),e.contentWindow.postMessage({message:\"ready\",secret:t},\"*\")},!1)))}(window,document);\n\/\/# sourceURL=https:\/\/www.eldiario.net\/portal\/wp-includes\/js\/wp-embed.min.js\n<\/script>\n","thumbnail_url":"https:\/\/www.eldiario.net\/portal\/wp-content\/uploads\/2023\/07\/Antonio-Saravia.jpg","thumbnail_width":1200,"thumbnail_height":628,"description":"El pa\u00eds est\u00e1 atravesando una crisis de proporciones. Nos estamos cayendo a pedazos. No hay combustible, la gente no tiene qu\u00e9 comer, los hospitales no tienen medicamentos, la dinamita explota en las carreteras, las empresas cierran, los j\u00f3venes se van\u2026 ha llegado nuestra mala hora. Lo ven\u00edamos advirtiendo hace mucho tiempo y solo recib\u00edamos insultos. [&hellip;]"}

¿Dónde empezó la crisis que vivimos hoy? - El Diario - Bolivia

<blockquote class="wp-embedded-content" data-secret="Ge4JiaYluf"><a href="https://www.eldiario.net/portal/2024/10/30/donde-empezo-la-crisis-que-vivimos-hoy/">¿Dónde empezó la crisis que vivimos hoy?</a></blockquote><iframe sandbox="allow-scripts" security="restricted" src="https://www.eldiario.net/portal/2024/10/30/donde-empezo-la-crisis-que-vivimos-hoy/embed/#?secret=Ge4JiaYluf" width="600" height="338" title="«¿Dónde empezó la crisis que vivimos hoy?» — El Diario - Bolivia" data-secret="Ge4JiaYluf" frameborder="0" marginwidth="0" marginheight="0" scrolling="no" class="wp-embedded-content"></iframe><script>
/*! This file is auto-generated */
!function(d,l){"use strict";l.querySelector&&d.addEventListener&&"undefined"!=typeof URL&&(d.wp=d.wp||{},d.wp.receiveEmbedMessage||(d.wp.receiveEmbedMessage=function(e){var t=e.data;if((t||t.secret||t.message||t.value)&&!/[^a-zA-Z0-9]/.test(t.secret)){for(var s,r,n,a=l.querySelectorAll('iframe[data-secret="'+t.secret+'"]'),o=l.querySelectorAll('blockquote[data-secret="'+t.secret+'"]'),c=new RegExp("^https?:$","i"),i=0;i<o.length;i++)o[i].style.display="none";for(i=0;i<a.length;i++)s=a[i],e.source===s.contentWindow&&(s.removeAttribute("style"),"height"===t.message?(1e3<(r=parseInt(t.value,10))?r=1e3:~~r<200&&(r=200),s.height=r):"link"===t.message&&(r=new URL(s.getAttribute("src")),n=new URL(t.value),c.test(n.protocol))&&n.host===r.host&&l.activeElement===s&&(d.top.location.href=t.value))}},d.addEventListener("message",d.wp.receiveEmbedMessage,!1),l.addEventListener("DOMContentLoaded",function(){for(var e,t,s=l.querySelectorAll("iframe.wp-embedded-content"),r=0;r<s.length;r++)(t=(e=s[r]).getAttribute("data-secret"))||(t=Math.random().toString(36).substring(2,12),e.src+="#?secret="+t,e.setAttribute("data-secret",t)),e.contentWindow.postMessage({message:"ready",secret:t},"*")},!1)))}(window,document);
//# sourceURL=https://www.eldiario.net/portal/wp-includes/js/wp-embed.min.js
</script>

El país está atravesando una crisis de proporciones. Nos estamos cayendo a pedazos. No hay combustible, la gente no tiene qué comer, los hospitales no tienen medicamentos, la dinamita explota en las carreteras, las empresas cierran, los jóvenes se van… ha llegado nuestra mala hora. Lo veníamos advirtiendo hace mucho tiempo y solo recibíamos insultos. [&hellip;]
