{"version":"1.0","provider_name":"El Diario - Bolivia","provider_url":"https:\/\/www.eldiario.net\/portal","title":"Una marcada indiferencia - El Diario - Bolivia","type":"rich","width":600,"height":338,"html":"<blockquote class=\"wp-embedded-content\" data-secret=\"SMrhC1akJC\"><a href=\"https:\/\/www.eldiario.net\/portal\/2024\/10\/28\/una-marcada-indiferencia\/\">Una marcada indiferencia<\/a><\/blockquote><iframe sandbox=\"allow-scripts\" security=\"restricted\" src=\"https:\/\/www.eldiario.net\/portal\/2024\/10\/28\/una-marcada-indiferencia\/embed\/#?secret=SMrhC1akJC\" width=\"600\" height=\"338\" title=\"\u00abUna marcada indiferencia\u00bb \u2014 El Diario - Bolivia\" data-secret=\"SMrhC1akJC\" frameborder=\"0\" marginwidth=\"0\" marginheight=\"0\" scrolling=\"no\" class=\"wp-embedded-content\"><\/iframe><script>\n\/*! This file is auto-generated *\/\n!function(d,l){\"use strict\";l.querySelector&&d.addEventListener&&\"undefined\"!=typeof URL&&(d.wp=d.wp||{},d.wp.receiveEmbedMessage||(d.wp.receiveEmbedMessage=function(e){var t=e.data;if((t||t.secret||t.message||t.value)&&!\/[^a-zA-Z0-9]\/.test(t.secret)){for(var s,r,n,a=l.querySelectorAll('iframe[data-secret=\"'+t.secret+'\"]'),o=l.querySelectorAll('blockquote[data-secret=\"'+t.secret+'\"]'),c=new RegExp(\"^https?:$\",\"i\"),i=0;i<o.length;i++)o[i].style.display=\"none\";for(i=0;i<a.length;i++)s=a[i],e.source===s.contentWindow&&(s.removeAttribute(\"style\"),\"height\"===t.message?(1e3<(r=parseInt(t.value,10))?r=1e3:~~r<200&&(r=200),s.height=r):\"link\"===t.message&&(r=new URL(s.getAttribute(\"src\")),n=new URL(t.value),c.test(n.protocol))&&n.host===r.host&&l.activeElement===s&&(d.top.location.href=t.value))}},d.addEventListener(\"message\",d.wp.receiveEmbedMessage,!1),l.addEventListener(\"DOMContentLoaded\",function(){for(var e,t,s=l.querySelectorAll(\"iframe.wp-embedded-content\"),r=0;r<s.length;r++)(t=(e=s[r]).getAttribute(\"data-secret\"))||(t=Math.random().toString(36).substring(2,12),e.src+=\"#?secret=\"+t,e.setAttribute(\"data-secret\",t)),e.contentWindow.postMessage({message:\"ready\",secret:t},\"*\")},!1)))}(window,document);\n\/\/# sourceURL=https:\/\/www.eldiario.net\/portal\/wp-includes\/js\/wp-embed.min.js\n<\/script>\n","thumbnail_url":"https:\/\/www.eldiario.net\/portal\/wp-content\/uploads\/2023\/06\/Severo-Cruz-1.jpg","thumbnail_width":1200,"thumbnail_height":628,"description":"Hay una marcada indiferencia con Bolivia, que est\u00e1 en riesgo de caer, por la crisis econ\u00f3mica, pol\u00edtica y social, al precipicio. Quienes medraron a t\u00edtulo de ella, en \u00e9pocas inclusive del \u201cmilagro boliviano\u201d, ahora se hacen de la \u201cvista gorda\u201d. Le \u201cechan le\u00f1a al fuego\u201d, buscando salir con las suyas. Tratan de vender humo, con [&hellip;]"}

Hay una marcada indiferencia con Bolivia, que está en riesgo de caer, por la crisis económica, política y social, al precipicio. Quienes medraron a título de ella, en épocas inclusive del “milagro boliviano”, ahora se hacen de la “vista gorda”. Le “echan leña al fuego”, buscando salir con las suyas. Tratan de vender humo, con [&hellip;]
