{"version":"1.0","provider_name":"El Diario - Bolivia","provider_url":"https:\/\/www.eldiario.net\/portal","title":"Exigen cesar toda obra relacionada con ciclov\u00eda - El Diario - Bolivia","type":"rich","width":600,"height":338,"html":"<blockquote class=\"wp-embedded-content\" data-secret=\"ox7pZo9Wv3\"><a href=\"https:\/\/www.eldiario.net\/portal\/2024\/10\/09\/exigen-cesar-toda-obra-relacionada-con-ciclovia\/\">Exigen cesar toda obra  relacionada con ciclov\u00eda<\/a><\/blockquote><iframe sandbox=\"allow-scripts\" security=\"restricted\" src=\"https:\/\/www.eldiario.net\/portal\/2024\/10\/09\/exigen-cesar-toda-obra-relacionada-con-ciclovia\/embed\/#?secret=ox7pZo9Wv3\" width=\"600\" height=\"338\" title=\"\u00abExigen cesar toda obra  relacionada con ciclov\u00eda\u00bb \u2014 El Diario - Bolivia\" data-secret=\"ox7pZo9Wv3\" frameborder=\"0\" marginwidth=\"0\" marginheight=\"0\" scrolling=\"no\" class=\"wp-embedded-content\"><\/iframe><script>\n\/*! This file is auto-generated *\/\n!function(d,l){\"use strict\";l.querySelector&&d.addEventListener&&\"undefined\"!=typeof URL&&(d.wp=d.wp||{},d.wp.receiveEmbedMessage||(d.wp.receiveEmbedMessage=function(e){var t=e.data;if((t||t.secret||t.message||t.value)&&!\/[^a-zA-Z0-9]\/.test(t.secret)){for(var s,r,n,a=l.querySelectorAll('iframe[data-secret=\"'+t.secret+'\"]'),o=l.querySelectorAll('blockquote[data-secret=\"'+t.secret+'\"]'),c=new RegExp(\"^https?:$\",\"i\"),i=0;i<o.length;i++)o[i].style.display=\"none\";for(i=0;i<a.length;i++)s=a[i],e.source===s.contentWindow&&(s.removeAttribute(\"style\"),\"height\"===t.message?(1e3<(r=parseInt(t.value,10))?r=1e3:~~r<200&&(r=200),s.height=r):\"link\"===t.message&&(r=new URL(s.getAttribute(\"src\")),n=new URL(t.value),c.test(n.protocol))&&n.host===r.host&&l.activeElement===s&&(d.top.location.href=t.value))}},d.addEventListener(\"message\",d.wp.receiveEmbedMessage,!1),l.addEventListener(\"DOMContentLoaded\",function(){for(var e,t,s=l.querySelectorAll(\"iframe.wp-embedded-content\"),r=0;r<s.length;r++)(t=(e=s[r]).getAttribute(\"data-secret\"))||(t=Math.random().toString(36).substring(2,12),e.src+=\"#?secret=\"+t,e.setAttribute(\"data-secret\",t)),e.contentWindow.postMessage({message:\"ready\",secret:t},\"*\")},!1)))}(window,document);\n\/\/# sourceURL=https:\/\/www.eldiario.net\/portal\/wp-includes\/js\/wp-embed.min.js\n<\/script>\n","thumbnail_url":"https:\/\/www.eldiario.net\/portal\/wp-content\/uploads\/2024\/10\/F-1-audiencia.jpg","thumbnail_width":1600,"thumbnail_height":1200,"description":"Luego de horas en audiencia p\u00fablica convocada por el diputado de Comunidad Ciudadana (CC), Alejandro Reyes, para tratar el tema de la ciclov\u00eda ubicada en la zona Sur de la ciudad de La Paz, se redact\u00f3 un voto resolutivo cuyo principal pedido es cesar toda obra relacionada con esa v\u00eda y levantar los elementos, como [&hellip;]"}

Exigen cesar toda obra relacionada con ciclovía - El Diario - Bolivia

<blockquote class="wp-embedded-content" data-secret="ox7pZo9Wv3"><a href="https://www.eldiario.net/portal/2024/10/09/exigen-cesar-toda-obra-relacionada-con-ciclovia/">Exigen cesar toda obra  relacionada con ciclovía</a></blockquote><iframe sandbox="allow-scripts" security="restricted" src="https://www.eldiario.net/portal/2024/10/09/exigen-cesar-toda-obra-relacionada-con-ciclovia/embed/#?secret=ox7pZo9Wv3" width="600" height="338" title="«Exigen cesar toda obra  relacionada con ciclovía» — El Diario - Bolivia" data-secret="ox7pZo9Wv3" frameborder="0" marginwidth="0" marginheight="0" scrolling="no" class="wp-embedded-content"></iframe><script>
/*! This file is auto-generated */
!function(d,l){"use strict";l.querySelector&&d.addEventListener&&"undefined"!=typeof URL&&(d.wp=d.wp||{},d.wp.receiveEmbedMessage||(d.wp.receiveEmbedMessage=function(e){var t=e.data;if((t||t.secret||t.message||t.value)&&!/[^a-zA-Z0-9]/.test(t.secret)){for(var s,r,n,a=l.querySelectorAll('iframe[data-secret="'+t.secret+'"]'),o=l.querySelectorAll('blockquote[data-secret="'+t.secret+'"]'),c=new RegExp("^https?:$","i"),i=0;i<o.length;i++)o[i].style.display="none";for(i=0;i<a.length;i++)s=a[i],e.source===s.contentWindow&&(s.removeAttribute("style"),"height"===t.message?(1e3<(r=parseInt(t.value,10))?r=1e3:~~r<200&&(r=200),s.height=r):"link"===t.message&&(r=new URL(s.getAttribute("src")),n=new URL(t.value),c.test(n.protocol))&&n.host===r.host&&l.activeElement===s&&(d.top.location.href=t.value))}},d.addEventListener("message",d.wp.receiveEmbedMessage,!1),l.addEventListener("DOMContentLoaded",function(){for(var e,t,s=l.querySelectorAll("iframe.wp-embedded-content"),r=0;r<s.length;r++)(t=(e=s[r]).getAttribute("data-secret"))||(t=Math.random().toString(36).substring(2,12),e.src+="#?secret="+t,e.setAttribute("data-secret",t)),e.contentWindow.postMessage({message:"ready",secret:t},"*")},!1)))}(window,document);
//# sourceURL=https://www.eldiario.net/portal/wp-includes/js/wp-embed.min.js
</script>

Luego de horas en audiencia pública convocada por el diputado de Comunidad Ciudadana (CC), Alejandro Reyes, para tratar el tema de la ciclovía ubicada en la zona Sur de la ciudad de La Paz, se redactó un voto resolutivo cuyo principal pedido es cesar toda obra relacionada con esa vía y levantar los elementos, como [&hellip;]
