{"version":"1.0","provider_name":"El Diario - Bolivia","provider_url":"https:\/\/www.eldiario.net\/portal","title":"Efectos del Poder - El Diario - Bolivia","type":"rich","width":600,"height":338,"html":"<blockquote class=\"wp-embedded-content\" data-secret=\"AfmG6yH6cl\"><a href=\"https:\/\/www.eldiario.net\/portal\/2024\/09\/23\/efectos-del-poder\/\">Efectos del Poder<\/a><\/blockquote><iframe sandbox=\"allow-scripts\" security=\"restricted\" src=\"https:\/\/www.eldiario.net\/portal\/2024\/09\/23\/efectos-del-poder\/embed\/#?secret=AfmG6yH6cl\" width=\"600\" height=\"338\" title=\"\u00abEfectos del Poder\u00bb \u2014 El Diario - Bolivia\" data-secret=\"AfmG6yH6cl\" frameborder=\"0\" marginwidth=\"0\" marginheight=\"0\" scrolling=\"no\" class=\"wp-embedded-content\"><\/iframe><script>\n\/*! This file is auto-generated *\/\n!function(d,l){\"use strict\";l.querySelector&&d.addEventListener&&\"undefined\"!=typeof URL&&(d.wp=d.wp||{},d.wp.receiveEmbedMessage||(d.wp.receiveEmbedMessage=function(e){var t=e.data;if((t||t.secret||t.message||t.value)&&!\/[^a-zA-Z0-9]\/.test(t.secret)){for(var s,r,n,a=l.querySelectorAll('iframe[data-secret=\"'+t.secret+'\"]'),o=l.querySelectorAll('blockquote[data-secret=\"'+t.secret+'\"]'),c=new RegExp(\"^https?:$\",\"i\"),i=0;i<o.length;i++)o[i].style.display=\"none\";for(i=0;i<a.length;i++)s=a[i],e.source===s.contentWindow&&(s.removeAttribute(\"style\"),\"height\"===t.message?(1e3<(r=parseInt(t.value,10))?r=1e3:~~r<200&&(r=200),s.height=r):\"link\"===t.message&&(r=new URL(s.getAttribute(\"src\")),n=new URL(t.value),c.test(n.protocol))&&n.host===r.host&&l.activeElement===s&&(d.top.location.href=t.value))}},d.addEventListener(\"message\",d.wp.receiveEmbedMessage,!1),l.addEventListener(\"DOMContentLoaded\",function(){for(var e,t,s=l.querySelectorAll(\"iframe.wp-embedded-content\"),r=0;r<s.length;r++)(t=(e=s[r]).getAttribute(\"data-secret\"))||(t=Math.random().toString(36).substring(2,12),e.src+=\"#?secret=\"+t,e.setAttribute(\"data-secret\",t)),e.contentWindow.postMessage({message:\"ready\",secret:t},\"*\")},!1)))}(window,document);\n\/\/# sourceURL=https:\/\/www.eldiario.net\/portal\/wp-includes\/js\/wp-embed.min.js\n<\/script>\n","thumbnail_url":"https:\/\/www.eldiario.net\/portal\/wp-content\/uploads\/2023\/06\/Severo-Cruz-1.jpg","thumbnail_width":1200,"thumbnail_height":628,"description":"Quienes detentaron el Poder, bajo el influjo de cierta ideolog\u00eda, incurrieron en desprop\u00f3sitos inconcebibles. Lo utilizaron para destruir la imagen y trayectoria de quienes pensaban diferente. Abrieron las c\u00e1rceles para encerrarlos. Hechos que se han registrado, como es de conocimiento p\u00fablico, en democracia, recuperada con sacrificio en 1982. Fueron recurrentes tales actos. Quiz\u00e1 se repitan [&hellip;]"}

Quienes detentaron el Poder, bajo el influjo de cierta ideología, incurrieron en despropósitos inconcebibles. Lo utilizaron para destruir la imagen y trayectoria de quienes pensaban diferente. Abrieron las cárceles para encerrarlos. Hechos que se han registrado, como es de conocimiento público, en democracia, recuperada con sacrificio en 1982. Fueron recurrentes tales actos. Quizá se repitan [&hellip;]
