{"version":"1.0","provider_name":"El Diario - Bolivia","provider_url":"https:\/\/www.eldiario.net\/portal","title":"Recorte presupuestario - El Diario - Bolivia","type":"rich","width":600,"height":338,"html":"<blockquote class=\"wp-embedded-content\" data-secret=\"LysC8LZryy\"><a href=\"https:\/\/www.eldiario.net\/portal\/2024\/09\/20\/recorte-presupuestario\/\">Recorte presupuestario<\/a><\/blockquote><iframe sandbox=\"allow-scripts\" security=\"restricted\" src=\"https:\/\/www.eldiario.net\/portal\/2024\/09\/20\/recorte-presupuestario\/embed\/#?secret=LysC8LZryy\" width=\"600\" height=\"338\" title=\"\u00abRecorte presupuestario\u00bb \u2014 El Diario - Bolivia\" data-secret=\"LysC8LZryy\" frameborder=\"0\" marginwidth=\"0\" marginheight=\"0\" scrolling=\"no\" class=\"wp-embedded-content\"><\/iframe><script>\n\/*! This file is auto-generated *\/\n!function(d,l){\"use strict\";l.querySelector&&d.addEventListener&&\"undefined\"!=typeof URL&&(d.wp=d.wp||{},d.wp.receiveEmbedMessage||(d.wp.receiveEmbedMessage=function(e){var t=e.data;if((t||t.secret||t.message||t.value)&&!\/[^a-zA-Z0-9]\/.test(t.secret)){for(var s,r,n,a=l.querySelectorAll('iframe[data-secret=\"'+t.secret+'\"]'),o=l.querySelectorAll('blockquote[data-secret=\"'+t.secret+'\"]'),c=new RegExp(\"^https?:$\",\"i\"),i=0;i<o.length;i++)o[i].style.display=\"none\";for(i=0;i<a.length;i++)s=a[i],e.source===s.contentWindow&&(s.removeAttribute(\"style\"),\"height\"===t.message?(1e3<(r=parseInt(t.value,10))?r=1e3:~~r<200&&(r=200),s.height=r):\"link\"===t.message&&(r=new URL(s.getAttribute(\"src\")),n=new URL(t.value),c.test(n.protocol))&&n.host===r.host&&l.activeElement===s&&(d.top.location.href=t.value))}},d.addEventListener(\"message\",d.wp.receiveEmbedMessage,!1),l.addEventListener(\"DOMContentLoaded\",function(){for(var e,t,s=l.querySelectorAll(\"iframe.wp-embedded-content\"),r=0;r<s.length;r++)(t=(e=s[r]).getAttribute(\"data-secret\"))||(t=Math.random().toString(36).substring(2,12),e.src+=\"#?secret=\"+t,e.setAttribute(\"data-secret\",t)),e.contentWindow.postMessage({message:\"ready\",secret:t},\"*\")},!1)))}(window,document);\n\/\/# sourceURL=https:\/\/www.eldiario.net\/portal\/wp-includes\/js\/wp-embed.min.js\n<\/script>\n","thumbnail_url":"https:\/\/www.eldiario.net\/portal\/wp-content\/uploads\/2023\/06\/Luis-Alberto-Callapino-Lopez.jpg","thumbnail_width":1200,"thumbnail_height":628,"description":"El reporte de datos del primer conteo de poblaci\u00f3n del Censo 2024, publicado por el Instituto Nacional de Estad\u00edstica (INE), el 29 de agosto del a\u00f1o en curso, tuvo como causa inmediata la remisi\u00f3n del Techo Presupuestario \u2013 Gesti\u00f3n 2025, a los Gobiernos Municipales, por parte del Ministerio de Econom\u00eda y Finanzas P\u00fablicas. La remisi\u00f3n [&hellip;]"}

El reporte de datos del primer conteo de población del Censo 2024, publicado por el Instituto Nacional de Estadística (INE), el 29 de agosto del año en curso, tuvo como causa inmediata la remisión del Techo Presupuestario – Gestión 2025, a los Gobiernos Municipales, por parte del Ministerio de Economía y Finanzas Públicas. La remisión [&hellip;]
