{"version":"1.0","provider_name":"El Diario - Bolivia","provider_url":"https:\/\/www.eldiario.net\/portal","title":"La peligrosa vigencia del populismo - El Diario - Bolivia","type":"rich","width":600,"height":338,"html":"<blockquote class=\"wp-embedded-content\" data-secret=\"3iFH6SXFLx\"><a href=\"https:\/\/www.eldiario.net\/portal\/2024\/09\/18\/la-peligrosa-vigencia-del-populismo\/\">La peligrosa vigencia del populismo<\/a><\/blockquote><iframe sandbox=\"allow-scripts\" security=\"restricted\" src=\"https:\/\/www.eldiario.net\/portal\/2024\/09\/18\/la-peligrosa-vigencia-del-populismo\/embed\/#?secret=3iFH6SXFLx\" width=\"600\" height=\"338\" title=\"\u00abLa peligrosa vigencia del populismo\u00bb \u2014 El Diario - Bolivia\" data-secret=\"3iFH6SXFLx\" frameborder=\"0\" marginwidth=\"0\" marginheight=\"0\" scrolling=\"no\" class=\"wp-embedded-content\"><\/iframe><script>\n\/*! This file is auto-generated *\/\n!function(d,l){\"use strict\";l.querySelector&&d.addEventListener&&\"undefined\"!=typeof URL&&(d.wp=d.wp||{},d.wp.receiveEmbedMessage||(d.wp.receiveEmbedMessage=function(e){var t=e.data;if((t||t.secret||t.message||t.value)&&!\/[^a-zA-Z0-9]\/.test(t.secret)){for(var s,r,n,a=l.querySelectorAll('iframe[data-secret=\"'+t.secret+'\"]'),o=l.querySelectorAll('blockquote[data-secret=\"'+t.secret+'\"]'),c=new RegExp(\"^https?:$\",\"i\"),i=0;i<o.length;i++)o[i].style.display=\"none\";for(i=0;i<a.length;i++)s=a[i],e.source===s.contentWindow&&(s.removeAttribute(\"style\"),\"height\"===t.message?(1e3<(r=parseInt(t.value,10))?r=1e3:~~r<200&&(r=200),s.height=r):\"link\"===t.message&&(r=new URL(s.getAttribute(\"src\")),n=new URL(t.value),c.test(n.protocol))&&n.host===r.host&&l.activeElement===s&&(d.top.location.href=t.value))}},d.addEventListener(\"message\",d.wp.receiveEmbedMessage,!1),l.addEventListener(\"DOMContentLoaded\",function(){for(var e,t,s=l.querySelectorAll(\"iframe.wp-embedded-content\"),r=0;r<s.length;r++)(t=(e=s[r]).getAttribute(\"data-secret\"))||(t=Math.random().toString(36).substring(2,12),e.src+=\"#?secret=\"+t,e.setAttribute(\"data-secret\",t)),e.contentWindow.postMessage({message:\"ready\",secret:t},\"*\")},!1)))}(window,document);\n\/\/# sourceURL=https:\/\/www.eldiario.net\/portal\/wp-includes\/js\/wp-embed.min.js\n<\/script>\n","thumbnail_url":"https:\/\/www.eldiario.net\/portal\/wp-content\/uploads\/2023\/11\/Ronald-Nostas-Ardaya.jpg","thumbnail_width":1200,"thumbnail_height":628,"description":"La situaci\u00f3n de profunda crisis que vive nuestro pa\u00eds, admitida recientemente por el Presidente del Estado, adem\u00e1s de reflejar el fracaso del modelo econ\u00f3mico vigente, es el resultado de la imposici\u00f3n del populismo, una estrategia de gesti\u00f3n del poder que ha producido graves da\u00f1os en nuestra institucionalidad. El populismo no puede considerarse una ideolog\u00eda, es [&hellip;]"}

La situación de profunda crisis que vive nuestro país, admitida recientemente por el Presidente del Estado, además de reflejar el fracaso del modelo económico vigente, es el resultado de la imposición del populismo, una estrategia de gestión del poder que ha producido graves daños en nuestra institucionalidad. El populismo no puede considerarse una ideología, es [&hellip;]
