{"version":"1.0","provider_name":"El Diario - Bolivia","provider_url":"https:\/\/www.eldiario.net\/portal","title":"M\u00ed Telef\u00e9rico figura entre las empresas deficitarias - El Diario - Bolivia","type":"rich","width":600,"height":338,"html":"<blockquote class=\"wp-embedded-content\" data-secret=\"QIfNGh4AWy\"><a href=\"https:\/\/www.eldiario.net\/portal\/2024\/09\/10\/mi-teleferico-figura-entre-las-empresas-deficitarias\/\">M\u00ed Telef\u00e9rico figura entre  las empresas deficitarias<\/a><\/blockquote><iframe sandbox=\"allow-scripts\" security=\"restricted\" src=\"https:\/\/www.eldiario.net\/portal\/2024\/09\/10\/mi-teleferico-figura-entre-las-empresas-deficitarias\/embed\/#?secret=QIfNGh4AWy\" width=\"600\" height=\"338\" title=\"\u00abM\u00ed Telef\u00e9rico figura entre  las empresas deficitarias\u00bb \u2014 El Diario - Bolivia\" data-secret=\"QIfNGh4AWy\" frameborder=\"0\" marginwidth=\"0\" marginheight=\"0\" scrolling=\"no\" class=\"wp-embedded-content\"><\/iframe><script>\n\/*! This file is auto-generated *\/\n!function(d,l){\"use strict\";l.querySelector&&d.addEventListener&&\"undefined\"!=typeof URL&&(d.wp=d.wp||{},d.wp.receiveEmbedMessage||(d.wp.receiveEmbedMessage=function(e){var t=e.data;if((t||t.secret||t.message||t.value)&&!\/[^a-zA-Z0-9]\/.test(t.secret)){for(var s,r,n,a=l.querySelectorAll('iframe[data-secret=\"'+t.secret+'\"]'),o=l.querySelectorAll('blockquote[data-secret=\"'+t.secret+'\"]'),c=new RegExp(\"^https?:$\",\"i\"),i=0;i<o.length;i++)o[i].style.display=\"none\";for(i=0;i<a.length;i++)s=a[i],e.source===s.contentWindow&&(s.removeAttribute(\"style\"),\"height\"===t.message?(1e3<(r=parseInt(t.value,10))?r=1e3:~~r<200&&(r=200),s.height=r):\"link\"===t.message&&(r=new URL(s.getAttribute(\"src\")),n=new URL(t.value),c.test(n.protocol))&&n.host===r.host&&l.activeElement===s&&(d.top.location.href=t.value))}},d.addEventListener(\"message\",d.wp.receiveEmbedMessage,!1),l.addEventListener(\"DOMContentLoaded\",function(){for(var e,t,s=l.querySelectorAll(\"iframe.wp-embedded-content\"),r=0;r<s.length;r++)(t=(e=s[r]).getAttribute(\"data-secret\"))||(t=Math.random().toString(36).substring(2,12),e.src+=\"#?secret=\"+t,e.setAttribute(\"data-secret\",t)),e.contentWindow.postMessage({message:\"ready\",secret:t},\"*\")},!1)))}(window,document);\n\/\/# sourceURL=https:\/\/www.eldiario.net\/portal\/wp-includes\/js\/wp-embed.min.js\n<\/script>\n","thumbnail_url":"https:\/\/www.eldiario.net\/portal\/wp-content\/uploads\/2024\/09\/TELEFERICO-FOTO.jpg","thumbnail_width":700,"thumbnail_height":450,"description":"En el marco de una investigaci\u00f3n realizada desde el \u00d3rgano Legislativo, el diputado por Comunidad Ciudadana, Aldo Terrazas, afirm\u00f3 que de las 53 empresas creadas por el gobierno de Evo Morales, 14 registran saldos negativos cada a\u00f1o, de las cuales la empresa Mi Telef\u00e9rico \u201cse lleva la flor\u201d en p\u00e9rdidas anuales en el orden de [&hellip;]"}

Mí Teleférico figura entre las empresas deficitarias - El Diario - Bolivia

<blockquote class="wp-embedded-content" data-secret="QIfNGh4AWy"><a href="https://www.eldiario.net/portal/2024/09/10/mi-teleferico-figura-entre-las-empresas-deficitarias/">Mí Teleférico figura entre  las empresas deficitarias</a></blockquote><iframe sandbox="allow-scripts" security="restricted" src="https://www.eldiario.net/portal/2024/09/10/mi-teleferico-figura-entre-las-empresas-deficitarias/embed/#?secret=QIfNGh4AWy" width="600" height="338" title="«Mí Teleférico figura entre  las empresas deficitarias» — El Diario - Bolivia" data-secret="QIfNGh4AWy" frameborder="0" marginwidth="0" marginheight="0" scrolling="no" class="wp-embedded-content"></iframe><script>
/*! This file is auto-generated */
!function(d,l){"use strict";l.querySelector&&d.addEventListener&&"undefined"!=typeof URL&&(d.wp=d.wp||{},d.wp.receiveEmbedMessage||(d.wp.receiveEmbedMessage=function(e){var t=e.data;if((t||t.secret||t.message||t.value)&&!/[^a-zA-Z0-9]/.test(t.secret)){for(var s,r,n,a=l.querySelectorAll('iframe[data-secret="'+t.secret+'"]'),o=l.querySelectorAll('blockquote[data-secret="'+t.secret+'"]'),c=new RegExp("^https?:$","i"),i=0;i<o.length;i++)o[i].style.display="none";for(i=0;i<a.length;i++)s=a[i],e.source===s.contentWindow&&(s.removeAttribute("style"),"height"===t.message?(1e3<(r=parseInt(t.value,10))?r=1e3:~~r<200&&(r=200),s.height=r):"link"===t.message&&(r=new URL(s.getAttribute("src")),n=new URL(t.value),c.test(n.protocol))&&n.host===r.host&&l.activeElement===s&&(d.top.location.href=t.value))}},d.addEventListener("message",d.wp.receiveEmbedMessage,!1),l.addEventListener("DOMContentLoaded",function(){for(var e,t,s=l.querySelectorAll("iframe.wp-embedded-content"),r=0;r<s.length;r++)(t=(e=s[r]).getAttribute("data-secret"))||(t=Math.random().toString(36).substring(2,12),e.src+="#?secret="+t,e.setAttribute("data-secret",t)),e.contentWindow.postMessage({message:"ready",secret:t},"*")},!1)))}(window,document);
//# sourceURL=https://www.eldiario.net/portal/wp-includes/js/wp-embed.min.js
</script>

En el marco de una investigación realizada desde el Órgano Legislativo, el diputado por Comunidad Ciudadana, Aldo Terrazas, afirmó que de las 53 empresas creadas por el gobierno de Evo Morales, 14 registran saldos negativos cada año, de las cuales la empresa Mi Teleférico “se lleva la flor” en pérdidas anuales en el orden de [&hellip;]
