{"version":"1.0","provider_name":"El Diario - Bolivia","provider_url":"https:\/\/www.eldiario.net\/portal","title":"Ampl\u00edan atenci\u00f3n en paso fronterizo con Paraguay - El Diario - Bolivia","type":"rich","width":600,"height":338,"html":"<blockquote class=\"wp-embedded-content\" data-secret=\"19XpeWUOBf\"><a href=\"https:\/\/www.eldiario.net\/portal\/2024\/07\/30\/amplian-atencion-en-paso-fronterizo-con-paraguay\/\">Ampl\u00edan atenci\u00f3n en paso  fronterizo con Paraguay<\/a><\/blockquote><iframe sandbox=\"allow-scripts\" security=\"restricted\" src=\"https:\/\/www.eldiario.net\/portal\/2024\/07\/30\/amplian-atencion-en-paso-fronterizo-con-paraguay\/embed\/#?secret=19XpeWUOBf\" width=\"600\" height=\"338\" title=\"\u00abAmpl\u00edan atenci\u00f3n en paso  fronterizo con Paraguay\u00bb \u2014 El Diario - Bolivia\" data-secret=\"19XpeWUOBf\" frameborder=\"0\" marginwidth=\"0\" marginheight=\"0\" scrolling=\"no\" class=\"wp-embedded-content\"><\/iframe><script>\n\/*! This file is auto-generated *\/\n!function(d,l){\"use strict\";l.querySelector&&d.addEventListener&&\"undefined\"!=typeof URL&&(d.wp=d.wp||{},d.wp.receiveEmbedMessage||(d.wp.receiveEmbedMessage=function(e){var t=e.data;if((t||t.secret||t.message||t.value)&&!\/[^a-zA-Z0-9]\/.test(t.secret)){for(var s,r,n,a=l.querySelectorAll('iframe[data-secret=\"'+t.secret+'\"]'),o=l.querySelectorAll('blockquote[data-secret=\"'+t.secret+'\"]'),c=new RegExp(\"^https?:$\",\"i\"),i=0;i<o.length;i++)o[i].style.display=\"none\";for(i=0;i<a.length;i++)s=a[i],e.source===s.contentWindow&&(s.removeAttribute(\"style\"),\"height\"===t.message?(1e3<(r=parseInt(t.value,10))?r=1e3:~~r<200&&(r=200),s.height=r):\"link\"===t.message&&(r=new URL(s.getAttribute(\"src\")),n=new URL(t.value),c.test(n.protocol))&&n.host===r.host&&l.activeElement===s&&(d.top.location.href=t.value))}},d.addEventListener(\"message\",d.wp.receiveEmbedMessage,!1),l.addEventListener(\"DOMContentLoaded\",function(){for(var e,t,s=l.querySelectorAll(\"iframe.wp-embedded-content\"),r=0;r<s.length;r++)(t=(e=s[r]).getAttribute(\"data-secret\"))||(t=Math.random().toString(36).substring(2,12),e.src+=\"#?secret=\"+t,e.setAttribute(\"data-secret\",t)),e.contentWindow.postMessage({message:\"ready\",secret:t},\"*\")},!1)))}(window,document);\n\/\/# sourceURL=https:\/\/www.eldiario.net\/portal\/wp-includes\/js\/wp-embed.min.js\n<\/script>\n","thumbnail_url":"https:\/\/www.eldiario.net\/portal\/wp-content\/uploads\/2024\/07\/ADUANA-FOTO.jpg","thumbnail_width":1124,"thumbnail_height":750,"description":"Instituciones de Paraguay aceptaron ampliar a 24 horas, los siete d\u00edas de la semana (24\/7) la atenci\u00f3n para el comercio exterior boliviano en el Recinto Multiprop\u00f3sito de Frontera Ca\u00f1ada Oruro \u2013 Infante Rivarola, inform\u00f3 la presidenta de la Aduana Nacional (AN), Karina Serrudo. \u201cLas autoridades tanto de Aduana, Migraci\u00f3n y Senacsa de Paraguay han aceptado [&hellip;]"}

Amplían atención en paso fronterizo con Paraguay - El Diario - Bolivia

<blockquote class="wp-embedded-content" data-secret="19XpeWUOBf"><a href="https://www.eldiario.net/portal/2024/07/30/amplian-atencion-en-paso-fronterizo-con-paraguay/">Amplían atención en paso  fronterizo con Paraguay</a></blockquote><iframe sandbox="allow-scripts" security="restricted" src="https://www.eldiario.net/portal/2024/07/30/amplian-atencion-en-paso-fronterizo-con-paraguay/embed/#?secret=19XpeWUOBf" width="600" height="338" title="«Amplían atención en paso  fronterizo con Paraguay» — El Diario - Bolivia" data-secret="19XpeWUOBf" frameborder="0" marginwidth="0" marginheight="0" scrolling="no" class="wp-embedded-content"></iframe><script>
/*! This file is auto-generated */
!function(d,l){"use strict";l.querySelector&&d.addEventListener&&"undefined"!=typeof URL&&(d.wp=d.wp||{},d.wp.receiveEmbedMessage||(d.wp.receiveEmbedMessage=function(e){var t=e.data;if((t||t.secret||t.message||t.value)&&!/[^a-zA-Z0-9]/.test(t.secret)){for(var s,r,n,a=l.querySelectorAll('iframe[data-secret="'+t.secret+'"]'),o=l.querySelectorAll('blockquote[data-secret="'+t.secret+'"]'),c=new RegExp("^https?:$","i"),i=0;i<o.length;i++)o[i].style.display="none";for(i=0;i<a.length;i++)s=a[i],e.source===s.contentWindow&&(s.removeAttribute("style"),"height"===t.message?(1e3<(r=parseInt(t.value,10))?r=1e3:~~r<200&&(r=200),s.height=r):"link"===t.message&&(r=new URL(s.getAttribute("src")),n=new URL(t.value),c.test(n.protocol))&&n.host===r.host&&l.activeElement===s&&(d.top.location.href=t.value))}},d.addEventListener("message",d.wp.receiveEmbedMessage,!1),l.addEventListener("DOMContentLoaded",function(){for(var e,t,s=l.querySelectorAll("iframe.wp-embedded-content"),r=0;r<s.length;r++)(t=(e=s[r]).getAttribute("data-secret"))||(t=Math.random().toString(36).substring(2,12),e.src+="#?secret="+t,e.setAttribute("data-secret",t)),e.contentWindow.postMessage({message:"ready",secret:t},"*")},!1)))}(window,document);
//# sourceURL=https://www.eldiario.net/portal/wp-includes/js/wp-embed.min.js
</script>

Instituciones de Paraguay aceptaron ampliar a 24 horas, los siete días de la semana (24/7) la atención para el comercio exterior boliviano en el Recinto Multipropósito de Frontera Cañada Oruro – Infante Rivarola, informó la presidenta de la Aduana Nacional (AN), Karina Serrudo. “Las autoridades tanto de Aduana, Migración y Senacsa de Paraguay han aceptado [&hellip;]
