{"version":"1.0","provider_name":"El Diario - Bolivia","provider_url":"https:\/\/www.eldiario.net\/portal","title":"Escenario diferente, mismos actores - El Diario - Bolivia","type":"rich","width":600,"height":338,"html":"<blockquote class=\"wp-embedded-content\" data-secret=\"LZJp6mQNPh\"><a href=\"https:\/\/www.eldiario.net\/portal\/2024\/07\/29\/escenario-diferente-mismos-actores\/\">Escenario diferente, mismos actores<\/a><\/blockquote><iframe sandbox=\"allow-scripts\" security=\"restricted\" src=\"https:\/\/www.eldiario.net\/portal\/2024\/07\/29\/escenario-diferente-mismos-actores\/embed\/#?secret=LZJp6mQNPh\" width=\"600\" height=\"338\" title=\"\u00abEscenario diferente, mismos actores\u00bb \u2014 El Diario - Bolivia\" data-secret=\"LZJp6mQNPh\" frameborder=\"0\" marginwidth=\"0\" marginheight=\"0\" scrolling=\"no\" class=\"wp-embedded-content\"><\/iframe><script>\n\/*! This file is auto-generated *\/\n!function(d,l){\"use strict\";l.querySelector&&d.addEventListener&&\"undefined\"!=typeof URL&&(d.wp=d.wp||{},d.wp.receiveEmbedMessage||(d.wp.receiveEmbedMessage=function(e){var t=e.data;if((t||t.secret||t.message||t.value)&&!\/[^a-zA-Z0-9]\/.test(t.secret)){for(var s,r,n,a=l.querySelectorAll('iframe[data-secret=\"'+t.secret+'\"]'),o=l.querySelectorAll('blockquote[data-secret=\"'+t.secret+'\"]'),c=new RegExp(\"^https?:$\",\"i\"),i=0;i<o.length;i++)o[i].style.display=\"none\";for(i=0;i<a.length;i++)s=a[i],e.source===s.contentWindow&&(s.removeAttribute(\"style\"),\"height\"===t.message?(1e3<(r=parseInt(t.value,10))?r=1e3:~~r<200&&(r=200),s.height=r):\"link\"===t.message&&(r=new URL(s.getAttribute(\"src\")),n=new URL(t.value),c.test(n.protocol))&&n.host===r.host&&l.activeElement===s&&(d.top.location.href=t.value))}},d.addEventListener(\"message\",d.wp.receiveEmbedMessage,!1),l.addEventListener(\"DOMContentLoaded\",function(){for(var e,t,s=l.querySelectorAll(\"iframe.wp-embedded-content\"),r=0;r<s.length;r++)(t=(e=s[r]).getAttribute(\"data-secret\"))||(t=Math.random().toString(36).substring(2,12),e.src+=\"#?secret=\"+t,e.setAttribute(\"data-secret\",t)),e.contentWindow.postMessage({message:\"ready\",secret:t},\"*\")},!1)))}(window,document);\n\/\/# sourceURL=https:\/\/www.eldiario.net\/portal\/wp-includes\/js\/wp-embed.min.js\n<\/script>\n","thumbnail_url":"https:\/\/www.eldiario.net\/portal\/wp-content\/uploads\/2023\/06\/Ignacio-Vera-de-Rada-1.jpg","thumbnail_width":1200,"thumbnail_height":628,"description":"Hace cinco a\u00f1os, Bolivia viv\u00eda una intensa campa\u00f1a electoral entre el Movimiento al Socialismo y Comunidad Ciudadana (y otros partidos m\u00e1s de menor relevancia). Fue la campa\u00f1a electoral m\u00e1s larga de la historia de Bolivia, ya que el pa\u00eds se hab\u00eda electoralizado prematuramente en enero de 2019 (o tal vez incluso a fines de 2018) [&hellip;]"}

Hace cinco años, Bolivia vivía una intensa campaña electoral entre el Movimiento al Socialismo y Comunidad Ciudadana (y otros partidos más de menor relevancia). Fue la campaña electoral más larga de la historia de Bolivia, ya que el país se había electoralizado prematuramente en enero de 2019 (o tal vez incluso a fines de 2018) [&hellip;]
