{"version":"1.0","provider_name":"El Diario - Bolivia","provider_url":"https:\/\/www.eldiario.net\/portal","title":"Automotrices apuestan por consumidor boliviano - El Diario - Bolivia","type":"rich","width":600,"height":338,"html":"<blockquote class=\"wp-embedded-content\" data-secret=\"xkmpXv9fs8\"><a href=\"https:\/\/www.eldiario.net\/portal\/2024\/07\/29\/automotrices-apuestan-por-consumidor-boliviano\/\">Automotrices apuestan por consumidor boliviano<\/a><\/blockquote><iframe sandbox=\"allow-scripts\" security=\"restricted\" src=\"https:\/\/www.eldiario.net\/portal\/2024\/07\/29\/automotrices-apuestan-por-consumidor-boliviano\/embed\/#?secret=xkmpXv9fs8\" width=\"600\" height=\"338\" title=\"\u00abAutomotrices apuestan por consumidor boliviano\u00bb \u2014 El Diario - Bolivia\" data-secret=\"xkmpXv9fs8\" frameborder=\"0\" marginwidth=\"0\" marginheight=\"0\" scrolling=\"no\" class=\"wp-embedded-content\"><\/iframe><script>\n\/*! This file is auto-generated *\/\n!function(d,l){\"use strict\";l.querySelector&&d.addEventListener&&\"undefined\"!=typeof URL&&(d.wp=d.wp||{},d.wp.receiveEmbedMessage||(d.wp.receiveEmbedMessage=function(e){var t=e.data;if((t||t.secret||t.message||t.value)&&!\/[^a-zA-Z0-9]\/.test(t.secret)){for(var s,r,n,a=l.querySelectorAll('iframe[data-secret=\"'+t.secret+'\"]'),o=l.querySelectorAll('blockquote[data-secret=\"'+t.secret+'\"]'),c=new RegExp(\"^https?:$\",\"i\"),i=0;i<o.length;i++)o[i].style.display=\"none\";for(i=0;i<a.length;i++)s=a[i],e.source===s.contentWindow&&(s.removeAttribute(\"style\"),\"height\"===t.message?(1e3<(r=parseInt(t.value,10))?r=1e3:~~r<200&&(r=200),s.height=r):\"link\"===t.message&&(r=new URL(s.getAttribute(\"src\")),n=new URL(t.value),c.test(n.protocol))&&n.host===r.host&&l.activeElement===s&&(d.top.location.href=t.value))}},d.addEventListener(\"message\",d.wp.receiveEmbedMessage,!1),l.addEventListener(\"DOMContentLoaded\",function(){for(var e,t,s=l.querySelectorAll(\"iframe.wp-embedded-content\"),r=0;r<s.length;r++)(t=(e=s[r]).getAttribute(\"data-secret\"))||(t=Math.random().toString(36).substring(2,12),e.src+=\"#?secret=\"+t,e.setAttribute(\"data-secret\",t)),e.contentWindow.postMessage({message:\"ready\",secret:t},\"*\")},!1)))}(window,document);\n\/\/# sourceURL=https:\/\/www.eldiario.net\/portal\/wp-includes\/js\/wp-embed.min.js\n<\/script>\n","thumbnail_url":"https:\/\/www.eldiario.net\/portal\/wp-content\/uploads\/2024\/07\/autos.jpg","thumbnail_width":1200,"thumbnail_height":900,"description":"En un entorno desalentador por la crisis econ\u00f3mica y la falta de d\u00f3lares en el mercado nacional, a\u00fan hay empresas que apuestan por la venta de veh\u00edculos para iniciar un emprendimiento, as\u00ed como para uso personal, cual fuera la motivaci\u00f3n para el mismo. Las importadoras han optado por mantener el tipo de cambio oficial del [&hellip;]"}

En un entorno desalentador por la crisis económica y la falta de dólares en el mercado nacional, aún hay empresas que apuestan por la venta de vehículos para iniciar un emprendimiento, así como para uso personal, cual fuera la motivación para el mismo. Las importadoras han optado por mantener el tipo de cambio oficial del [&hellip;]
