{"version":"1.0","provider_name":"El Diario - Bolivia","provider_url":"https:\/\/www.eldiario.net\/portal","title":"La Paz registra mala calidad de aire - El Diario - Bolivia","type":"rich","width":600,"height":338,"html":"<blockquote class=\"wp-embedded-content\" data-secret=\"hTPgiEyKwU\"><a href=\"https:\/\/www.eldiario.net\/portal\/2024\/07\/24\/la-paz-registra-mala-calidad-de-aire\/\">La Paz registra mala calidad de aire<\/a><\/blockquote><iframe sandbox=\"allow-scripts\" security=\"restricted\" src=\"https:\/\/www.eldiario.net\/portal\/2024\/07\/24\/la-paz-registra-mala-calidad-de-aire\/embed\/#?secret=hTPgiEyKwU\" width=\"600\" height=\"338\" title=\"\u00abLa Paz registra mala calidad de aire\u00bb \u2014 El Diario - Bolivia\" data-secret=\"hTPgiEyKwU\" frameborder=\"0\" marginwidth=\"0\" marginheight=\"0\" scrolling=\"no\" class=\"wp-embedded-content\"><\/iframe><script>\n\/*! This file is auto-generated *\/\n!function(d,l){\"use strict\";l.querySelector&&d.addEventListener&&\"undefined\"!=typeof URL&&(d.wp=d.wp||{},d.wp.receiveEmbedMessage||(d.wp.receiveEmbedMessage=function(e){var t=e.data;if((t||t.secret||t.message||t.value)&&!\/[^a-zA-Z0-9]\/.test(t.secret)){for(var s,r,n,a=l.querySelectorAll('iframe[data-secret=\"'+t.secret+'\"]'),o=l.querySelectorAll('blockquote[data-secret=\"'+t.secret+'\"]'),c=new RegExp(\"^https?:$\",\"i\"),i=0;i<o.length;i++)o[i].style.display=\"none\";for(i=0;i<a.length;i++)s=a[i],e.source===s.contentWindow&&(s.removeAttribute(\"style\"),\"height\"===t.message?(1e3<(r=parseInt(t.value,10))?r=1e3:~~r<200&&(r=200),s.height=r):\"link\"===t.message&&(r=new URL(s.getAttribute(\"src\")),n=new URL(t.value),c.test(n.protocol))&&n.host===r.host&&l.activeElement===s&&(d.top.location.href=t.value))}},d.addEventListener(\"message\",d.wp.receiveEmbedMessage,!1),l.addEventListener(\"DOMContentLoaded\",function(){for(var e,t,s=l.querySelectorAll(\"iframe.wp-embedded-content\"),r=0;r<s.length;r++)(t=(e=s[r]).getAttribute(\"data-secret\"))||(t=Math.random().toString(36).substring(2,12),e.src+=\"#?secret=\"+t,e.setAttribute(\"data-secret\",t)),e.contentWindow.postMessage({message:\"ready\",secret:t},\"*\")},!1)))}(window,document);\n\/\/# sourceURL=https:\/\/www.eldiario.net\/portal\/wp-includes\/js\/wp-embed.min.js\n<\/script>\n","thumbnail_url":"https:\/\/www.eldiario.net\/portal\/wp-content\/uploads\/2024\/07\/P-3-15-cm-x-10-1.jpg","thumbnail_width":1200,"thumbnail_height":800,"description":"La calidad del aire en la ciudad de La Paz disminuy\u00f3 desde el domingo debido al humo producido por un incendio forestal en un sector que va hacia los Yungas, seg\u00fan el director del Laboratorio de F\u00edsica de la Atm\u00f3sfera de la Universidad Mayor de San Andr\u00e9s (UMSA), Marcos Andrade. \u201cEl domingo hubo un incendio [&hellip;]"}

La calidad del aire en la ciudad de La Paz disminuyó desde el domingo debido al humo producido por un incendio forestal en un sector que va hacia los Yungas, según el director del Laboratorio de Física de la Atmósfera de la Universidad Mayor de San Andrés (UMSA), Marcos Andrade. “El domingo hubo un incendio [&hellip;]
