{"version":"1.0","provider_name":"El Diario - Bolivia","provider_url":"https:\/\/www.eldiario.net\/portal","title":"CC mantiene postura de eliminar primarias - El Diario - Bolivia","type":"rich","width":600,"height":338,"html":"<blockquote class=\"wp-embedded-content\" data-secret=\"7Z9gIoWbvV\"><a href=\"https:\/\/www.eldiario.net\/portal\/2024\/07\/20\/cc-mantiene-postura-de-eliminar-primarias\/\">CC mantiene postura  de eliminar primarias<\/a><\/blockquote><iframe sandbox=\"allow-scripts\" security=\"restricted\" src=\"https:\/\/www.eldiario.net\/portal\/2024\/07\/20\/cc-mantiene-postura-de-eliminar-primarias\/embed\/#?secret=7Z9gIoWbvV\" width=\"600\" height=\"338\" title=\"\u00abCC mantiene postura  de eliminar primarias\u00bb \u2014 El Diario - Bolivia\" data-secret=\"7Z9gIoWbvV\" frameborder=\"0\" marginwidth=\"0\" marginheight=\"0\" scrolling=\"no\" class=\"wp-embedded-content\"><\/iframe><script>\n\/*! This file is auto-generated *\/\n!function(d,l){\"use strict\";l.querySelector&&d.addEventListener&&\"undefined\"!=typeof URL&&(d.wp=d.wp||{},d.wp.receiveEmbedMessage||(d.wp.receiveEmbedMessage=function(e){var t=e.data;if((t||t.secret||t.message||t.value)&&!\/[^a-zA-Z0-9]\/.test(t.secret)){for(var s,r,n,a=l.querySelectorAll('iframe[data-secret=\"'+t.secret+'\"]'),o=l.querySelectorAll('blockquote[data-secret=\"'+t.secret+'\"]'),c=new RegExp(\"^https?:$\",\"i\"),i=0;i<o.length;i++)o[i].style.display=\"none\";for(i=0;i<a.length;i++)s=a[i],e.source===s.contentWindow&&(s.removeAttribute(\"style\"),\"height\"===t.message?(1e3<(r=parseInt(t.value,10))?r=1e3:~~r<200&&(r=200),s.height=r):\"link\"===t.message&&(r=new URL(s.getAttribute(\"src\")),n=new URL(t.value),c.test(n.protocol))&&n.host===r.host&&l.activeElement===s&&(d.top.location.href=t.value))}},d.addEventListener(\"message\",d.wp.receiveEmbedMessage,!1),l.addEventListener(\"DOMContentLoaded\",function(){for(var e,t,s=l.querySelectorAll(\"iframe.wp-embedded-content\"),r=0;r<s.length;r++)(t=(e=s[r]).getAttribute(\"data-secret\"))||(t=Math.random().toString(36).substring(2,12),e.src+=\"#?secret=\"+t,e.setAttribute(\"data-secret\",t)),e.contentWindow.postMessage({message:\"ready\",secret:t},\"*\")},!1)))}(window,document);\n\/\/# sourceURL=https:\/\/www.eldiario.net\/portal\/wp-includes\/js\/wp-embed.min.js\n<\/script>\n","thumbnail_url":"https:\/\/www.eldiario.net\/portal\/wp-content\/uploads\/2024\/07\/40-POL-8.jpg","thumbnail_width":718,"thumbnail_height":540,"description":"Cuestionando que desde el \u00d3rgano Electoral se emitan plazos fatales para que la Asamblea Legislativa Plurinacional (ALP) apruebe el proyecto de ley que anula las elecciones primarias, la senadora por Comunidad Ciudadana (CC), Andrea Barrientos, asegur\u00f3 que su organizaci\u00f3n pol\u00edtica mantiene la posici\u00f3n de anular estos comicios y rechaz\u00f3 la aparici\u00f3n de posiciones disidentes al [&hellip;]"}

Cuestionando que desde el Órgano Electoral se emitan plazos fatales para que la Asamblea Legislativa Plurinacional (ALP) apruebe el proyecto de ley que anula las elecciones primarias, la senadora por Comunidad Ciudadana (CC), Andrea Barrientos, aseguró que su organización política mantiene la posición de anular estos comicios y rechazó la aparición de posiciones disidentes al [&hellip;]
