{"version":"1.0","provider_name":"El Diario - Bolivia","provider_url":"https:\/\/www.eldiario.net\/portal","title":"\u201cLos violadores andan sueltos\u2026\u201d - El Diario - Bolivia","type":"rich","width":600,"height":338,"html":"<blockquote class=\"wp-embedded-content\" data-secret=\"aKqoj4XFna\"><a href=\"https:\/\/www.eldiario.net\/portal\/2024\/07\/12\/los-violadores-andan-sueltos-2\/\">\u201cLos violadores andan sueltos\u2026\u201d<\/a><\/blockquote><iframe sandbox=\"allow-scripts\" security=\"restricted\" src=\"https:\/\/www.eldiario.net\/portal\/2024\/07\/12\/los-violadores-andan-sueltos-2\/embed\/#?secret=aKqoj4XFna\" width=\"600\" height=\"338\" title=\"\u00ab\u201cLos violadores andan sueltos\u2026\u201d\u00bb \u2014 El Diario - Bolivia\" data-secret=\"aKqoj4XFna\" frameborder=\"0\" marginwidth=\"0\" marginheight=\"0\" scrolling=\"no\" class=\"wp-embedded-content\"><\/iframe><script>\n\/*! This file is auto-generated *\/\n!function(d,l){\"use strict\";l.querySelector&&d.addEventListener&&\"undefined\"!=typeof URL&&(d.wp=d.wp||{},d.wp.receiveEmbedMessage||(d.wp.receiveEmbedMessage=function(e){var t=e.data;if((t||t.secret||t.message||t.value)&&!\/[^a-zA-Z0-9]\/.test(t.secret)){for(var s,r,n,a=l.querySelectorAll('iframe[data-secret=\"'+t.secret+'\"]'),o=l.querySelectorAll('blockquote[data-secret=\"'+t.secret+'\"]'),c=new RegExp(\"^https?:$\",\"i\"),i=0;i<o.length;i++)o[i].style.display=\"none\";for(i=0;i<a.length;i++)s=a[i],e.source===s.contentWindow&&(s.removeAttribute(\"style\"),\"height\"===t.message?(1e3<(r=parseInt(t.value,10))?r=1e3:~~r<200&&(r=200),s.height=r):\"link\"===t.message&&(r=new URL(s.getAttribute(\"src\")),n=new URL(t.value),c.test(n.protocol))&&n.host===r.host&&l.activeElement===s&&(d.top.location.href=t.value))}},d.addEventListener(\"message\",d.wp.receiveEmbedMessage,!1),l.addEventListener(\"DOMContentLoaded\",function(){for(var e,t,s=l.querySelectorAll(\"iframe.wp-embedded-content\"),r=0;r<s.length;r++)(t=(e=s[r]).getAttribute(\"data-secret\"))||(t=Math.random().toString(36).substring(2,12),e.src+=\"#?secret=\"+t,e.setAttribute(\"data-secret\",t)),e.contentWindow.postMessage({message:\"ready\",secret:t},\"*\")},!1)))}(window,document);\n\/\/# sourceURL=https:\/\/www.eldiario.net\/portal\/wp-includes\/js\/wp-embed.min.js\n<\/script>\n","thumbnail_url":"https:\/\/www.eldiario.net\/portal\/wp-content\/uploads\/2023\/06\/Manfredo-Kempff-Suarez.jpg","thumbnail_width":1200,"thumbnail_height":628,"description":"Cada vez que se producen violaciones en las colonias menonitas vienen a mi memoria las fechor\u00edas que cometieron en Manitoba siete j\u00f3venes, all\u00e1 por los a\u00f1os 2008 y 2009. Viaj\u00e9 a varias colonias, unas m\u00e1s conservadoras que otras, y fue tal mi impresi\u00f3n que termin\u00e9 escribiendo una novela sobre las aberraciones acaecidas. El centro de [&hellip;]"}

Cada vez que se producen violaciones en las colonias menonitas vienen a mi memoria las fechorías que cometieron en Manitoba siete jóvenes, allá por los años 2008 y 2009. Viajé a varias colonias, unas más conservadoras que otras, y fue tal mi impresión que terminé escribiendo una novela sobre las aberraciones acaecidas. El centro de [&hellip;]
