{"version":"1.0","provider_name":"El Diario - Bolivia","provider_url":"https:\/\/www.eldiario.net\/portal","title":"Proponen Rueda de Negocios Mercosur - El Diario - Bolivia","type":"rich","width":600,"height":338,"html":"<blockquote class=\"wp-embedded-content\" data-secret=\"iXFLNN1mLi\"><a href=\"https:\/\/www.eldiario.net\/portal\/2024\/07\/10\/proponen-rueda-de-negocios-mercosur\/\">Proponen Rueda de Negocios Mercosur<\/a><\/blockquote><iframe sandbox=\"allow-scripts\" security=\"restricted\" src=\"https:\/\/www.eldiario.net\/portal\/2024\/07\/10\/proponen-rueda-de-negocios-mercosur\/embed\/#?secret=iXFLNN1mLi\" width=\"600\" height=\"338\" title=\"\u00abProponen Rueda de Negocios Mercosur\u00bb \u2014 El Diario - Bolivia\" data-secret=\"iXFLNN1mLi\" frameborder=\"0\" marginwidth=\"0\" marginheight=\"0\" scrolling=\"no\" class=\"wp-embedded-content\"><\/iframe><script>\n\/*! This file is auto-generated *\/\n!function(d,l){\"use strict\";l.querySelector&&d.addEventListener&&\"undefined\"!=typeof URL&&(d.wp=d.wp||{},d.wp.receiveEmbedMessage||(d.wp.receiveEmbedMessage=function(e){var t=e.data;if((t||t.secret||t.message||t.value)&&!\/[^a-zA-Z0-9]\/.test(t.secret)){for(var s,r,n,a=l.querySelectorAll('iframe[data-secret=\"'+t.secret+'\"]'),o=l.querySelectorAll('blockquote[data-secret=\"'+t.secret+'\"]'),c=new RegExp(\"^https?:$\",\"i\"),i=0;i<o.length;i++)o[i].style.display=\"none\";for(i=0;i<a.length;i++)s=a[i],e.source===s.contentWindow&&(s.removeAttribute(\"style\"),\"height\"===t.message?(1e3<(r=parseInt(t.value,10))?r=1e3:~~r<200&&(r=200),s.height=r):\"link\"===t.message&&(r=new URL(s.getAttribute(\"src\")),n=new URL(t.value),c.test(n.protocol))&&n.host===r.host&&l.activeElement===s&&(d.top.location.href=t.value))}},d.addEventListener(\"message\",d.wp.receiveEmbedMessage,!1),l.addEventListener(\"DOMContentLoaded\",function(){for(var e,t,s=l.querySelectorAll(\"iframe.wp-embedded-content\"),r=0;r<s.length;r++)(t=(e=s[r]).getAttribute(\"data-secret\"))||(t=Math.random().toString(36).substring(2,12),e.src+=\"#?secret=\"+t,e.setAttribute(\"data-secret\",t)),e.contentWindow.postMessage({message:\"ready\",secret:t},\"*\")},!1)))}(window,document);\n\/\/# sourceURL=https:\/\/www.eldiario.net\/portal\/wp-includes\/js\/wp-embed.min.js\n<\/script>\n","thumbnail_url":"https:\/\/www.eldiario.net\/portal\/wp-content\/uploads\/2023\/12\/Economia.jpg","thumbnail_width":800,"thumbnail_height":500,"description":"El presidente de la Federaci\u00f3n de Entidades Empresariales Privadas de Cochabamba (FEPC), Luis Laredo, propuso la Primera Rueda de Negocios Mercosur: Integraci\u00f3n Empresarial Mercosur \u2013 Bolivia 2025 en el marco del Foro Empresarial Bolivia \u2013 Brasil. Mientras tanto, el presidente de la Confederaci\u00f3n de Empresarios Privados de Bolivia (CEPB) Giovanni Ortu\u00f1o, invit\u00f3 ayer a los [&hellip;]"}

El presidente de la Federación de Entidades Empresariales Privadas de Cochabamba (FEPC), Luis Laredo, propuso la Primera Rueda de Negocios Mercosur: Integración Empresarial Mercosur – Bolivia 2025 en el marco del Foro Empresarial Bolivia – Brasil. Mientras tanto, el presidente de la Confederación de Empresarios Privados de Bolivia (CEPB) Giovanni Ortuño, invitó ayer a los [&hellip;]
