{"version":"1.0","provider_name":"El Diario - Bolivia","provider_url":"https:\/\/www.eldiario.net\/portal","title":"Hassenteufel desmiente supuesta renuncia al TSE - El Diario - Bolivia","type":"rich","width":600,"height":338,"html":"<blockquote class=\"wp-embedded-content\" data-secret=\"b5sojaHHQU\"><a href=\"https:\/\/www.eldiario.net\/portal\/2024\/07\/10\/hassenteufel-desmiente-supuesta-renuncia-al-tse\/\">Hassenteufel desmiente supuesta renuncia al TSE<\/a><\/blockquote><iframe sandbox=\"allow-scripts\" security=\"restricted\" src=\"https:\/\/www.eldiario.net\/portal\/2024\/07\/10\/hassenteufel-desmiente-supuesta-renuncia-al-tse\/embed\/#?secret=b5sojaHHQU\" width=\"600\" height=\"338\" title=\"\u00abHassenteufel desmiente supuesta renuncia al TSE\u00bb \u2014 El Diario - Bolivia\" data-secret=\"b5sojaHHQU\" frameborder=\"0\" marginwidth=\"0\" marginheight=\"0\" scrolling=\"no\" class=\"wp-embedded-content\"><\/iframe><script>\n\/*! This file is auto-generated *\/\n!function(d,l){\"use strict\";l.querySelector&&d.addEventListener&&\"undefined\"!=typeof URL&&(d.wp=d.wp||{},d.wp.receiveEmbedMessage||(d.wp.receiveEmbedMessage=function(e){var t=e.data;if((t||t.secret||t.message||t.value)&&!\/[^a-zA-Z0-9]\/.test(t.secret)){for(var s,r,n,a=l.querySelectorAll('iframe[data-secret=\"'+t.secret+'\"]'),o=l.querySelectorAll('blockquote[data-secret=\"'+t.secret+'\"]'),c=new RegExp(\"^https?:$\",\"i\"),i=0;i<o.length;i++)o[i].style.display=\"none\";for(i=0;i<a.length;i++)s=a[i],e.source===s.contentWindow&&(s.removeAttribute(\"style\"),\"height\"===t.message?(1e3<(r=parseInt(t.value,10))?r=1e3:~~r<200&&(r=200),s.height=r):\"link\"===t.message&&(r=new URL(s.getAttribute(\"src\")),n=new URL(t.value),c.test(n.protocol))&&n.host===r.host&&l.activeElement===s&&(d.top.location.href=t.value))}},d.addEventListener(\"message\",d.wp.receiveEmbedMessage,!1),l.addEventListener(\"DOMContentLoaded\",function(){for(var e,t,s=l.querySelectorAll(\"iframe.wp-embedded-content\"),r=0;r<s.length;r++)(t=(e=s[r]).getAttribute(\"data-secret\"))||(t=Math.random().toString(36).substring(2,12),e.src+=\"#?secret=\"+t,e.setAttribute(\"data-secret\",t)),e.contentWindow.postMessage({message:\"ready\",secret:t},\"*\")},!1)))}(window,document);\n\/\/# sourceURL=https:\/\/www.eldiario.net\/portal\/wp-includes\/js\/wp-embed.min.js\n<\/script>\n","thumbnail_url":"https:\/\/www.eldiario.net\/portal\/wp-content\/uploads\/2023\/12\/Politica.jpg","thumbnail_width":800,"thumbnail_height":500,"description":"Asegurando que el trascendido sobre su supuesta renuncia al cargo se trat\u00f3 de una mala interpretaci\u00f3n sobre un pedido de licencia temporal, el presidente del Tribunal Supremo Electoral (TSE), \u00d3scar Hassenteufel, desminti\u00f3 las versiones que apuntaban a una posible renuncia verbal de su parte. En declaraciones a medios de prensa, Hassenteufel neg\u00f3 haber expresado su [&hellip;]"}

Asegurando que el trascendido sobre su supuesta renuncia al cargo se trató de una mala interpretación sobre un pedido de licencia temporal, el presidente del Tribunal Supremo Electoral (TSE), Óscar Hassenteufel, desmintió las versiones que apuntaban a una posible renuncia verbal de su parte. En declaraciones a medios de prensa, Hassenteufel negó haber expresado su [&hellip;]
