{"version":"1.0","provider_name":"El Diario - Bolivia","provider_url":"https:\/\/www.eldiario.net\/portal","title":"Aprehenden a otro oficial del Ej\u00e9rcito - El Diario - Bolivia","type":"rich","width":600,"height":338,"html":"<blockquote class=\"wp-embedded-content\" data-secret=\"9E9nis2UWz\"><a href=\"https:\/\/www.eldiario.net\/portal\/2024\/07\/04\/aprehenden-a-otro-oficial-del-ejercito\/\">Aprehenden a otro oficial del Ej\u00e9rcito<\/a><\/blockquote><iframe sandbox=\"allow-scripts\" security=\"restricted\" src=\"https:\/\/www.eldiario.net\/portal\/2024\/07\/04\/aprehenden-a-otro-oficial-del-ejercito\/embed\/#?secret=9E9nis2UWz\" width=\"600\" height=\"338\" title=\"\u00abAprehenden a otro oficial del Ej\u00e9rcito\u00bb \u2014 El Diario - Bolivia\" data-secret=\"9E9nis2UWz\" frameborder=\"0\" marginwidth=\"0\" marginheight=\"0\" scrolling=\"no\" class=\"wp-embedded-content\"><\/iframe><script>\n\/*! This file is auto-generated *\/\n!function(d,l){\"use strict\";l.querySelector&&d.addEventListener&&\"undefined\"!=typeof URL&&(d.wp=d.wp||{},d.wp.receiveEmbedMessage||(d.wp.receiveEmbedMessage=function(e){var t=e.data;if((t||t.secret||t.message||t.value)&&!\/[^a-zA-Z0-9]\/.test(t.secret)){for(var s,r,n,a=l.querySelectorAll('iframe[data-secret=\"'+t.secret+'\"]'),o=l.querySelectorAll('blockquote[data-secret=\"'+t.secret+'\"]'),c=new RegExp(\"^https?:$\",\"i\"),i=0;i<o.length;i++)o[i].style.display=\"none\";for(i=0;i<a.length;i++)s=a[i],e.source===s.contentWindow&&(s.removeAttribute(\"style\"),\"height\"===t.message?(1e3<(r=parseInt(t.value,10))?r=1e3:~~r<200&&(r=200),s.height=r):\"link\"===t.message&&(r=new URL(s.getAttribute(\"src\")),n=new URL(t.value),c.test(n.protocol))&&n.host===r.host&&l.activeElement===s&&(d.top.location.href=t.value))}},d.addEventListener(\"message\",d.wp.receiveEmbedMessage,!1),l.addEventListener(\"DOMContentLoaded\",function(){for(var e,t,s=l.querySelectorAll(\"iframe.wp-embedded-content\"),r=0;r<s.length;r++)(t=(e=s[r]).getAttribute(\"data-secret\"))||(t=Math.random().toString(36).substring(2,12),e.src+=\"#?secret=\"+t,e.setAttribute(\"data-secret\",t)),e.contentWindow.postMessage({message:\"ready\",secret:t},\"*\")},!1)))}(window,document);\n\/\/# sourceURL=https:\/\/www.eldiario.net\/portal\/wp-includes\/js\/wp-embed.min.js\n<\/script>\n","thumbnail_url":"https:\/\/www.eldiario.net\/portal\/wp-content\/uploads\/2024\/07\/MIL-FOTO.jpg","thumbnail_width":1200,"thumbnail_height":581,"description":"Un nuevo oficial del Ej\u00e9rcito fue aprehendido ayer tras ser vinculado en los hechos de la tarde del 26 de junio durante el despliegue de las Fuerzas Armadas en la plaza Murillo que ten\u00eda, supuestamente la intenci\u00f3n de tomar el poder, a cargo del excomandante, Juan Jos\u00e9 Z\u00fa\u00f1iga. Sin brindar mayores detalles, el comandante nacional [&hellip;]"}

Aprehenden a otro oficial del Ejército - El Diario - Bolivia

<blockquote class="wp-embedded-content" data-secret="9E9nis2UWz"><a href="https://www.eldiario.net/portal/2024/07/04/aprehenden-a-otro-oficial-del-ejercito/">Aprehenden a otro oficial del Ejército</a></blockquote><iframe sandbox="allow-scripts" security="restricted" src="https://www.eldiario.net/portal/2024/07/04/aprehenden-a-otro-oficial-del-ejercito/embed/#?secret=9E9nis2UWz" width="600" height="338" title="«Aprehenden a otro oficial del Ejército» — El Diario - Bolivia" data-secret="9E9nis2UWz" frameborder="0" marginwidth="0" marginheight="0" scrolling="no" class="wp-embedded-content"></iframe><script>
/*! This file is auto-generated */
!function(d,l){"use strict";l.querySelector&&d.addEventListener&&"undefined"!=typeof URL&&(d.wp=d.wp||{},d.wp.receiveEmbedMessage||(d.wp.receiveEmbedMessage=function(e){var t=e.data;if((t||t.secret||t.message||t.value)&&!/[^a-zA-Z0-9]/.test(t.secret)){for(var s,r,n,a=l.querySelectorAll('iframe[data-secret="'+t.secret+'"]'),o=l.querySelectorAll('blockquote[data-secret="'+t.secret+'"]'),c=new RegExp("^https?:$","i"),i=0;i<o.length;i++)o[i].style.display="none";for(i=0;i<a.length;i++)s=a[i],e.source===s.contentWindow&&(s.removeAttribute("style"),"height"===t.message?(1e3<(r=parseInt(t.value,10))?r=1e3:~~r<200&&(r=200),s.height=r):"link"===t.message&&(r=new URL(s.getAttribute("src")),n=new URL(t.value),c.test(n.protocol))&&n.host===r.host&&l.activeElement===s&&(d.top.location.href=t.value))}},d.addEventListener("message",d.wp.receiveEmbedMessage,!1),l.addEventListener("DOMContentLoaded",function(){for(var e,t,s=l.querySelectorAll("iframe.wp-embedded-content"),r=0;r<s.length;r++)(t=(e=s[r]).getAttribute("data-secret"))||(t=Math.random().toString(36).substring(2,12),e.src+="#?secret="+t,e.setAttribute("data-secret",t)),e.contentWindow.postMessage({message:"ready",secret:t},"*")},!1)))}(window,document);
//# sourceURL=https://www.eldiario.net/portal/wp-includes/js/wp-embed.min.js
</script>

Un nuevo oficial del Ejército fue aprehendido ayer tras ser vinculado en los hechos de la tarde del 26 de junio durante el despliegue de las Fuerzas Armadas en la plaza Murillo que tenía, supuestamente la intención de tomar el poder, a cargo del excomandante, Juan José Zúñiga. Sin brindar mayores detalles, el comandante nacional [&hellip;]
