{"version":"1.0","provider_name":"El Diario - Bolivia","provider_url":"https:\/\/www.eldiario.net\/portal","title":"Enfrenta proceso penal por fingir su secuestro - El Diario - Bolivia","type":"rich","width":600,"height":338,"html":"<blockquote class=\"wp-embedded-content\" data-secret=\"vR8MHVRQTR\"><a href=\"https:\/\/www.eldiario.net\/portal\/2024\/06\/30\/enfrenta-proceso-penal-por-fingir-su-secuestro\/\">Enfrenta proceso penal por fingir su secuestro<\/a><\/blockquote><iframe sandbox=\"allow-scripts\" security=\"restricted\" src=\"https:\/\/www.eldiario.net\/portal\/2024\/06\/30\/enfrenta-proceso-penal-por-fingir-su-secuestro\/embed\/#?secret=vR8MHVRQTR\" width=\"600\" height=\"338\" title=\"\u00abEnfrenta proceso penal por fingir su secuestro\u00bb \u2014 El Diario - Bolivia\" data-secret=\"vR8MHVRQTR\" frameborder=\"0\" marginwidth=\"0\" marginheight=\"0\" scrolling=\"no\" class=\"wp-embedded-content\"><\/iframe><script>\n\/*! This file is auto-generated *\/\n!function(d,l){\"use strict\";l.querySelector&&d.addEventListener&&\"undefined\"!=typeof URL&&(d.wp=d.wp||{},d.wp.receiveEmbedMessage||(d.wp.receiveEmbedMessage=function(e){var t=e.data;if((t||t.secret||t.message||t.value)&&!\/[^a-zA-Z0-9]\/.test(t.secret)){for(var s,r,n,a=l.querySelectorAll('iframe[data-secret=\"'+t.secret+'\"]'),o=l.querySelectorAll('blockquote[data-secret=\"'+t.secret+'\"]'),c=new RegExp(\"^https?:$\",\"i\"),i=0;i<o.length;i++)o[i].style.display=\"none\";for(i=0;i<a.length;i++)s=a[i],e.source===s.contentWindow&&(s.removeAttribute(\"style\"),\"height\"===t.message?(1e3<(r=parseInt(t.value,10))?r=1e3:~~r<200&&(r=200),s.height=r):\"link\"===t.message&&(r=new URL(s.getAttribute(\"src\")),n=new URL(t.value),c.test(n.protocol))&&n.host===r.host&&l.activeElement===s&&(d.top.location.href=t.value))}},d.addEventListener(\"message\",d.wp.receiveEmbedMessage,!1),l.addEventListener(\"DOMContentLoaded\",function(){for(var e,t,s=l.querySelectorAll(\"iframe.wp-embedded-content\"),r=0;r<s.length;r++)(t=(e=s[r]).getAttribute(\"data-secret\"))||(t=Math.random().toString(36).substring(2,12),e.src+=\"#?secret=\"+t,e.setAttribute(\"data-secret\",t)),e.contentWindow.postMessage({message:\"ready\",secret:t},\"*\")},!1)))}(window,document);\n\/\/# sourceURL=https:\/\/www.eldiario.net\/portal\/wp-includes\/js\/wp-embed.min.js\n<\/script>\n","thumbnail_url":"https:\/\/www.eldiario.net\/portal\/wp-content\/uploads\/2024\/06\/30-SEC.jpg","thumbnail_width":394,"thumbnail_height":319,"description":"Brayan E. fingi\u00f3 ser cercenado y secuestrado por presuntos m\u00f3viles pasionales, raz\u00f3n por la cual ahora ser\u00e1 procesado penalmente por simulaci\u00f3n de delitos tras ser encontrado ileso en Sacaba, inform\u00f3 el jefe de la fuerza anticrimen del Tr\u00f3pico de Cochabamba, Freddy Medinacelli. El caso ocurri\u00f3 en Shinaota, Tr\u00f3pico de Cochabamba. Seg\u00fan un reporte de la [&hellip;]"}

Brayan E. fingió ser cercenado y secuestrado por presuntos móviles pasionales, razón por la cual ahora será procesado penalmente por simulación de delitos tras ser encontrado ileso en Sacaba, informó el jefe de la fuerza anticrimen del Trópico de Cochabamba, Freddy Medinacelli. El caso ocurrió en Shinaota, Trópico de Cochabamba. Según un reporte de la [&hellip;]
