{"version":"1.0","provider_name":"El Diario - Bolivia","provider_url":"https:\/\/www.eldiario.net\/portal","title":"Como en los ochenta - El Diario - Bolivia","type":"rich","width":600,"height":338,"html":"<blockquote class=\"wp-embedded-content\" data-secret=\"reokb7l5xE\"><a href=\"https:\/\/www.eldiario.net\/portal\/2024\/06\/29\/como-en-los-ochenta\/\">Como en los ochenta<\/a><\/blockquote><iframe sandbox=\"allow-scripts\" security=\"restricted\" src=\"https:\/\/www.eldiario.net\/portal\/2024\/06\/29\/como-en-los-ochenta\/embed\/#?secret=reokb7l5xE\" width=\"600\" height=\"338\" title=\"\u00abComo en los ochenta\u00bb \u2014 El Diario - Bolivia\" data-secret=\"reokb7l5xE\" frameborder=\"0\" marginwidth=\"0\" marginheight=\"0\" scrolling=\"no\" class=\"wp-embedded-content\"><\/iframe><script>\n\/*! This file is auto-generated *\/\n!function(d,l){\"use strict\";l.querySelector&&d.addEventListener&&\"undefined\"!=typeof URL&&(d.wp=d.wp||{},d.wp.receiveEmbedMessage||(d.wp.receiveEmbedMessage=function(e){var t=e.data;if((t||t.secret||t.message||t.value)&&!\/[^a-zA-Z0-9]\/.test(t.secret)){for(var s,r,n,a=l.querySelectorAll('iframe[data-secret=\"'+t.secret+'\"]'),o=l.querySelectorAll('blockquote[data-secret=\"'+t.secret+'\"]'),c=new RegExp(\"^https?:$\",\"i\"),i=0;i<o.length;i++)o[i].style.display=\"none\";for(i=0;i<a.length;i++)s=a[i],e.source===s.contentWindow&&(s.removeAttribute(\"style\"),\"height\"===t.message?(1e3<(r=parseInt(t.value,10))?r=1e3:~~r<200&&(r=200),s.height=r):\"link\"===t.message&&(r=new URL(s.getAttribute(\"src\")),n=new URL(t.value),c.test(n.protocol))&&n.host===r.host&&l.activeElement===s&&(d.top.location.href=t.value))}},d.addEventListener(\"message\",d.wp.receiveEmbedMessage,!1),l.addEventListener(\"DOMContentLoaded\",function(){for(var e,t,s=l.querySelectorAll(\"iframe.wp-embedded-content\"),r=0;r<s.length;r++)(t=(e=s[r]).getAttribute(\"data-secret\"))||(t=Math.random().toString(36).substring(2,12),e.src+=\"#?secret=\"+t,e.setAttribute(\"data-secret\",t)),e.contentWindow.postMessage({message:\"ready\",secret:t},\"*\")},!1)))}(window,document);\n\/\/# sourceURL=https:\/\/www.eldiario.net\/portal\/wp-includes\/js\/wp-embed.min.js\n<\/script>\n","thumbnail_url":"https:\/\/www.eldiario.net\/portal\/wp-content\/uploads\/2023\/12\/Opinion.jpg","thumbnail_width":800,"thumbnail_height":500,"description":"En los \u00faltimos d\u00edas, la principal autoridad econ\u00f3mica del pa\u00eds descart\u00f3 la existencia de similitudes entre el escenario econ\u00f3mico actual y lo vivido en 1985. Para ello, contrast\u00f3 la tasa de inflaci\u00f3n presente con la registrada en aquel a\u00f1o. Sin duda, la situaci\u00f3n actual no alcanz\u00f3 a\u00fan un panorama econ\u00f3mico tan sombr\u00edo. No obstante, aquella [&hellip;]"}

En los últimos días, la principal autoridad económica del país descartó la existencia de similitudes entre el escenario económico actual y lo vivido en 1985. Para ello, contrastó la tasa de inflación presente con la registrada en aquel año. Sin duda, la situación actual no alcanzó aún un panorama económico tan sombrío. No obstante, aquella [&hellip;]
