{"version":"1.0","provider_name":"El Diario - Bolivia","provider_url":"https:\/\/www.eldiario.net\/portal","title":"ETCHEVERRY TIENE FE EN LA VERDE - El Diario - Bolivia","type":"rich","width":600,"height":338,"html":"<blockquote class=\"wp-embedded-content\" data-secret=\"U1Jj206MNO\"><a href=\"https:\/\/www.eldiario.net\/portal\/2024\/06\/22\/etcheverry-tiene-fe-en-la-verde\/\">ETCHEVERRY TIENE FE EN LA VERDE<\/a><\/blockquote><iframe sandbox=\"allow-scripts\" security=\"restricted\" src=\"https:\/\/www.eldiario.net\/portal\/2024\/06\/22\/etcheverry-tiene-fe-en-la-verde\/embed\/#?secret=U1Jj206MNO\" width=\"600\" height=\"338\" title=\"\u00abETCHEVERRY TIENE FE EN LA VERDE\u00bb \u2014 El Diario - Bolivia\" data-secret=\"U1Jj206MNO\" frameborder=\"0\" marginwidth=\"0\" marginheight=\"0\" scrolling=\"no\" class=\"wp-embedded-content\"><\/iframe><script>\n\/*! This file is auto-generated *\/\n!function(d,l){\"use strict\";l.querySelector&&d.addEventListener&&\"undefined\"!=typeof URL&&(d.wp=d.wp||{},d.wp.receiveEmbedMessage||(d.wp.receiveEmbedMessage=function(e){var t=e.data;if((t||t.secret||t.message||t.value)&&!\/[^a-zA-Z0-9]\/.test(t.secret)){for(var s,r,n,a=l.querySelectorAll('iframe[data-secret=\"'+t.secret+'\"]'),o=l.querySelectorAll('blockquote[data-secret=\"'+t.secret+'\"]'),c=new RegExp(\"^https?:$\",\"i\"),i=0;i<o.length;i++)o[i].style.display=\"none\";for(i=0;i<a.length;i++)s=a[i],e.source===s.contentWindow&&(s.removeAttribute(\"style\"),\"height\"===t.message?(1e3<(r=parseInt(t.value,10))?r=1e3:~~r<200&&(r=200),s.height=r):\"link\"===t.message&&(r=new URL(s.getAttribute(\"src\")),n=new URL(t.value),c.test(n.protocol))&&n.host===r.host&&l.activeElement===s&&(d.top.location.href=t.value))}},d.addEventListener(\"message\",d.wp.receiveEmbedMessage,!1),l.addEventListener(\"DOMContentLoaded\",function(){for(var e,t,s=l.querySelectorAll(\"iframe.wp-embedded-content\"),r=0;r<s.length;r++)(t=(e=s[r]).getAttribute(\"data-secret\"))||(t=Math.random().toString(36).substring(2,12),e.src+=\"#?secret=\"+t,e.setAttribute(\"data-secret\",t)),e.contentWindow.postMessage({message:\"ready\",secret:t},\"*\")},!1)))}(window,document);\n\/\/# sourceURL=https:\/\/www.eldiario.net\/portal\/wp-includes\/js\/wp-embed.min.js\n<\/script>\n","thumbnail_url":"https:\/\/www.eldiario.net\/portal\/wp-content\/uploads\/2024\/06\/FOTO-1-3.jpg","thumbnail_width":1024,"thumbnail_height":576,"description":"&nbsp; Marco Antonio \u00abel Diablo\u00bb Etcheverry, el mayor referente del f\u00fatbol boliviano para el mundo, en di\u00e1logo exclusivo con DEPORTES EL DIARIO expres\u00f3 que tiene fe en lo que pueda hacer la Selecci\u00f3n Boliviana en la Copa Am\u00e9rica que ma\u00f1ana abre un nuevo cap\u00edtulo con la presentaci\u00f3n frente a Estados Unidos, desde las 18:00 (HB) [&hellip;]"}

&nbsp; Marco Antonio «el Diablo» Etcheverry, el mayor referente del fútbol boliviano para el mundo, en diálogo exclusivo con DEPORTES EL DIARIO expresó que tiene fe en lo que pueda hacer la Selección Boliviana en la Copa América que mañana abre un nuevo capítulo con la presentación frente a Estados Unidos, desde las 18:00 (HB) [&hellip;]
