{"version":"1.0","provider_name":"El Diario - Bolivia","provider_url":"https:\/\/www.eldiario.net\/portal","title":"Acuerdo prioriza obras en 13 capitan\u00edas guaran\u00edes - El Diario - Bolivia","type":"rich","width":600,"height":338,"html":"<blockquote class=\"wp-embedded-content\" data-secret=\"sRME7aPvO3\"><a href=\"https:\/\/www.eldiario.net\/portal\/2024\/06\/19\/acuerdo-prioriza-obras-en-13-capitanias-guaranies\/\">Acuerdo prioriza obras en 13 capitan\u00edas guaran\u00edes<\/a><\/blockquote><iframe sandbox=\"allow-scripts\" security=\"restricted\" src=\"https:\/\/www.eldiario.net\/portal\/2024\/06\/19\/acuerdo-prioriza-obras-en-13-capitanias-guaranies\/embed\/#?secret=sRME7aPvO3\" width=\"600\" height=\"338\" title=\"\u00abAcuerdo prioriza obras en 13 capitan\u00edas guaran\u00edes\u00bb \u2014 El Diario - Bolivia\" data-secret=\"sRME7aPvO3\" frameborder=\"0\" marginwidth=\"0\" marginheight=\"0\" scrolling=\"no\" class=\"wp-embedded-content\"><\/iframe><script>\n\/*! This file is auto-generated *\/\n!function(d,l){\"use strict\";l.querySelector&&d.addEventListener&&\"undefined\"!=typeof URL&&(d.wp=d.wp||{},d.wp.receiveEmbedMessage||(d.wp.receiveEmbedMessage=function(e){var t=e.data;if((t||t.secret||t.message||t.value)&&!\/[^a-zA-Z0-9]\/.test(t.secret)){for(var s,r,n,a=l.querySelectorAll('iframe[data-secret=\"'+t.secret+'\"]'),o=l.querySelectorAll('blockquote[data-secret=\"'+t.secret+'\"]'),c=new RegExp(\"^https?:$\",\"i\"),i=0;i<o.length;i++)o[i].style.display=\"none\";for(i=0;i<a.length;i++)s=a[i],e.source===s.contentWindow&&(s.removeAttribute(\"style\"),\"height\"===t.message?(1e3<(r=parseInt(t.value,10))?r=1e3:~~r<200&&(r=200),s.height=r):\"link\"===t.message&&(r=new URL(s.getAttribute(\"src\")),n=new URL(t.value),c.test(n.protocol))&&n.host===r.host&&l.activeElement===s&&(d.top.location.href=t.value))}},d.addEventListener(\"message\",d.wp.receiveEmbedMessage,!1),l.addEventListener(\"DOMContentLoaded\",function(){for(var e,t,s=l.querySelectorAll(\"iframe.wp-embedded-content\"),r=0;r<s.length;r++)(t=(e=s[r]).getAttribute(\"data-secret\"))||(t=Math.random().toString(36).substring(2,12),e.src+=\"#?secret=\"+t,e.setAttribute(\"data-secret\",t)),e.contentWindow.postMessage({message:\"ready\",secret:t},\"*\")},!1)))}(window,document);\n\/\/# sourceURL=https:\/\/www.eldiario.net\/portal\/wp-includes\/js\/wp-embed.min.js\n<\/script>\n","thumbnail_url":"https:\/\/www.eldiario.net\/portal\/wp-content\/uploads\/2024\/06\/10-NA-COLORL.jpg","thumbnail_width":1280,"thumbnail_height":852,"description":"La jurisdicci\u00f3n de la entidad territorial aut\u00f3noma Kereimba Yyaambae, ubicado en la provincia Cordillera del departamento de Santa Cruz, fue el lugar hasta donde el gobernador en ejercicio Mario Aguilera, se hizo presente para concretar la firma de acuerdo y compromiso de trabajo con los dirigentes de las 13 capitan\u00edas ind\u00edgenas guaran\u00ed. El encuentro, refrend\u00f3 [&hellip;]"}

Acuerdo prioriza obras en 13 capitanías guaraníes - El Diario - Bolivia

<blockquote class="wp-embedded-content" data-secret="sRME7aPvO3"><a href="https://www.eldiario.net/portal/2024/06/19/acuerdo-prioriza-obras-en-13-capitanias-guaranies/">Acuerdo prioriza obras en 13 capitanías guaraníes</a></blockquote><iframe sandbox="allow-scripts" security="restricted" src="https://www.eldiario.net/portal/2024/06/19/acuerdo-prioriza-obras-en-13-capitanias-guaranies/embed/#?secret=sRME7aPvO3" width="600" height="338" title="«Acuerdo prioriza obras en 13 capitanías guaraníes» — El Diario - Bolivia" data-secret="sRME7aPvO3" frameborder="0" marginwidth="0" marginheight="0" scrolling="no" class="wp-embedded-content"></iframe><script>
/*! This file is auto-generated */
!function(d,l){"use strict";l.querySelector&&d.addEventListener&&"undefined"!=typeof URL&&(d.wp=d.wp||{},d.wp.receiveEmbedMessage||(d.wp.receiveEmbedMessage=function(e){var t=e.data;if((t||t.secret||t.message||t.value)&&!/[^a-zA-Z0-9]/.test(t.secret)){for(var s,r,n,a=l.querySelectorAll('iframe[data-secret="'+t.secret+'"]'),o=l.querySelectorAll('blockquote[data-secret="'+t.secret+'"]'),c=new RegExp("^https?:$","i"),i=0;i<o.length;i++)o[i].style.display="none";for(i=0;i<a.length;i++)s=a[i],e.source===s.contentWindow&&(s.removeAttribute("style"),"height"===t.message?(1e3<(r=parseInt(t.value,10))?r=1e3:~~r<200&&(r=200),s.height=r):"link"===t.message&&(r=new URL(s.getAttribute("src")),n=new URL(t.value),c.test(n.protocol))&&n.host===r.host&&l.activeElement===s&&(d.top.location.href=t.value))}},d.addEventListener("message",d.wp.receiveEmbedMessage,!1),l.addEventListener("DOMContentLoaded",function(){for(var e,t,s=l.querySelectorAll("iframe.wp-embedded-content"),r=0;r<s.length;r++)(t=(e=s[r]).getAttribute("data-secret"))||(t=Math.random().toString(36).substring(2,12),e.src+="#?secret="+t,e.setAttribute("data-secret",t)),e.contentWindow.postMessage({message:"ready",secret:t},"*")},!1)))}(window,document);
//# sourceURL=https://www.eldiario.net/portal/wp-includes/js/wp-embed.min.js
</script>

La jurisdicción de la entidad territorial autónoma Kereimba Yyaambae, ubicado en la provincia Cordillera del departamento de Santa Cruz, fue el lugar hasta donde el gobernador en ejercicio Mario Aguilera, se hizo presente para concretar la firma de acuerdo y compromiso de trabajo con los dirigentes de las 13 capitanías indígenas guaraní. El encuentro, refrendó [&hellip;]
