{"version":"1.0","provider_name":"El Diario - Bolivia","provider_url":"https:\/\/www.eldiario.net\/portal","title":"Quemas devastan 29.000 hect\u00e1reas de vegetaci\u00f3n - El Diario - Bolivia","type":"rich","width":600,"height":338,"html":"<blockquote class=\"wp-embedded-content\" data-secret=\"Xfj9kJt3oQ\"><a href=\"https:\/\/www.eldiario.net\/portal\/2024\/06\/17\/quemas-devastan-29-000-hectareas-de-vegetacion\/\">Quemas devastan 29.000 hect\u00e1reas de vegetaci\u00f3n<\/a><\/blockquote><iframe sandbox=\"allow-scripts\" security=\"restricted\" src=\"https:\/\/www.eldiario.net\/portal\/2024\/06\/17\/quemas-devastan-29-000-hectareas-de-vegetacion\/embed\/#?secret=Xfj9kJt3oQ\" width=\"600\" height=\"338\" title=\"\u00abQuemas devastan 29.000 hect\u00e1reas de vegetaci\u00f3n\u00bb \u2014 El Diario - Bolivia\" data-secret=\"Xfj9kJt3oQ\" frameborder=\"0\" marginwidth=\"0\" marginheight=\"0\" scrolling=\"no\" class=\"wp-embedded-content\"><\/iframe><script>\n\/*! This file is auto-generated *\/\n!function(d,l){\"use strict\";l.querySelector&&d.addEventListener&&\"undefined\"!=typeof URL&&(d.wp=d.wp||{},d.wp.receiveEmbedMessage||(d.wp.receiveEmbedMessage=function(e){var t=e.data;if((t||t.secret||t.message||t.value)&&!\/[^a-zA-Z0-9]\/.test(t.secret)){for(var s,r,n,a=l.querySelectorAll('iframe[data-secret=\"'+t.secret+'\"]'),o=l.querySelectorAll('blockquote[data-secret=\"'+t.secret+'\"]'),c=new RegExp(\"^https?:$\",\"i\"),i=0;i<o.length;i++)o[i].style.display=\"none\";for(i=0;i<a.length;i++)s=a[i],e.source===s.contentWindow&&(s.removeAttribute(\"style\"),\"height\"===t.message?(1e3<(r=parseInt(t.value,10))?r=1e3:~~r<200&&(r=200),s.height=r):\"link\"===t.message&&(r=new URL(s.getAttribute(\"src\")),n=new URL(t.value),c.test(n.protocol))&&n.host===r.host&&l.activeElement===s&&(d.top.location.href=t.value))}},d.addEventListener(\"message\",d.wp.receiveEmbedMessage,!1),l.addEventListener(\"DOMContentLoaded\",function(){for(var e,t,s=l.querySelectorAll(\"iframe.wp-embedded-content\"),r=0;r<s.length;r++)(t=(e=s[r]).getAttribute(\"data-secret\"))||(t=Math.random().toString(36).substring(2,12),e.src+=\"#?secret=\"+t,e.setAttribute(\"data-secret\",t)),e.contentWindow.postMessage({message:\"ready\",secret:t},\"*\")},!1)))}(window,document);\n\/\/# sourceURL=https:\/\/www.eldiario.net\/portal\/wp-includes\/js\/wp-embed.min.js\n<\/script>\n","thumbnail_url":"https:\/\/www.eldiario.net\/portal\/wp-content\/uploads\/2024\/06\/P-3-15-cm-x-10.webp","thumbnail_width":760,"thumbnail_height":520,"description":"La temporada de quemas comenz\u00f3 y la regi\u00f3n est\u00e1 en emergencia por el fuego. Hasta la fecha ya se registran 26 incendios que consumieron m\u00e1s de 29.000 hect\u00e1reas de vegetaci\u00f3n. Las autoridades est\u00e1n al frente de las emergencias con m\u00e1s de 5.000 bomberos que intentan mitigar la \u00e9poca cr\u00edtica. El viceministro de Defensa Civil, Juan [&hellip;]"}

Quemas devastan 29.000 hectáreas de vegetación - El Diario - Bolivia

<blockquote class="wp-embedded-content" data-secret="Xfj9kJt3oQ"><a href="https://www.eldiario.net/portal/2024/06/17/quemas-devastan-29-000-hectareas-de-vegetacion/">Quemas devastan 29.000 hectáreas de vegetación</a></blockquote><iframe sandbox="allow-scripts" security="restricted" src="https://www.eldiario.net/portal/2024/06/17/quemas-devastan-29-000-hectareas-de-vegetacion/embed/#?secret=Xfj9kJt3oQ" width="600" height="338" title="«Quemas devastan 29.000 hectáreas de vegetación» — El Diario - Bolivia" data-secret="Xfj9kJt3oQ" frameborder="0" marginwidth="0" marginheight="0" scrolling="no" class="wp-embedded-content"></iframe><script>
/*! This file is auto-generated */
!function(d,l){"use strict";l.querySelector&&d.addEventListener&&"undefined"!=typeof URL&&(d.wp=d.wp||{},d.wp.receiveEmbedMessage||(d.wp.receiveEmbedMessage=function(e){var t=e.data;if((t||t.secret||t.message||t.value)&&!/[^a-zA-Z0-9]/.test(t.secret)){for(var s,r,n,a=l.querySelectorAll('iframe[data-secret="'+t.secret+'"]'),o=l.querySelectorAll('blockquote[data-secret="'+t.secret+'"]'),c=new RegExp("^https?:$","i"),i=0;i<o.length;i++)o[i].style.display="none";for(i=0;i<a.length;i++)s=a[i],e.source===s.contentWindow&&(s.removeAttribute("style"),"height"===t.message?(1e3<(r=parseInt(t.value,10))?r=1e3:~~r<200&&(r=200),s.height=r):"link"===t.message&&(r=new URL(s.getAttribute("src")),n=new URL(t.value),c.test(n.protocol))&&n.host===r.host&&l.activeElement===s&&(d.top.location.href=t.value))}},d.addEventListener("message",d.wp.receiveEmbedMessage,!1),l.addEventListener("DOMContentLoaded",function(){for(var e,t,s=l.querySelectorAll("iframe.wp-embedded-content"),r=0;r<s.length;r++)(t=(e=s[r]).getAttribute("data-secret"))||(t=Math.random().toString(36).substring(2,12),e.src+="#?secret="+t,e.setAttribute("data-secret",t)),e.contentWindow.postMessage({message:"ready",secret:t},"*")},!1)))}(window,document);
//# sourceURL=https://www.eldiario.net/portal/wp-includes/js/wp-embed.min.js
</script>

La temporada de quemas comenzó y la región está en emergencia por el fuego. Hasta la fecha ya se registran 26 incendios que consumieron más de 29.000 hectáreas de vegetación. Las autoridades están al frente de las emergencias con más de 5.000 bomberos que intentan mitigar la época crítica. El viceministro de Defensa Civil, Juan [&hellip;]
