{"version":"1.0","provider_name":"El Diario - Bolivia","provider_url":"https:\/\/www.eldiario.net\/portal","title":"\u00bfQU\u00c9 ES LA VERRUGA? - El Diario - Bolivia","type":"rich","width":600,"height":338,"html":"<blockquote class=\"wp-embedded-content\" data-secret=\"odDICRfCcF\"><a href=\"https:\/\/www.eldiario.net\/portal\/2024\/06\/16\/que-es-la-verruga\/\">\u00bfQU\u00c9 ES LA VERRUGA?<\/a><\/blockquote><iframe sandbox=\"allow-scripts\" security=\"restricted\" src=\"https:\/\/www.eldiario.net\/portal\/2024\/06\/16\/que-es-la-verruga\/embed\/#?secret=odDICRfCcF\" width=\"600\" height=\"338\" title=\"\u00ab\u00bfQU\u00c9 ES LA VERRUGA?\u00bb \u2014 El Diario - Bolivia\" data-secret=\"odDICRfCcF\" frameborder=\"0\" marginwidth=\"0\" marginheight=\"0\" scrolling=\"no\" class=\"wp-embedded-content\"><\/iframe><script>\n\/*! This file is auto-generated *\/\n!function(d,l){\"use strict\";l.querySelector&&d.addEventListener&&\"undefined\"!=typeof URL&&(d.wp=d.wp||{},d.wp.receiveEmbedMessage||(d.wp.receiveEmbedMessage=function(e){var t=e.data;if((t||t.secret||t.message||t.value)&&!\/[^a-zA-Z0-9]\/.test(t.secret)){for(var s,r,n,a=l.querySelectorAll('iframe[data-secret=\"'+t.secret+'\"]'),o=l.querySelectorAll('blockquote[data-secret=\"'+t.secret+'\"]'),c=new RegExp(\"^https?:$\",\"i\"),i=0;i<o.length;i++)o[i].style.display=\"none\";for(i=0;i<a.length;i++)s=a[i],e.source===s.contentWindow&&(s.removeAttribute(\"style\"),\"height\"===t.message?(1e3<(r=parseInt(t.value,10))?r=1e3:~~r<200&&(r=200),s.height=r):\"link\"===t.message&&(r=new URL(s.getAttribute(\"src\")),n=new URL(t.value),c.test(n.protocol))&&n.host===r.host&&l.activeElement===s&&(d.top.location.href=t.value))}},d.addEventListener(\"message\",d.wp.receiveEmbedMessage,!1),l.addEventListener(\"DOMContentLoaded\",function(){for(var e,t,s=l.querySelectorAll(\"iframe.wp-embedded-content\"),r=0;r<s.length;r++)(t=(e=s[r]).getAttribute(\"data-secret\"))||(t=Math.random().toString(36).substring(2,12),e.src+=\"#?secret=\"+t,e.setAttribute(\"data-secret\",t)),e.contentWindow.postMessage({message:\"ready\",secret:t},\"*\")},!1)))}(window,document);\n\/\/# sourceURL=https:\/\/www.eldiario.net\/portal\/wp-includes\/js\/wp-embed.min.js\n<\/script>\n","thumbnail_url":"https:\/\/www.eldiario.net\/portal\/wp-content\/uploads\/2024\/06\/\u00bfQUE-ES-LA-VERRUGA.jpg","thumbnail_width":1200,"thumbnail_height":1800,"description":"Lic. Lupe Luisa Fern\u00e1ndez Calix &#8211; Enfermera La verruga es una lesi\u00f3n cut\u00e1nea benigna causada por el Virus del Papiloma Humano (VPH) se transmiten al contacto con la piel generalmente son delimitadas c\u00f3mo una protuberancia carnosa de la piel rugosas, redondeadas, irregulares ligeramente gris\u00e1ceo amarillentos o negros gris\u00e1ceos miden de 2 a 10 mil\u00edmetros de [&hellip;]"}

¿QUÉ ES LA VERRUGA? - El Diario - Bolivia

<blockquote class="wp-embedded-content" data-secret="odDICRfCcF"><a href="https://www.eldiario.net/portal/2024/06/16/que-es-la-verruga/">¿QUÉ ES LA VERRUGA?</a></blockquote><iframe sandbox="allow-scripts" security="restricted" src="https://www.eldiario.net/portal/2024/06/16/que-es-la-verruga/embed/#?secret=odDICRfCcF" width="600" height="338" title="«¿QUÉ ES LA VERRUGA?» — El Diario - Bolivia" data-secret="odDICRfCcF" frameborder="0" marginwidth="0" marginheight="0" scrolling="no" class="wp-embedded-content"></iframe><script>
/*! This file is auto-generated */
!function(d,l){"use strict";l.querySelector&&d.addEventListener&&"undefined"!=typeof URL&&(d.wp=d.wp||{},d.wp.receiveEmbedMessage||(d.wp.receiveEmbedMessage=function(e){var t=e.data;if((t||t.secret||t.message||t.value)&&!/[^a-zA-Z0-9]/.test(t.secret)){for(var s,r,n,a=l.querySelectorAll('iframe[data-secret="'+t.secret+'"]'),o=l.querySelectorAll('blockquote[data-secret="'+t.secret+'"]'),c=new RegExp("^https?:$","i"),i=0;i<o.length;i++)o[i].style.display="none";for(i=0;i<a.length;i++)s=a[i],e.source===s.contentWindow&&(s.removeAttribute("style"),"height"===t.message?(1e3<(r=parseInt(t.value,10))?r=1e3:~~r<200&&(r=200),s.height=r):"link"===t.message&&(r=new URL(s.getAttribute("src")),n=new URL(t.value),c.test(n.protocol))&&n.host===r.host&&l.activeElement===s&&(d.top.location.href=t.value))}},d.addEventListener("message",d.wp.receiveEmbedMessage,!1),l.addEventListener("DOMContentLoaded",function(){for(var e,t,s=l.querySelectorAll("iframe.wp-embedded-content"),r=0;r<s.length;r++)(t=(e=s[r]).getAttribute("data-secret"))||(t=Math.random().toString(36).substring(2,12),e.src+="#?secret="+t,e.setAttribute("data-secret",t)),e.contentWindow.postMessage({message:"ready",secret:t},"*")},!1)))}(window,document);
//# sourceURL=https://www.eldiario.net/portal/wp-includes/js/wp-embed.min.js
</script>

Lic. Lupe Luisa Fernández Calix &#8211; Enfermera La verruga es una lesión cutánea benigna causada por el Virus del Papiloma Humano (VPH) se transmiten al contacto con la piel generalmente son delimitadas cómo una protuberancia carnosa de la piel rugosas, redondeadas, irregulares ligeramente grisáceo amarillentos o negros grisáceos miden de 2 a 10 milímetros de [&hellip;]
