{"version":"1.0","provider_name":"El Diario - Bolivia","provider_url":"https:\/\/www.eldiario.net\/portal","title":"Univalle reconoce labor de periodistas - El Diario - Bolivia","type":"rich","width":600,"height":338,"html":"<blockquote class=\"wp-embedded-content\" data-secret=\"8YpwjcWJ2H\"><a href=\"https:\/\/www.eldiario.net\/portal\/2024\/06\/15\/univalle-reconoce-labor-de-periodistas\/\">Univalle reconoce labor de periodistas<\/a><\/blockquote><iframe sandbox=\"allow-scripts\" security=\"restricted\" src=\"https:\/\/www.eldiario.net\/portal\/2024\/06\/15\/univalle-reconoce-labor-de-periodistas\/embed\/#?secret=8YpwjcWJ2H\" width=\"600\" height=\"338\" title=\"\u00abUnivalle reconoce labor de periodistas\u00bb \u2014 El Diario - Bolivia\" data-secret=\"8YpwjcWJ2H\" frameborder=\"0\" marginwidth=\"0\" marginheight=\"0\" scrolling=\"no\" class=\"wp-embedded-content\"><\/iframe><script>\n\/*! This file is auto-generated *\/\n!function(d,l){\"use strict\";l.querySelector&&d.addEventListener&&\"undefined\"!=typeof URL&&(d.wp=d.wp||{},d.wp.receiveEmbedMessage||(d.wp.receiveEmbedMessage=function(e){var t=e.data;if((t||t.secret||t.message||t.value)&&!\/[^a-zA-Z0-9]\/.test(t.secret)){for(var s,r,n,a=l.querySelectorAll('iframe[data-secret=\"'+t.secret+'\"]'),o=l.querySelectorAll('blockquote[data-secret=\"'+t.secret+'\"]'),c=new RegExp(\"^https?:$\",\"i\"),i=0;i<o.length;i++)o[i].style.display=\"none\";for(i=0;i<a.length;i++)s=a[i],e.source===s.contentWindow&&(s.removeAttribute(\"style\"),\"height\"===t.message?(1e3<(r=parseInt(t.value,10))?r=1e3:~~r<200&&(r=200),s.height=r):\"link\"===t.message&&(r=new URL(s.getAttribute(\"src\")),n=new URL(t.value),c.test(n.protocol))&&n.host===r.host&&l.activeElement===s&&(d.top.location.href=t.value))}},d.addEventListener(\"message\",d.wp.receiveEmbedMessage,!1),l.addEventListener(\"DOMContentLoaded\",function(){for(var e,t,s=l.querySelectorAll(\"iframe.wp-embedded-content\"),r=0;r<s.length;r++)(t=(e=s[r]).getAttribute(\"data-secret\"))||(t=Math.random().toString(36).substring(2,12),e.src+=\"#?secret=\"+t,e.setAttribute(\"data-secret\",t)),e.contentWindow.postMessage({message:\"ready\",secret:t},\"*\")},!1)))}(window,document);\n\/\/# sourceURL=https:\/\/www.eldiario.net\/portal\/wp-includes\/js\/wp-embed.min.js\n<\/script>\n","thumbnail_url":"https:\/\/www.eldiario.net\/portal\/wp-content\/uploads\/2024\/06\/UNI33.jpg","thumbnail_width":1200,"thumbnail_height":800,"description":"Univalle Sede Acad\u00e9mica La Paz y la carrera de Comunicaci\u00f3n y Medios Digitales de Univalle Sede Acad\u00e9mica La Paz reconoci\u00f3 la trayectoria profesional de periodistas de diversos medios de informaci\u00f3n, en acto celebrado en el paraninfo de la prestigiosa casa de estudios superiores. La ceremonia estuvo presidida por el director del Departamento Acad\u00e9mico de Comunicaci\u00f3n [&hellip;]"}

Univalle Sede Académica La Paz y la carrera de Comunicación y Medios Digitales de Univalle Sede Académica La Paz reconoció la trayectoria profesional de periodistas de diversos medios de información, en acto celebrado en el paraninfo de la prestigiosa casa de estudios superiores. La ceremonia estuvo presidida por el director del Departamento Académico de Comunicación [&hellip;]
