{"version":"1.0","provider_name":"El Diario - Bolivia","provider_url":"https:\/\/www.eldiario.net\/portal","title":"Rescatan a adolescente de explotaci\u00f3n laboral - El Diario - Bolivia","type":"rich","width":600,"height":338,"html":"<blockquote class=\"wp-embedded-content\" data-secret=\"5jQ7ssitIC\"><a href=\"https:\/\/www.eldiario.net\/portal\/2024\/06\/14\/rescatan-a-adolescente-de-explotacion-laboral\/\">Rescatan a adolescente de explotaci\u00f3n laboral<\/a><\/blockquote><iframe sandbox=\"allow-scripts\" security=\"restricted\" src=\"https:\/\/www.eldiario.net\/portal\/2024\/06\/14\/rescatan-a-adolescente-de-explotacion-laboral\/embed\/#?secret=5jQ7ssitIC\" width=\"600\" height=\"338\" title=\"\u00abRescatan a adolescente de explotaci\u00f3n laboral\u00bb \u2014 El Diario - Bolivia\" data-secret=\"5jQ7ssitIC\" frameborder=\"0\" marginwidth=\"0\" marginheight=\"0\" scrolling=\"no\" class=\"wp-embedded-content\"><\/iframe><script>\n\/*! This file is auto-generated *\/\n!function(d,l){\"use strict\";l.querySelector&&d.addEventListener&&\"undefined\"!=typeof URL&&(d.wp=d.wp||{},d.wp.receiveEmbedMessage||(d.wp.receiveEmbedMessage=function(e){var t=e.data;if((t||t.secret||t.message||t.value)&&!\/[^a-zA-Z0-9]\/.test(t.secret)){for(var s,r,n,a=l.querySelectorAll('iframe[data-secret=\"'+t.secret+'\"]'),o=l.querySelectorAll('blockquote[data-secret=\"'+t.secret+'\"]'),c=new RegExp(\"^https?:$\",\"i\"),i=0;i<o.length;i++)o[i].style.display=\"none\";for(i=0;i<a.length;i++)s=a[i],e.source===s.contentWindow&&(s.removeAttribute(\"style\"),\"height\"===t.message?(1e3<(r=parseInt(t.value,10))?r=1e3:~~r<200&&(r=200),s.height=r):\"link\"===t.message&&(r=new URL(s.getAttribute(\"src\")),n=new URL(t.value),c.test(n.protocol))&&n.host===r.host&&l.activeElement===s&&(d.top.location.href=t.value))}},d.addEventListener(\"message\",d.wp.receiveEmbedMessage,!1),l.addEventListener(\"DOMContentLoaded\",function(){for(var e,t,s=l.querySelectorAll(\"iframe.wp-embedded-content\"),r=0;r<s.length;r++)(t=(e=s[r]).getAttribute(\"data-secret\"))||(t=Math.random().toString(36).substring(2,12),e.src+=\"#?secret=\"+t,e.setAttribute(\"data-secret\",t)),e.contentWindow.postMessage({message:\"ready\",secret:t},\"*\")},!1)))}(window,document);\n\/\/# sourceURL=https:\/\/www.eldiario.net\/portal\/wp-includes\/js\/wp-embed.min.js\n<\/script>\n","thumbnail_url":"https:\/\/www.eldiario.net\/portal\/wp-content\/uploads\/2024\/06\/14-TRATA.jpg","thumbnail_width":1200,"thumbnail_height":600,"description":"Las autoridades lograron rescatar ayer a una adolescente de 15 a\u00f1os en la Terminal de El Alto justo cuando se embarcaba hacia la ciudad de Oruro con fines de explotaci\u00f3n laboral, en compa\u00f1\u00eda de un sujeto de 53 a\u00f1os, quien fue enviado preventivamente a la c\u00e1rcel. El sujeto pretend\u00eda embarcarse en una flota hacia Oruro [&hellip;]"}

Rescatan a adolescente de explotación laboral - El Diario - Bolivia

<blockquote class="wp-embedded-content" data-secret="5jQ7ssitIC"><a href="https://www.eldiario.net/portal/2024/06/14/rescatan-a-adolescente-de-explotacion-laboral/">Rescatan a adolescente de explotación laboral</a></blockquote><iframe sandbox="allow-scripts" security="restricted" src="https://www.eldiario.net/portal/2024/06/14/rescatan-a-adolescente-de-explotacion-laboral/embed/#?secret=5jQ7ssitIC" width="600" height="338" title="«Rescatan a adolescente de explotación laboral» — El Diario - Bolivia" data-secret="5jQ7ssitIC" frameborder="0" marginwidth="0" marginheight="0" scrolling="no" class="wp-embedded-content"></iframe><script>
/*! This file is auto-generated */
!function(d,l){"use strict";l.querySelector&&d.addEventListener&&"undefined"!=typeof URL&&(d.wp=d.wp||{},d.wp.receiveEmbedMessage||(d.wp.receiveEmbedMessage=function(e){var t=e.data;if((t||t.secret||t.message||t.value)&&!/[^a-zA-Z0-9]/.test(t.secret)){for(var s,r,n,a=l.querySelectorAll('iframe[data-secret="'+t.secret+'"]'),o=l.querySelectorAll('blockquote[data-secret="'+t.secret+'"]'),c=new RegExp("^https?:$","i"),i=0;i<o.length;i++)o[i].style.display="none";for(i=0;i<a.length;i++)s=a[i],e.source===s.contentWindow&&(s.removeAttribute("style"),"height"===t.message?(1e3<(r=parseInt(t.value,10))?r=1e3:~~r<200&&(r=200),s.height=r):"link"===t.message&&(r=new URL(s.getAttribute("src")),n=new URL(t.value),c.test(n.protocol))&&n.host===r.host&&l.activeElement===s&&(d.top.location.href=t.value))}},d.addEventListener("message",d.wp.receiveEmbedMessage,!1),l.addEventListener("DOMContentLoaded",function(){for(var e,t,s=l.querySelectorAll("iframe.wp-embedded-content"),r=0;r<s.length;r++)(t=(e=s[r]).getAttribute("data-secret"))||(t=Math.random().toString(36).substring(2,12),e.src+="#?secret="+t,e.setAttribute("data-secret",t)),e.contentWindow.postMessage({message:"ready",secret:t},"*")},!1)))}(window,document);
//# sourceURL=https://www.eldiario.net/portal/wp-includes/js/wp-embed.min.js
</script>

Las autoridades lograron rescatar ayer a una adolescente de 15 años en la Terminal de El Alto justo cuando se embarcaba hacia la ciudad de Oruro con fines de explotación laboral, en compañía de un sujeto de 53 años, quien fue enviado preventivamente a la cárcel. El sujeto pretendía embarcarse en una flota hacia Oruro [&hellip;]
