{"version":"1.0","provider_name":"El Diario - Bolivia","provider_url":"https:\/\/www.eldiario.net\/portal","title":"\u00bfRaza o poder? - El Diario - Bolivia","type":"rich","width":600,"height":338,"html":"<blockquote class=\"wp-embedded-content\" data-secret=\"fQj6vDgAbz\"><a href=\"https:\/\/www.eldiario.net\/portal\/2024\/06\/14\/raza-o-poder-2\/\">\u00bfRaza o poder?<\/a><\/blockquote><iframe sandbox=\"allow-scripts\" security=\"restricted\" src=\"https:\/\/www.eldiario.net\/portal\/2024\/06\/14\/raza-o-poder-2\/embed\/#?secret=fQj6vDgAbz\" width=\"600\" height=\"338\" title=\"\u00ab\u00bfRaza o poder?\u00bb \u2014 El Diario - Bolivia\" data-secret=\"fQj6vDgAbz\" frameborder=\"0\" marginwidth=\"0\" marginheight=\"0\" scrolling=\"no\" class=\"wp-embedded-content\"><\/iframe><script>\n\/*! This file is auto-generated *\/\n!function(d,l){\"use strict\";l.querySelector&&d.addEventListener&&\"undefined\"!=typeof URL&&(d.wp=d.wp||{},d.wp.receiveEmbedMessage||(d.wp.receiveEmbedMessage=function(e){var t=e.data;if((t||t.secret||t.message||t.value)&&!\/[^a-zA-Z0-9]\/.test(t.secret)){for(var s,r,n,a=l.querySelectorAll('iframe[data-secret=\"'+t.secret+'\"]'),o=l.querySelectorAll('blockquote[data-secret=\"'+t.secret+'\"]'),c=new RegExp(\"^https?:$\",\"i\"),i=0;i<o.length;i++)o[i].style.display=\"none\";for(i=0;i<a.length;i++)s=a[i],e.source===s.contentWindow&&(s.removeAttribute(\"style\"),\"height\"===t.message?(1e3<(r=parseInt(t.value,10))?r=1e3:~~r<200&&(r=200),s.height=r):\"link\"===t.message&&(r=new URL(s.getAttribute(\"src\")),n=new URL(t.value),c.test(n.protocol))&&n.host===r.host&&l.activeElement===s&&(d.top.location.href=t.value))}},d.addEventListener(\"message\",d.wp.receiveEmbedMessage,!1),l.addEventListener(\"DOMContentLoaded\",function(){for(var e,t,s=l.querySelectorAll(\"iframe.wp-embedded-content\"),r=0;r<s.length;r++)(t=(e=s[r]).getAttribute(\"data-secret\"))||(t=Math.random().toString(36).substring(2,12),e.src+=\"#?secret=\"+t,e.setAttribute(\"data-secret\",t)),e.contentWindow.postMessage({message:\"ready\",secret:t},\"*\")},!1)))}(window,document);\n\/\/# sourceURL=https:\/\/www.eldiario.net\/portal\/wp-includes\/js\/wp-embed.min.js\n<\/script>\n","thumbnail_url":"https:\/\/www.eldiario.net\/portal\/wp-content\/uploads\/2023\/06\/Manfredo-Kempff-Suarez.jpg","thumbnail_width":1200,"thumbnail_height":628,"description":"Del Alto Per\u00fa netamente ind\u00edgena y luego de la Bolivia independiente surgi\u00f3 con el transcurrir del tiempo una naci\u00f3n cada vez m\u00e1s mestiza, con algunas ciudades donde exist\u00eda un importante patronazgo criollo, de estirpe hispana, que fue el dominante. Sin estad\u00edsticas a la mano, se podr\u00e1 estimar que, a comienzos del siglo pasado la mitad [&hellip;]"}

Del Alto Perú netamente indígena y luego de la Bolivia independiente surgió con el transcurrir del tiempo una nación cada vez más mestiza, con algunas ciudades donde existía un importante patronazgo criollo, de estirpe hispana, que fue el dominante. Sin estadísticas a la mano, se podrá estimar que, a comienzos del siglo pasado la mitad [&hellip;]
