{"version":"1.0","provider_name":"El Diario - Bolivia","provider_url":"https:\/\/www.eldiario.net\/portal","title":"La hist\u00f3rica Copa Sudamericana para la Verde - El Diario - Bolivia","type":"rich","width":600,"height":338,"html":"<blockquote class=\"wp-embedded-content\" data-secret=\"PTonrMi1KZ\"><a href=\"https:\/\/www.eldiario.net\/portal\/2024\/06\/08\/la-historica-copa-sudamericana-para-la-verde\/\">La hist\u00f3rica Copa Sudamericana  para la Verde<\/a><\/blockquote><iframe sandbox=\"allow-scripts\" security=\"restricted\" src=\"https:\/\/www.eldiario.net\/portal\/2024\/06\/08\/la-historica-copa-sudamericana-para-la-verde\/embed\/#?secret=PTonrMi1KZ\" width=\"600\" height=\"338\" title=\"\u00abLa hist\u00f3rica Copa Sudamericana  para la Verde\u00bb \u2014 El Diario - Bolivia\" data-secret=\"PTonrMi1KZ\" frameborder=\"0\" marginwidth=\"0\" marginheight=\"0\" scrolling=\"no\" class=\"wp-embedded-content\"><\/iframe><script>\n\/*! This file is auto-generated *\/\n!function(d,l){\"use strict\";l.querySelector&&d.addEventListener&&\"undefined\"!=typeof URL&&(d.wp=d.wp||{},d.wp.receiveEmbedMessage||(d.wp.receiveEmbedMessage=function(e){var t=e.data;if((t||t.secret||t.message||t.value)&&!\/[^a-zA-Z0-9]\/.test(t.secret)){for(var s,r,n,a=l.querySelectorAll('iframe[data-secret=\"'+t.secret+'\"]'),o=l.querySelectorAll('blockquote[data-secret=\"'+t.secret+'\"]'),c=new RegExp(\"^https?:$\",\"i\"),i=0;i<o.length;i++)o[i].style.display=\"none\";for(i=0;i<a.length;i++)s=a[i],e.source===s.contentWindow&&(s.removeAttribute(\"style\"),\"height\"===t.message?(1e3<(r=parseInt(t.value,10))?r=1e3:~~r<200&&(r=200),s.height=r):\"link\"===t.message&&(r=new URL(s.getAttribute(\"src\")),n=new URL(t.value),c.test(n.protocol))&&n.host===r.host&&l.activeElement===s&&(d.top.location.href=t.value))}},d.addEventListener(\"message\",d.wp.receiveEmbedMessage,!1),l.addEventListener(\"DOMContentLoaded\",function(){for(var e,t,s=l.querySelectorAll(\"iframe.wp-embedded-content\"),r=0;r<s.length;r++)(t=(e=s[r]).getAttribute(\"data-secret\"))||(t=Math.random().toString(36).substring(2,12),e.src+=\"#?secret=\"+t,e.setAttribute(\"data-secret\",t)),e.contentWindow.postMessage({message:\"ready\",secret:t},\"*\")},!1)))}(window,document);\n\/\/# sourceURL=https:\/\/www.eldiario.net\/portal\/wp-includes\/js\/wp-embed.min.js\n<\/script>\n","thumbnail_url":"https:\/\/www.eldiario.net\/portal\/wp-content\/uploads\/2024\/06\/FOTO-5.jpg","thumbnail_width":570,"thumbnail_height":320,"description":"Uno de los hechos hist\u00f3ricos del f\u00fatbol boliviano, fue la consecuci\u00f3n del t\u00edtulo sudamericano en 1963. Esta versi\u00f3n del torneo se realiz\u00f3 (por primera vez) en Bolivia, entre el 10 de marzo y el 31 de marzo de 1963. Los juegos se disputaron en dos sedes: La Paz y Cochabamba. Bolivia se qued\u00f3 con el [&hellip;]"}

La histórica Copa Sudamericana para la Verde - El Diario - Bolivia

<blockquote class="wp-embedded-content" data-secret="PTonrMi1KZ"><a href="https://www.eldiario.net/portal/2024/06/08/la-historica-copa-sudamericana-para-la-verde/">La histórica Copa Sudamericana  para la Verde</a></blockquote><iframe sandbox="allow-scripts" security="restricted" src="https://www.eldiario.net/portal/2024/06/08/la-historica-copa-sudamericana-para-la-verde/embed/#?secret=PTonrMi1KZ" width="600" height="338" title="«La histórica Copa Sudamericana  para la Verde» — El Diario - Bolivia" data-secret="PTonrMi1KZ" frameborder="0" marginwidth="0" marginheight="0" scrolling="no" class="wp-embedded-content"></iframe><script>
/*! This file is auto-generated */
!function(d,l){"use strict";l.querySelector&&d.addEventListener&&"undefined"!=typeof URL&&(d.wp=d.wp||{},d.wp.receiveEmbedMessage||(d.wp.receiveEmbedMessage=function(e){var t=e.data;if((t||t.secret||t.message||t.value)&&!/[^a-zA-Z0-9]/.test(t.secret)){for(var s,r,n,a=l.querySelectorAll('iframe[data-secret="'+t.secret+'"]'),o=l.querySelectorAll('blockquote[data-secret="'+t.secret+'"]'),c=new RegExp("^https?:$","i"),i=0;i<o.length;i++)o[i].style.display="none";for(i=0;i<a.length;i++)s=a[i],e.source===s.contentWindow&&(s.removeAttribute("style"),"height"===t.message?(1e3<(r=parseInt(t.value,10))?r=1e3:~~r<200&&(r=200),s.height=r):"link"===t.message&&(r=new URL(s.getAttribute("src")),n=new URL(t.value),c.test(n.protocol))&&n.host===r.host&&l.activeElement===s&&(d.top.location.href=t.value))}},d.addEventListener("message",d.wp.receiveEmbedMessage,!1),l.addEventListener("DOMContentLoaded",function(){for(var e,t,s=l.querySelectorAll("iframe.wp-embedded-content"),r=0;r<s.length;r++)(t=(e=s[r]).getAttribute("data-secret"))||(t=Math.random().toString(36).substring(2,12),e.src+="#?secret="+t,e.setAttribute("data-secret",t)),e.contentWindow.postMessage({message:"ready",secret:t},"*")},!1)))}(window,document);
//# sourceURL=https://www.eldiario.net/portal/wp-includes/js/wp-embed.min.js
</script>

Uno de los hechos históricos del fútbol boliviano, fue la consecución del título sudamericano en 1963. Esta versión del torneo se realizó (por primera vez) en Bolivia, entre el 10 de marzo y el 31 de marzo de 1963. Los juegos se disputaron en dos sedes: La Paz y Cochabamba. Bolivia se quedó con el [&hellip;]
