{"version":"1.0","provider_name":"El Diario - Bolivia","provider_url":"https:\/\/www.eldiario.net\/portal","title":"Nueva \u00e9poca asociativa - El Diario - Bolivia","type":"rich","width":600,"height":338,"html":"<blockquote class=\"wp-embedded-content\" data-secret=\"LUanv5kHIk\"><a href=\"https:\/\/www.eldiario.net\/portal\/2024\/05\/30\/nueva-epoca-asociativa\/\">Nueva \u00e9poca asociativa<\/a><\/blockquote><iframe sandbox=\"allow-scripts\" security=\"restricted\" src=\"https:\/\/www.eldiario.net\/portal\/2024\/05\/30\/nueva-epoca-asociativa\/embed\/#?secret=LUanv5kHIk\" width=\"600\" height=\"338\" title=\"\u00abNueva \u00e9poca asociativa\u00bb \u2014 El Diario - Bolivia\" data-secret=\"LUanv5kHIk\" frameborder=\"0\" marginwidth=\"0\" marginheight=\"0\" scrolling=\"no\" class=\"wp-embedded-content\"><\/iframe><script>\n\/*! This file is auto-generated *\/\n!function(d,l){\"use strict\";l.querySelector&&d.addEventListener&&\"undefined\"!=typeof URL&&(d.wp=d.wp||{},d.wp.receiveEmbedMessage||(d.wp.receiveEmbedMessage=function(e){var t=e.data;if((t||t.secret||t.message||t.value)&&!\/[^a-zA-Z0-9]\/.test(t.secret)){for(var s,r,n,a=l.querySelectorAll('iframe[data-secret=\"'+t.secret+'\"]'),o=l.querySelectorAll('blockquote[data-secret=\"'+t.secret+'\"]'),c=new RegExp(\"^https?:$\",\"i\"),i=0;i<o.length;i++)o[i].style.display=\"none\";for(i=0;i<a.length;i++)s=a[i],e.source===s.contentWindow&&(s.removeAttribute(\"style\"),\"height\"===t.message?(1e3<(r=parseInt(t.value,10))?r=1e3:~~r<200&&(r=200),s.height=r):\"link\"===t.message&&(r=new URL(s.getAttribute(\"src\")),n=new URL(t.value),c.test(n.protocol))&&n.host===r.host&&l.activeElement===s&&(d.top.location.href=t.value))}},d.addEventListener(\"message\",d.wp.receiveEmbedMessage,!1),l.addEventListener(\"DOMContentLoaded\",function(){for(var e,t,s=l.querySelectorAll(\"iframe.wp-embedded-content\"),r=0;r<s.length;r++)(t=(e=s[r]).getAttribute(\"data-secret\"))||(t=Math.random().toString(36).substring(2,12),e.src+=\"#?secret=\"+t,e.setAttribute(\"data-secret\",t)),e.contentWindow.postMessage({message:\"ready\",secret:t},\"*\")},!1)))}(window,document);\n\/\/# sourceURL=https:\/\/www.eldiario.net\/portal\/wp-includes\/js\/wp-embed.min.js\n<\/script>\n","thumbnail_url":"https:\/\/www.eldiario.net\/portal\/wp-content\/uploads\/2023\/06\/Victor-Corcoba-Herrero-1.jpg","thumbnail_width":1200,"thumbnail_height":628,"description":"Quiz\u00e1s, hoy m\u00e1s que nunca, debamos ser sembradores de esperanza; no vayamos a que las decepciones nos trituren la ilusi\u00f3n de vivir, dej\u00e1ndonos sin sentimiento alguno. &nbsp; A nadie le es l\u00edcito permanecer ocioso e indiferente, que lo sepamos. Todos tenemos una tarea que realizar, un quehacer como misi\u00f3n colectiva. El mundo necesita hermanarse, romper [&hellip;]"}

Nueva época asociativa - El Diario - Bolivia

<blockquote class="wp-embedded-content" data-secret="LUanv5kHIk"><a href="https://www.eldiario.net/portal/2024/05/30/nueva-epoca-asociativa/">Nueva época asociativa</a></blockquote><iframe sandbox="allow-scripts" security="restricted" src="https://www.eldiario.net/portal/2024/05/30/nueva-epoca-asociativa/embed/#?secret=LUanv5kHIk" width="600" height="338" title="«Nueva época asociativa» — El Diario - Bolivia" data-secret="LUanv5kHIk" frameborder="0" marginwidth="0" marginheight="0" scrolling="no" class="wp-embedded-content"></iframe><script>
/*! This file is auto-generated */
!function(d,l){"use strict";l.querySelector&&d.addEventListener&&"undefined"!=typeof URL&&(d.wp=d.wp||{},d.wp.receiveEmbedMessage||(d.wp.receiveEmbedMessage=function(e){var t=e.data;if((t||t.secret||t.message||t.value)&&!/[^a-zA-Z0-9]/.test(t.secret)){for(var s,r,n,a=l.querySelectorAll('iframe[data-secret="'+t.secret+'"]'),o=l.querySelectorAll('blockquote[data-secret="'+t.secret+'"]'),c=new RegExp("^https?:$","i"),i=0;i<o.length;i++)o[i].style.display="none";for(i=0;i<a.length;i++)s=a[i],e.source===s.contentWindow&&(s.removeAttribute("style"),"height"===t.message?(1e3<(r=parseInt(t.value,10))?r=1e3:~~r<200&&(r=200),s.height=r):"link"===t.message&&(r=new URL(s.getAttribute("src")),n=new URL(t.value),c.test(n.protocol))&&n.host===r.host&&l.activeElement===s&&(d.top.location.href=t.value))}},d.addEventListener("message",d.wp.receiveEmbedMessage,!1),l.addEventListener("DOMContentLoaded",function(){for(var e,t,s=l.querySelectorAll("iframe.wp-embedded-content"),r=0;r<s.length;r++)(t=(e=s[r]).getAttribute("data-secret"))||(t=Math.random().toString(36).substring(2,12),e.src+="#?secret="+t,e.setAttribute("data-secret",t)),e.contentWindow.postMessage({message:"ready",secret:t},"*")},!1)))}(window,document);
//# sourceURL=https://www.eldiario.net/portal/wp-includes/js/wp-embed.min.js
</script>

Quizás, hoy más que nunca, debamos ser sembradores de esperanza; no vayamos a que las decepciones nos trituren la ilusión de vivir, dejándonos sin sentimiento alguno. &nbsp; A nadie le es lícito permanecer ocioso e indiferente, que lo sepamos. Todos tenemos una tarea que realizar, un quehacer como misión colectiva. El mundo necesita hermanarse, romper [&hellip;]
