{"version":"1.0","provider_name":"El Diario - Bolivia","provider_url":"https:\/\/www.eldiario.net\/portal","title":"Menstruaci\u00f3n y tab\u00faes: no combinan - El Diario - Bolivia","type":"rich","width":600,"height":338,"html":"<blockquote class=\"wp-embedded-content\" data-secret=\"OLLJfTk6gI\"><a href=\"https:\/\/www.eldiario.net\/portal\/2024\/05\/29\/menstruacion-y-tabues-no-combinan\/\">Menstruaci\u00f3n y tab\u00faes: no combinan<\/a><\/blockquote><iframe sandbox=\"allow-scripts\" security=\"restricted\" src=\"https:\/\/www.eldiario.net\/portal\/2024\/05\/29\/menstruacion-y-tabues-no-combinan\/embed\/#?secret=OLLJfTk6gI\" width=\"600\" height=\"338\" title=\"\u00abMenstruaci\u00f3n y tab\u00faes: no combinan\u00bb \u2014 El Diario - Bolivia\" data-secret=\"OLLJfTk6gI\" frameborder=\"0\" marginwidth=\"0\" marginheight=\"0\" scrolling=\"no\" class=\"wp-embedded-content\"><\/iframe><script>\n\/*! This file is auto-generated *\/\n!function(d,l){\"use strict\";l.querySelector&&d.addEventListener&&\"undefined\"!=typeof URL&&(d.wp=d.wp||{},d.wp.receiveEmbedMessage||(d.wp.receiveEmbedMessage=function(e){var t=e.data;if((t||t.secret||t.message||t.value)&&!\/[^a-zA-Z0-9]\/.test(t.secret)){for(var s,r,n,a=l.querySelectorAll('iframe[data-secret=\"'+t.secret+'\"]'),o=l.querySelectorAll('blockquote[data-secret=\"'+t.secret+'\"]'),c=new RegExp(\"^https?:$\",\"i\"),i=0;i<o.length;i++)o[i].style.display=\"none\";for(i=0;i<a.length;i++)s=a[i],e.source===s.contentWindow&&(s.removeAttribute(\"style\"),\"height\"===t.message?(1e3<(r=parseInt(t.value,10))?r=1e3:~~r<200&&(r=200),s.height=r):\"link\"===t.message&&(r=new URL(s.getAttribute(\"src\")),n=new URL(t.value),c.test(n.protocol))&&n.host===r.host&&l.activeElement===s&&(d.top.location.href=t.value))}},d.addEventListener(\"message\",d.wp.receiveEmbedMessage,!1),l.addEventListener(\"DOMContentLoaded\",function(){for(var e,t,s=l.querySelectorAll(\"iframe.wp-embedded-content\"),r=0;r<s.length;r++)(t=(e=s[r]).getAttribute(\"data-secret\"))||(t=Math.random().toString(36).substring(2,12),e.src+=\"#?secret=\"+t,e.setAttribute(\"data-secret\",t)),e.contentWindow.postMessage({message:\"ready\",secret:t},\"*\")},!1)))}(window,document);\n\/\/# sourceURL=https:\/\/www.eldiario.net\/portal\/wp-includes\/js\/wp-embed.min.js\n<\/script>\n","thumbnail_url":"https:\/\/www.eldiario.net\/portal\/wp-content\/uploads\/2024\/05\/NOTA-2-FOTO-1-2.jpg","thumbnail_width":800,"thumbnail_height":591,"description":"Por Mar\u00eda Laura Tapia &nbsp; Muchas ni\u00f1as no reciben informaci\u00f3n de la menstruaci\u00f3n la primera vez que lo experimentan. Esto es importante El ciclo menstrual, una parte natural de la vida de todas las mujeres, ha sido injustamente estigmatizado a lo largo de la historia, releg\u00e1ndolo a un tema tab\u00fa. Dos de cada tres ni\u00f1as [&hellip;]"}

Menstruación y tabúes: no combinan - El Diario - Bolivia

<blockquote class="wp-embedded-content" data-secret="OLLJfTk6gI"><a href="https://www.eldiario.net/portal/2024/05/29/menstruacion-y-tabues-no-combinan/">Menstruación y tabúes: no combinan</a></blockquote><iframe sandbox="allow-scripts" security="restricted" src="https://www.eldiario.net/portal/2024/05/29/menstruacion-y-tabues-no-combinan/embed/#?secret=OLLJfTk6gI" width="600" height="338" title="«Menstruación y tabúes: no combinan» — El Diario - Bolivia" data-secret="OLLJfTk6gI" frameborder="0" marginwidth="0" marginheight="0" scrolling="no" class="wp-embedded-content"></iframe><script>
/*! This file is auto-generated */
!function(d,l){"use strict";l.querySelector&&d.addEventListener&&"undefined"!=typeof URL&&(d.wp=d.wp||{},d.wp.receiveEmbedMessage||(d.wp.receiveEmbedMessage=function(e){var t=e.data;if((t||t.secret||t.message||t.value)&&!/[^a-zA-Z0-9]/.test(t.secret)){for(var s,r,n,a=l.querySelectorAll('iframe[data-secret="'+t.secret+'"]'),o=l.querySelectorAll('blockquote[data-secret="'+t.secret+'"]'),c=new RegExp("^https?:$","i"),i=0;i<o.length;i++)o[i].style.display="none";for(i=0;i<a.length;i++)s=a[i],e.source===s.contentWindow&&(s.removeAttribute("style"),"height"===t.message?(1e3<(r=parseInt(t.value,10))?r=1e3:~~r<200&&(r=200),s.height=r):"link"===t.message&&(r=new URL(s.getAttribute("src")),n=new URL(t.value),c.test(n.protocol))&&n.host===r.host&&l.activeElement===s&&(d.top.location.href=t.value))}},d.addEventListener("message",d.wp.receiveEmbedMessage,!1),l.addEventListener("DOMContentLoaded",function(){for(var e,t,s=l.querySelectorAll("iframe.wp-embedded-content"),r=0;r<s.length;r++)(t=(e=s[r]).getAttribute("data-secret"))||(t=Math.random().toString(36).substring(2,12),e.src+="#?secret="+t,e.setAttribute("data-secret",t)),e.contentWindow.postMessage({message:"ready",secret:t},"*")},!1)))}(window,document);
//# sourceURL=https://www.eldiario.net/portal/wp-includes/js/wp-embed.min.js
</script>

Por María Laura Tapia &nbsp; Muchas niñas no reciben información de la menstruación la primera vez que lo experimentan. Esto es importante El ciclo menstrual, una parte natural de la vida de todas las mujeres, ha sido injustamente estigmatizado a lo largo de la historia, relegándolo a un tema tabú. Dos de cada tres niñas [&hellip;]
