{"version":"1.0","provider_name":"El Diario - Bolivia","provider_url":"https:\/\/www.eldiario.net\/portal","title":"Periodismo, esencial para la democracia - El Diario - Bolivia","type":"rich","width":600,"height":338,"html":"<blockquote class=\"wp-embedded-content\" data-secret=\"upnwAzt0ox\"><a href=\"https:\/\/www.eldiario.net\/portal\/2024\/05\/10\/periodismo-esencial-para-la-democracia\/\">Periodismo, esencial para la democracia<\/a><\/blockquote><iframe sandbox=\"allow-scripts\" security=\"restricted\" src=\"https:\/\/www.eldiario.net\/portal\/2024\/05\/10\/periodismo-esencial-para-la-democracia\/embed\/#?secret=upnwAzt0ox\" width=\"600\" height=\"338\" title=\"\u00abPeriodismo, esencial para la democracia\u00bb \u2014 El Diario - Bolivia\" data-secret=\"upnwAzt0ox\" frameborder=\"0\" marginwidth=\"0\" marginheight=\"0\" scrolling=\"no\" class=\"wp-embedded-content\"><\/iframe><script>\n\/*! This file is auto-generated *\/\n!function(d,l){\"use strict\";l.querySelector&&d.addEventListener&&\"undefined\"!=typeof URL&&(d.wp=d.wp||{},d.wp.receiveEmbedMessage||(d.wp.receiveEmbedMessage=function(e){var t=e.data;if((t||t.secret||t.message||t.value)&&!\/[^a-zA-Z0-9]\/.test(t.secret)){for(var s,r,n,a=l.querySelectorAll('iframe[data-secret=\"'+t.secret+'\"]'),o=l.querySelectorAll('blockquote[data-secret=\"'+t.secret+'\"]'),c=new RegExp(\"^https?:$\",\"i\"),i=0;i<o.length;i++)o[i].style.display=\"none\";for(i=0;i<a.length;i++)s=a[i],e.source===s.contentWindow&&(s.removeAttribute(\"style\"),\"height\"===t.message?(1e3<(r=parseInt(t.value,10))?r=1e3:~~r<200&&(r=200),s.height=r):\"link\"===t.message&&(r=new URL(s.getAttribute(\"src\")),n=new URL(t.value),c.test(n.protocol))&&n.host===r.host&&l.activeElement===s&&(d.top.location.href=t.value))}},d.addEventListener(\"message\",d.wp.receiveEmbedMessage,!1),l.addEventListener(\"DOMContentLoaded\",function(){for(var e,t,s=l.querySelectorAll(\"iframe.wp-embedded-content\"),r=0;r<s.length;r++)(t=(e=s[r]).getAttribute(\"data-secret\"))||(t=Math.random().toString(36).substring(2,12),e.src+=\"#?secret=\"+t,e.setAttribute(\"data-secret\",t)),e.contentWindow.postMessage({message:\"ready\",secret:t},\"*\")},!1)))}(window,document);\n\/\/# sourceURL=https:\/\/www.eldiario.net\/portal\/wp-includes\/js\/wp-embed.min.js\n<\/script>\n","thumbnail_url":"https:\/\/www.eldiario.net\/portal\/wp-content\/uploads\/2023\/12\/Editorial.jpg","thumbnail_width":800,"thumbnail_height":500,"description":"Hoy se celebra el D\u00eda del Periodista, establecido durante el gobierno de Germ\u00e1n Busch, a trav\u00e9s del Decreto Supremo de 1938. De esta manera los periodistas son reconocidos como \u201cimpulsores de la cultura del progreso colectivo, porque ejercen un beneficio positivo comparable al de la ense\u00f1anza, mereciendo por tanto el est\u00edmulo y la recompensa social\u201d. [&hellip;]"}

Hoy se celebra el Día del Periodista, establecido durante el gobierno de Germán Busch, a través del Decreto Supremo de 1938. De esta manera los periodistas son reconocidos como “impulsores de la cultura del progreso colectivo, porque ejercen un beneficio positivo comparable al de la enseñanza, mereciendo por tanto el estímulo y la recompensa social”. [&hellip;]
