{"version":"1.0","provider_name":"El Diario - Bolivia","provider_url":"https:\/\/www.eldiario.net\/portal","title":"El Parlamento no representa al pueblo - El Diario - Bolivia","type":"rich","width":600,"height":338,"html":"<blockquote class=\"wp-embedded-content\" data-secret=\"u3KmTHZA6x\"><a href=\"https:\/\/www.eldiario.net\/portal\/2024\/05\/10\/el-parlamento-no-representa-al-pueblo\/\">El Parlamento  no representa al pueblo<\/a><\/blockquote><iframe sandbox=\"allow-scripts\" security=\"restricted\" src=\"https:\/\/www.eldiario.net\/portal\/2024\/05\/10\/el-parlamento-no-representa-al-pueblo\/embed\/#?secret=u3KmTHZA6x\" width=\"600\" height=\"338\" title=\"\u00abEl Parlamento  no representa al pueblo\u00bb \u2014 El Diario - Bolivia\" data-secret=\"u3KmTHZA6x\" frameborder=\"0\" marginwidth=\"0\" marginheight=\"0\" scrolling=\"no\" class=\"wp-embedded-content\"><\/iframe><script>\n\/*! This file is auto-generated *\/\n!function(d,l){\"use strict\";l.querySelector&&d.addEventListener&&\"undefined\"!=typeof URL&&(d.wp=d.wp||{},d.wp.receiveEmbedMessage||(d.wp.receiveEmbedMessage=function(e){var t=e.data;if((t||t.secret||t.message||t.value)&&!\/[^a-zA-Z0-9]\/.test(t.secret)){for(var s,r,n,a=l.querySelectorAll('iframe[data-secret=\"'+t.secret+'\"]'),o=l.querySelectorAll('blockquote[data-secret=\"'+t.secret+'\"]'),c=new RegExp(\"^https?:$\",\"i\"),i=0;i<o.length;i++)o[i].style.display=\"none\";for(i=0;i<a.length;i++)s=a[i],e.source===s.contentWindow&&(s.removeAttribute(\"style\"),\"height\"===t.message?(1e3<(r=parseInt(t.value,10))?r=1e3:~~r<200&&(r=200),s.height=r):\"link\"===t.message&&(r=new URL(s.getAttribute(\"src\")),n=new URL(t.value),c.test(n.protocol))&&n.host===r.host&&l.activeElement===s&&(d.top.location.href=t.value))}},d.addEventListener(\"message\",d.wp.receiveEmbedMessage,!1),l.addEventListener(\"DOMContentLoaded\",function(){for(var e,t,s=l.querySelectorAll(\"iframe.wp-embedded-content\"),r=0;r<s.length;r++)(t=(e=s[r]).getAttribute(\"data-secret\"))||(t=Math.random().toString(36).substring(2,12),e.src+=\"#?secret=\"+t,e.setAttribute(\"data-secret\",t)),e.contentWindow.postMessage({message:\"ready\",secret:t},\"*\")},!1)))}(window,document);\n\/\/# sourceURL=https:\/\/www.eldiario.net\/portal\/wp-includes\/js\/wp-embed.min.js\n<\/script>\n","thumbnail_url":"https:\/\/www.eldiario.net\/portal\/wp-content\/uploads\/2023\/07\/Mario-Malpartida.jpg","thumbnail_width":1200,"thumbnail_height":628,"description":"La forma de elecci\u00f3n para el Parlamento es imperfecta, por cuanto son los partidos pol\u00edticos que elaboran sus listas con integrantes del mismo partido pol\u00edtico. Cabe preguntar si la decisi\u00f3n est\u00e1 fundada por su lealtad al partido, o su vocaci\u00f3n de servicio al pueblo. Aqu\u00ed surge el primer dilema. \u00bfSer\u00e1 posible ambas cosas? As\u00ed debiera [&hellip;]"}

La forma de elección para el Parlamento es imperfecta, por cuanto son los partidos políticos que elaboran sus listas con integrantes del mismo partido político. Cabe preguntar si la decisión está fundada por su lealtad al partido, o su vocación de servicio al pueblo. Aquí surge el primer dilema. ¿Será posible ambas cosas? Así debiera [&hellip;]
