{"version":"1.0","provider_name":"El Diario - Bolivia","provider_url":"https:\/\/www.eldiario.net\/portal","title":"Aristas de la transitabilidad - El Diario - Bolivia","type":"rich","width":600,"height":338,"html":"<blockquote class=\"wp-embedded-content\" data-secret=\"CJq3tVsBrs\"><a href=\"https:\/\/www.eldiario.net\/portal\/2024\/05\/07\/aristas-de-la-transitabilidad\/\">Aristas de la transitabilidad<\/a><\/blockquote><iframe sandbox=\"allow-scripts\" security=\"restricted\" src=\"https:\/\/www.eldiario.net\/portal\/2024\/05\/07\/aristas-de-la-transitabilidad\/embed\/#?secret=CJq3tVsBrs\" width=\"600\" height=\"338\" title=\"\u00abAristas de la transitabilidad\u00bb \u2014 El Diario - Bolivia\" data-secret=\"CJq3tVsBrs\" frameborder=\"0\" marginwidth=\"0\" marginheight=\"0\" scrolling=\"no\" class=\"wp-embedded-content\"><\/iframe><script>\n\/*! This file is auto-generated *\/\n!function(d,l){\"use strict\";l.querySelector&&d.addEventListener&&\"undefined\"!=typeof URL&&(d.wp=d.wp||{},d.wp.receiveEmbedMessage||(d.wp.receiveEmbedMessage=function(e){var t=e.data;if((t||t.secret||t.message||t.value)&&!\/[^a-zA-Z0-9]\/.test(t.secret)){for(var s,r,n,a=l.querySelectorAll('iframe[data-secret=\"'+t.secret+'\"]'),o=l.querySelectorAll('blockquote[data-secret=\"'+t.secret+'\"]'),c=new RegExp(\"^https?:$\",\"i\"),i=0;i<o.length;i++)o[i].style.display=\"none\";for(i=0;i<a.length;i++)s=a[i],e.source===s.contentWindow&&(s.removeAttribute(\"style\"),\"height\"===t.message?(1e3<(r=parseInt(t.value,10))?r=1e3:~~r<200&&(r=200),s.height=r):\"link\"===t.message&&(r=new URL(s.getAttribute(\"src\")),n=new URL(t.value),c.test(n.protocol))&&n.host===r.host&&l.activeElement===s&&(d.top.location.href=t.value))}},d.addEventListener(\"message\",d.wp.receiveEmbedMessage,!1),l.addEventListener(\"DOMContentLoaded\",function(){for(var e,t,s=l.querySelectorAll(\"iframe.wp-embedded-content\"),r=0;r<s.length;r++)(t=(e=s[r]).getAttribute(\"data-secret\"))||(t=Math.random().toString(36).substring(2,12),e.src+=\"#?secret=\"+t,e.setAttribute(\"data-secret\",t)),e.contentWindow.postMessage({message:\"ready\",secret:t},\"*\")},!1)))}(window,document);\n\/\/# sourceURL=https:\/\/www.eldiario.net\/portal\/wp-includes\/js\/wp-embed.min.js\n<\/script>\n","thumbnail_url":"https:\/\/www.eldiario.net\/portal\/wp-content\/uploads\/2023\/06\/Luis-Alberto-Callapino-Lopez.jpg","thumbnail_width":1200,"thumbnail_height":628,"description":"Conforme al art\u00edculo 5, numeral 2, de la Ley N\u00ba 070 \u201cAvelino Si\u00f1ani \u2013 Elizardo P\u00e9rez\u201d, uno de los objetivos principales de la Educaci\u00f3n en el Estado Plurinacional de Bolivia, es desarrollar una formaci\u00f3n cient\u00edfica, t\u00e9cnica, tecnol\u00f3gica y productiva, a partir de saberes y conocimientos propios. En ese marco normativo, el Subsistema Regular entre sus [&hellip;]"}

Conforme al artículo 5, numeral 2, de la Ley Nº 070 “Avelino Siñani – Elizardo Pérez”, uno de los objetivos principales de la Educación en el Estado Plurinacional de Bolivia, es desarrollar una formación científica, técnica, tecnológica y productiva, a partir de saberes y conocimientos propios. En ese marco normativo, el Subsistema Regular entre sus [&hellip;]
