{"version":"1.0","provider_name":"El Diario - Bolivia","provider_url":"https:\/\/www.eldiario.net\/portal","title":"ALERGIA ALIMENTARIA - El Diario - Bolivia","type":"rich","width":600,"height":338,"html":"<blockquote class=\"wp-embedded-content\" data-secret=\"5SLwyaf0WS\"><a href=\"https:\/\/www.eldiario.net\/portal\/2024\/05\/05\/alergia-alimentaria\/\">ALERGIA ALIMENTARIA<\/a><\/blockquote><iframe sandbox=\"allow-scripts\" security=\"restricted\" src=\"https:\/\/www.eldiario.net\/portal\/2024\/05\/05\/alergia-alimentaria\/embed\/#?secret=5SLwyaf0WS\" width=\"600\" height=\"338\" title=\"\u00abALERGIA ALIMENTARIA\u00bb \u2014 El Diario - Bolivia\" data-secret=\"5SLwyaf0WS\" frameborder=\"0\" marginwidth=\"0\" marginheight=\"0\" scrolling=\"no\" class=\"wp-embedded-content\"><\/iframe><script>\n\/*! This file is auto-generated *\/\n!function(d,l){\"use strict\";l.querySelector&&d.addEventListener&&\"undefined\"!=typeof URL&&(d.wp=d.wp||{},d.wp.receiveEmbedMessage||(d.wp.receiveEmbedMessage=function(e){var t=e.data;if((t||t.secret||t.message||t.value)&&!\/[^a-zA-Z0-9]\/.test(t.secret)){for(var s,r,n,a=l.querySelectorAll('iframe[data-secret=\"'+t.secret+'\"]'),o=l.querySelectorAll('blockquote[data-secret=\"'+t.secret+'\"]'),c=new RegExp(\"^https?:$\",\"i\"),i=0;i<o.length;i++)o[i].style.display=\"none\";for(i=0;i<a.length;i++)s=a[i],e.source===s.contentWindow&&(s.removeAttribute(\"style\"),\"height\"===t.message?(1e3<(r=parseInt(t.value,10))?r=1e3:~~r<200&&(r=200),s.height=r):\"link\"===t.message&&(r=new URL(s.getAttribute(\"src\")),n=new URL(t.value),c.test(n.protocol))&&n.host===r.host&&l.activeElement===s&&(d.top.location.href=t.value))}},d.addEventListener(\"message\",d.wp.receiveEmbedMessage,!1),l.addEventListener(\"DOMContentLoaded\",function(){for(var e,t,s=l.querySelectorAll(\"iframe.wp-embedded-content\"),r=0;r<s.length;r++)(t=(e=s[r]).getAttribute(\"data-secret\"))||(t=Math.random().toString(36).substring(2,12),e.src+=\"#?secret=\"+t,e.setAttribute(\"data-secret\",t)),e.contentWindow.postMessage({message:\"ready\",secret:t},\"*\")},!1)))}(window,document);\n\/\/# sourceURL=https:\/\/www.eldiario.net\/portal\/wp-includes\/js\/wp-embed.min.js\n<\/script>\n","thumbnail_url":"https:\/\/www.eldiario.net\/portal\/wp-content\/uploads\/2024\/05\/ALERGIA-ALIMENTARIA-2.jpg","thumbnail_width":602,"thumbnail_height":524,"description":"Lic. Mar\u00eda Luisa Ticona Pardo Nutricionista-Dietista-UMSA-69969618 La alergia es una reacci\u00f3n molesta o peligrosa del sistema inmunol\u00f3gico despu\u00e9s de haber comido un alimento. Generalmente comienzan en un lapso de dos horas despu\u00e9s de haber ingerido un alimento. Se desconoce la causa de las alergias a los alimentos en algunos casos, las alergias de la ni\u00f1ez [&hellip;]"}

Lic. María Luisa Ticona Pardo Nutricionista-Dietista-UMSA-69969618 La alergia es una reacción molesta o peligrosa del sistema inmunológico después de haber comido un alimento. Generalmente comienzan en un lapso de dos horas después de haber ingerido un alimento. Se desconoce la causa de las alergias a los alimentos en algunos casos, las alergias de la niñez [&hellip;]
