{"version":"1.0","provider_name":"El Diario - Bolivia","provider_url":"https:\/\/www.eldiario.net\/portal","title":"Tribunal de Pando paraliza preselecci\u00f3n de candidatos - El Diario - Bolivia","type":"rich","width":600,"height":338,"html":"<blockquote class=\"wp-embedded-content\" data-secret=\"vy22v9Dx8n\"><a href=\"https:\/\/www.eldiario.net\/portal\/2024\/05\/01\/tribunal-de-pando-paraliza-preseleccion-de-candidatos\/\">Tribunal de Pando paraliza preselecci\u00f3n de candidatos<\/a><\/blockquote><iframe sandbox=\"allow-scripts\" security=\"restricted\" src=\"https:\/\/www.eldiario.net\/portal\/2024\/05\/01\/tribunal-de-pando-paraliza-preseleccion-de-candidatos\/embed\/#?secret=vy22v9Dx8n\" width=\"600\" height=\"338\" title=\"\u00abTribunal de Pando paraliza preselecci\u00f3n de candidatos\u00bb \u2014 El Diario - Bolivia\" data-secret=\"vy22v9Dx8n\" frameborder=\"0\" marginwidth=\"0\" marginheight=\"0\" scrolling=\"no\" class=\"wp-embedded-content\"><\/iframe><script>\n\/*! This file is auto-generated *\/\n!function(d,l){\"use strict\";l.querySelector&&d.addEventListener&&\"undefined\"!=typeof URL&&(d.wp=d.wp||{},d.wp.receiveEmbedMessage||(d.wp.receiveEmbedMessage=function(e){var t=e.data;if((t||t.secret||t.message||t.value)&&!\/[^a-zA-Z0-9]\/.test(t.secret)){for(var s,r,n,a=l.querySelectorAll('iframe[data-secret=\"'+t.secret+'\"]'),o=l.querySelectorAll('blockquote[data-secret=\"'+t.secret+'\"]'),c=new RegExp(\"^https?:$\",\"i\"),i=0;i<o.length;i++)o[i].style.display=\"none\";for(i=0;i<a.length;i++)s=a[i],e.source===s.contentWindow&&(s.removeAttribute(\"style\"),\"height\"===t.message?(1e3<(r=parseInt(t.value,10))?r=1e3:~~r<200&&(r=200),s.height=r):\"link\"===t.message&&(r=new URL(s.getAttribute(\"src\")),n=new URL(t.value),c.test(n.protocol))&&n.host===r.host&&l.activeElement===s&&(d.top.location.href=t.value))}},d.addEventListener(\"message\",d.wp.receiveEmbedMessage,!1),l.addEventListener(\"DOMContentLoaded\",function(){for(var e,t,s=l.querySelectorAll(\"iframe.wp-embedded-content\"),r=0;r<s.length;r++)(t=(e=s[r]).getAttribute(\"data-secret\"))||(t=Math.random().toString(36).substring(2,12),e.src+=\"#?secret=\"+t,e.setAttribute(\"data-secret\",t)),e.contentWindow.postMessage({message:\"ready\",secret:t},\"*\")},!1)))}(window,document);\n\/\/# sourceURL=https:\/\/www.eldiario.net\/portal\/wp-includes\/js\/wp-embed.min.js\n<\/script>\n","thumbnail_url":"https:\/\/www.eldiario.net\/portal\/wp-content\/uploads\/2024\/05\/P-1-20-cm-x-10.jpg","thumbnail_width":1600,"thumbnail_height":969,"description":"Cuando restaban seis d\u00edas para finalizar el plazo para que la Asamblea Legislativa Plurinacional (ALP) concluya la preselecci\u00f3n de candidatos para las elecciones judiciales, la Sala Constitucional Primera de Cobija determin\u00f3 la paralizaci\u00f3n del proceso al dar luz verde a la acci\u00f3n popular que fue presentado en el departamento de Pando por la aspirante Yeny [&hellip;]"}

Tribunal de Pando paraliza preselección de candidatos - El Diario - Bolivia

<blockquote class="wp-embedded-content" data-secret="vy22v9Dx8n"><a href="https://www.eldiario.net/portal/2024/05/01/tribunal-de-pando-paraliza-preseleccion-de-candidatos/">Tribunal de Pando paraliza preselección de candidatos</a></blockquote><iframe sandbox="allow-scripts" security="restricted" src="https://www.eldiario.net/portal/2024/05/01/tribunal-de-pando-paraliza-preseleccion-de-candidatos/embed/#?secret=vy22v9Dx8n" width="600" height="338" title="«Tribunal de Pando paraliza preselección de candidatos» — El Diario - Bolivia" data-secret="vy22v9Dx8n" frameborder="0" marginwidth="0" marginheight="0" scrolling="no" class="wp-embedded-content"></iframe><script>
/*! This file is auto-generated */
!function(d,l){"use strict";l.querySelector&&d.addEventListener&&"undefined"!=typeof URL&&(d.wp=d.wp||{},d.wp.receiveEmbedMessage||(d.wp.receiveEmbedMessage=function(e){var t=e.data;if((t||t.secret||t.message||t.value)&&!/[^a-zA-Z0-9]/.test(t.secret)){for(var s,r,n,a=l.querySelectorAll('iframe[data-secret="'+t.secret+'"]'),o=l.querySelectorAll('blockquote[data-secret="'+t.secret+'"]'),c=new RegExp("^https?:$","i"),i=0;i<o.length;i++)o[i].style.display="none";for(i=0;i<a.length;i++)s=a[i],e.source===s.contentWindow&&(s.removeAttribute("style"),"height"===t.message?(1e3<(r=parseInt(t.value,10))?r=1e3:~~r<200&&(r=200),s.height=r):"link"===t.message&&(r=new URL(s.getAttribute("src")),n=new URL(t.value),c.test(n.protocol))&&n.host===r.host&&l.activeElement===s&&(d.top.location.href=t.value))}},d.addEventListener("message",d.wp.receiveEmbedMessage,!1),l.addEventListener("DOMContentLoaded",function(){for(var e,t,s=l.querySelectorAll("iframe.wp-embedded-content"),r=0;r<s.length;r++)(t=(e=s[r]).getAttribute("data-secret"))||(t=Math.random().toString(36).substring(2,12),e.src+="#?secret="+t,e.setAttribute("data-secret",t)),e.contentWindow.postMessage({message:"ready",secret:t},"*")},!1)))}(window,document);
//# sourceURL=https://www.eldiario.net/portal/wp-includes/js/wp-embed.min.js
</script>

Cuando restaban seis días para finalizar el plazo para que la Asamblea Legislativa Plurinacional (ALP) concluya la preselección de candidatos para las elecciones judiciales, la Sala Constitucional Primera de Cobija determinó la paralización del proceso al dar luz verde a la acción popular que fue presentado en el departamento de Pando por la aspirante Yeny [&hellip;]
