{"version":"1.0","provider_name":"El Diario - Bolivia","provider_url":"https:\/\/www.eldiario.net\/portal","title":"Insulsos esfuerzos del MAS (radical) - El Diario - Bolivia","type":"rich","width":600,"height":338,"html":"<blockquote class=\"wp-embedded-content\" data-secret=\"IMUVvnH3QR\"><a href=\"https:\/\/www.eldiario.net\/portal\/2024\/04\/28\/insulsos-esfuerzos-del-mas-radical\/\">Insulsos esfuerzos del MAS (radical)<\/a><\/blockquote><iframe sandbox=\"allow-scripts\" security=\"restricted\" src=\"https:\/\/www.eldiario.net\/portal\/2024\/04\/28\/insulsos-esfuerzos-del-mas-radical\/embed\/#?secret=IMUVvnH3QR\" width=\"600\" height=\"338\" title=\"\u00abInsulsos esfuerzos del MAS (radical)\u00bb \u2014 El Diario - Bolivia\" data-secret=\"IMUVvnH3QR\" frameborder=\"0\" marginwidth=\"0\" marginheight=\"0\" scrolling=\"no\" class=\"wp-embedded-content\"><\/iframe><script>\n\/*! This file is auto-generated *\/\n!function(d,l){\"use strict\";l.querySelector&&d.addEventListener&&\"undefined\"!=typeof URL&&(d.wp=d.wp||{},d.wp.receiveEmbedMessage||(d.wp.receiveEmbedMessage=function(e){var t=e.data;if((t||t.secret||t.message||t.value)&&!\/[^a-zA-Z0-9]\/.test(t.secret)){for(var s,r,n,a=l.querySelectorAll('iframe[data-secret=\"'+t.secret+'\"]'),o=l.querySelectorAll('blockquote[data-secret=\"'+t.secret+'\"]'),c=new RegExp(\"^https?:$\",\"i\"),i=0;i<o.length;i++)o[i].style.display=\"none\";for(i=0;i<a.length;i++)s=a[i],e.source===s.contentWindow&&(s.removeAttribute(\"style\"),\"height\"===t.message?(1e3<(r=parseInt(t.value,10))?r=1e3:~~r<200&&(r=200),s.height=r):\"link\"===t.message&&(r=new URL(s.getAttribute(\"src\")),n=new URL(t.value),c.test(n.protocol))&&n.host===r.host&&l.activeElement===s&&(d.top.location.href=t.value))}},d.addEventListener(\"message\",d.wp.receiveEmbedMessage,!1),l.addEventListener(\"DOMContentLoaded\",function(){for(var e,t,s=l.querySelectorAll(\"iframe.wp-embedded-content\"),r=0;r<s.length;r++)(t=(e=s[r]).getAttribute(\"data-secret\"))||(t=Math.random().toString(36).substring(2,12),e.src+=\"#?secret=\"+t,e.setAttribute(\"data-secret\",t)),e.contentWindow.postMessage({message:\"ready\",secret:t},\"*\")},!1)))}(window,document);\n\/\/# sourceURL=https:\/\/www.eldiario.net\/portal\/wp-includes\/js\/wp-embed.min.js\n<\/script>\n","thumbnail_url":"https:\/\/www.eldiario.net\/portal\/wp-content\/uploads\/2023\/06\/Augusto-Vera-Riveros.jpg","thumbnail_width":1200,"thumbnail_height":628,"description":"Todos ya sabemos que el congreso del Movimiento al Socialismo (MAS) celebrado en Lauca \u00d1, que seg\u00fan el Tribunal Supremo Electoral (TSE) no hizo observancia de algunos requisitos establecidos en el propio estatuto org\u00e1nico del instrumento pol\u00edtico, fue invalidado por el propio \u00d3rgano Electoral. Finalmente, Evo Morales, convencido de las irregularidades del evento, anunci\u00f3 la [&hellip;]"}

Todos ya sabemos que el congreso del Movimiento al Socialismo (MAS) celebrado en Lauca Ñ, que según el Tribunal Supremo Electoral (TSE) no hizo observancia de algunos requisitos establecidos en el propio estatuto orgánico del instrumento político, fue invalidado por el propio Órgano Electoral. Finalmente, Evo Morales, convencido de las irregularidades del evento, anunció la [&hellip;]
