{"version":"1.0","provider_name":"El Diario - Bolivia","provider_url":"https:\/\/www.eldiario.net\/portal","title":"Declaran emergencia sanitaria por dengue - El Diario - Bolivia","type":"rich","width":600,"height":338,"html":"<blockquote class=\"wp-embedded-content\" data-secret=\"hyxSTg7VgG\"><a href=\"https:\/\/www.eldiario.net\/portal\/2024\/04\/28\/declaran-emergencia-sanitaria-por-dengue\/\">Declaran emergencia sanitaria por dengue<\/a><\/blockquote><iframe sandbox=\"allow-scripts\" security=\"restricted\" src=\"https:\/\/www.eldiario.net\/portal\/2024\/04\/28\/declaran-emergencia-sanitaria-por-dengue\/embed\/#?secret=hyxSTg7VgG\" width=\"600\" height=\"338\" title=\"\u00abDeclaran emergencia sanitaria por dengue\u00bb \u2014 El Diario - Bolivia\" data-secret=\"hyxSTg7VgG\" frameborder=\"0\" marginwidth=\"0\" marginheight=\"0\" scrolling=\"no\" class=\"wp-embedded-content\"><\/iframe><script>\n\/*! This file is auto-generated *\/\n!function(d,l){\"use strict\";l.querySelector&&d.addEventListener&&\"undefined\"!=typeof URL&&(d.wp=d.wp||{},d.wp.receiveEmbedMessage||(d.wp.receiveEmbedMessage=function(e){var t=e.data;if((t||t.secret||t.message||t.value)&&!\/[^a-zA-Z0-9]\/.test(t.secret)){for(var s,r,n,a=l.querySelectorAll('iframe[data-secret=\"'+t.secret+'\"]'),o=l.querySelectorAll('blockquote[data-secret=\"'+t.secret+'\"]'),c=new RegExp(\"^https?:$\",\"i\"),i=0;i<o.length;i++)o[i].style.display=\"none\";for(i=0;i<a.length;i++)s=a[i],e.source===s.contentWindow&&(s.removeAttribute(\"style\"),\"height\"===t.message?(1e3<(r=parseInt(t.value,10))?r=1e3:~~r<200&&(r=200),s.height=r):\"link\"===t.message&&(r=new URL(s.getAttribute(\"src\")),n=new URL(t.value),c.test(n.protocol))&&n.host===r.host&&l.activeElement===s&&(d.top.location.href=t.value))}},d.addEventListener(\"message\",d.wp.receiveEmbedMessage,!1),l.addEventListener(\"DOMContentLoaded\",function(){for(var e,t,s=l.querySelectorAll(\"iframe.wp-embedded-content\"),r=0;r<s.length;r++)(t=(e=s[r]).getAttribute(\"data-secret\"))||(t=Math.random().toString(36).substring(2,12),e.src+=\"#?secret=\"+t,e.setAttribute(\"data-secret\",t)),e.contentWindow.postMessage({message:\"ready\",secret:t},\"*\")},!1)))}(window,document);\n\/\/# sourceURL=https:\/\/www.eldiario.net\/portal\/wp-includes\/js\/wp-embed.min.js\n<\/script>\n","thumbnail_url":"https:\/\/www.eldiario.net\/portal\/wp-content\/uploads\/2024\/04\/12-NAL-COLOR-1-1-e1714302236988.jpg","thumbnail_width":960,"thumbnail_height":861,"description":"Ante el incremento significativo de casos de dengue, autoridades en salud decretaron emergencia sanitaria en el municipio de Cercado y exhortaron a la poblaci\u00f3n realizar la limpieza exhaustiva de sus viviendas, como primera fase de mitigaci\u00f3n del brote. El secretario de Salud, An\u00edbal Cruz, inform\u00f3 que en lo que va del a\u00f1o se report\u00f3 7.965 [&hellip;]"}

Ante el incremento significativo de casos de dengue, autoridades en salud decretaron emergencia sanitaria en el municipio de Cercado y exhortaron a la población realizar la limpieza exhaustiva de sus viviendas, como primera fase de mitigación del brote. El secretario de Salud, Aníbal Cruz, informó que en lo que va del año se reportó 7.965 [&hellip;]
