{"version":"1.0","provider_name":"El Diario - Bolivia","provider_url":"https:\/\/www.eldiario.net\/portal","title":"Artesanos alte\u00f1os colmaron expectativas en Fexco 2024 - El Diario - Bolivia","type":"rich","width":600,"height":338,"html":"<blockquote class=\"wp-embedded-content\" data-secret=\"2V3JByukjX\"><a href=\"https:\/\/www.eldiario.net\/portal\/2024\/04\/28\/artesanos-altenos-colmaron-expectativas-en-fexco-2024\/\">Artesanos alte\u00f1os colmaron  expectativas en Fexco 2024<\/a><\/blockquote><iframe sandbox=\"allow-scripts\" security=\"restricted\" src=\"https:\/\/www.eldiario.net\/portal\/2024\/04\/28\/artesanos-altenos-colmaron-expectativas-en-fexco-2024\/embed\/#?secret=2V3JByukjX\" width=\"600\" height=\"338\" title=\"\u00abArtesanos alte\u00f1os colmaron  expectativas en Fexco 2024\u00bb \u2014 El Diario - Bolivia\" data-secret=\"2V3JByukjX\" frameborder=\"0\" marginwidth=\"0\" marginheight=\"0\" scrolling=\"no\" class=\"wp-embedded-content\"><\/iframe><script>\n\/*! This file is auto-generated *\/\n!function(d,l){\"use strict\";l.querySelector&&d.addEventListener&&\"undefined\"!=typeof URL&&(d.wp=d.wp||{},d.wp.receiveEmbedMessage||(d.wp.receiveEmbedMessage=function(e){var t=e.data;if((t||t.secret||t.message||t.value)&&!\/[^a-zA-Z0-9]\/.test(t.secret)){for(var s,r,n,a=l.querySelectorAll('iframe[data-secret=\"'+t.secret+'\"]'),o=l.querySelectorAll('blockquote[data-secret=\"'+t.secret+'\"]'),c=new RegExp(\"^https?:$\",\"i\"),i=0;i<o.length;i++)o[i].style.display=\"none\";for(i=0;i<a.length;i++)s=a[i],e.source===s.contentWindow&&(s.removeAttribute(\"style\"),\"height\"===t.message?(1e3<(r=parseInt(t.value,10))?r=1e3:~~r<200&&(r=200),s.height=r):\"link\"===t.message&&(r=new URL(s.getAttribute(\"src\")),n=new URL(t.value),c.test(n.protocol))&&n.host===r.host&&l.activeElement===s&&(d.top.location.href=t.value))}},d.addEventListener(\"message\",d.wp.receiveEmbedMessage,!1),l.addEventListener(\"DOMContentLoaded\",function(){for(var e,t,s=l.querySelectorAll(\"iframe.wp-embedded-content\"),r=0;r<s.length;r++)(t=(e=s[r]).getAttribute(\"data-secret\"))||(t=Math.random().toString(36).substring(2,12),e.src+=\"#?secret=\"+t,e.setAttribute(\"data-secret\",t)),e.contentWindow.postMessage({message:\"ready\",secret:t},\"*\")},!1)))}(window,document);\n\/\/# sourceURL=https:\/\/www.eldiario.net\/portal\/wp-includes\/js\/wp-embed.min.js\n<\/script>\n","thumbnail_url":"https:\/\/www.eldiario.net\/portal\/wp-content\/uploads\/2023\/12\/Nacional.jpg","thumbnail_width":800,"thumbnail_height":500,"description":"El stand de El Alto, denominado \u201cCapital de los Andes\u201d fue uno de los m\u00e1s visitados durante la primera noche de la Feria Exposici\u00f3n Internacional de Cochabamba (Fexco) 2024 por los atractivos que presenta como el cholet Ch\u2019uta yate, que refleja la riqueza cultural arquitect\u00f3nica; adem\u00e1s de la gastronom\u00eda, turismo y una veintena de productores [&hellip;]"}

Artesanos alteños colmaron expectativas en Fexco 2024 - El Diario - Bolivia

<blockquote class="wp-embedded-content" data-secret="2V3JByukjX"><a href="https://www.eldiario.net/portal/2024/04/28/artesanos-altenos-colmaron-expectativas-en-fexco-2024/">Artesanos alteños colmaron  expectativas en Fexco 2024</a></blockquote><iframe sandbox="allow-scripts" security="restricted" src="https://www.eldiario.net/portal/2024/04/28/artesanos-altenos-colmaron-expectativas-en-fexco-2024/embed/#?secret=2V3JByukjX" width="600" height="338" title="«Artesanos alteños colmaron  expectativas en Fexco 2024» — El Diario - Bolivia" data-secret="2V3JByukjX" frameborder="0" marginwidth="0" marginheight="0" scrolling="no" class="wp-embedded-content"></iframe><script>
/*! This file is auto-generated */
!function(d,l){"use strict";l.querySelector&&d.addEventListener&&"undefined"!=typeof URL&&(d.wp=d.wp||{},d.wp.receiveEmbedMessage||(d.wp.receiveEmbedMessage=function(e){var t=e.data;if((t||t.secret||t.message||t.value)&&!/[^a-zA-Z0-9]/.test(t.secret)){for(var s,r,n,a=l.querySelectorAll('iframe[data-secret="'+t.secret+'"]'),o=l.querySelectorAll('blockquote[data-secret="'+t.secret+'"]'),c=new RegExp("^https?:$","i"),i=0;i<o.length;i++)o[i].style.display="none";for(i=0;i<a.length;i++)s=a[i],e.source===s.contentWindow&&(s.removeAttribute("style"),"height"===t.message?(1e3<(r=parseInt(t.value,10))?r=1e3:~~r<200&&(r=200),s.height=r):"link"===t.message&&(r=new URL(s.getAttribute("src")),n=new URL(t.value),c.test(n.protocol))&&n.host===r.host&&l.activeElement===s&&(d.top.location.href=t.value))}},d.addEventListener("message",d.wp.receiveEmbedMessage,!1),l.addEventListener("DOMContentLoaded",function(){for(var e,t,s=l.querySelectorAll("iframe.wp-embedded-content"),r=0;r<s.length;r++)(t=(e=s[r]).getAttribute("data-secret"))||(t=Math.random().toString(36).substring(2,12),e.src+="#?secret="+t,e.setAttribute("data-secret",t)),e.contentWindow.postMessage({message:"ready",secret:t},"*")},!1)))}(window,document);
//# sourceURL=https://www.eldiario.net/portal/wp-includes/js/wp-embed.min.js
</script>

El stand de El Alto, denominado “Capital de los Andes” fue uno de los más visitados durante la primera noche de la Feria Exposición Internacional de Cochabamba (Fexco) 2024 por los atractivos que presenta como el cholet Ch’uta yate, que refleja la riqueza cultural arquitectónica; además de la gastronomía, turismo y una veintena de productores [&hellip;]
