{"version":"1.0","provider_name":"El Diario - Bolivia","provider_url":"https:\/\/www.eldiario.net\/portal","title":"Caseras se unen a pr\u00e1ctica de reciclaje - El Diario - Bolivia","type":"rich","width":600,"height":338,"html":"<blockquote class=\"wp-embedded-content\" data-secret=\"FvjneJM38Z\"><a href=\"https:\/\/www.eldiario.net\/portal\/2024\/04\/21\/caseras-se-unen-a-practica-de-reciclaje\/\">Caseras se unen a  pr\u00e1ctica de reciclaje<\/a><\/blockquote><iframe sandbox=\"allow-scripts\" security=\"restricted\" src=\"https:\/\/www.eldiario.net\/portal\/2024\/04\/21\/caseras-se-unen-a-practica-de-reciclaje\/embed\/#?secret=FvjneJM38Z\" width=\"600\" height=\"338\" title=\"\u00abCaseras se unen a  pr\u00e1ctica de reciclaje\u00bb \u2014 El Diario - Bolivia\" data-secret=\"FvjneJM38Z\" frameborder=\"0\" marginwidth=\"0\" marginheight=\"0\" scrolling=\"no\" class=\"wp-embedded-content\"><\/iframe><script>\n\/*! This file is auto-generated *\/\n!function(d,l){\"use strict\";l.querySelector&&d.addEventListener&&\"undefined\"!=typeof URL&&(d.wp=d.wp||{},d.wp.receiveEmbedMessage||(d.wp.receiveEmbedMessage=function(e){var t=e.data;if((t||t.secret||t.message||t.value)&&!\/[^a-zA-Z0-9]\/.test(t.secret)){for(var s,r,n,a=l.querySelectorAll('iframe[data-secret=\"'+t.secret+'\"]'),o=l.querySelectorAll('blockquote[data-secret=\"'+t.secret+'\"]'),c=new RegExp(\"^https?:$\",\"i\"),i=0;i<o.length;i++)o[i].style.display=\"none\";for(i=0;i<a.length;i++)s=a[i],e.source===s.contentWindow&&(s.removeAttribute(\"style\"),\"height\"===t.message?(1e3<(r=parseInt(t.value,10))?r=1e3:~~r<200&&(r=200),s.height=r):\"link\"===t.message&&(r=new URL(s.getAttribute(\"src\")),n=new URL(t.value),c.test(n.protocol))&&n.host===r.host&&l.activeElement===s&&(d.top.location.href=t.value))}},d.addEventListener(\"message\",d.wp.receiveEmbedMessage,!1),l.addEventListener(\"DOMContentLoaded\",function(){for(var e,t,s=l.querySelectorAll(\"iframe.wp-embedded-content\"),r=0;r<s.length;r++)(t=(e=s[r]).getAttribute(\"data-secret\"))||(t=Math.random().toString(36).substring(2,12),e.src+=\"#?secret=\"+t,e.setAttribute(\"data-secret\",t)),e.contentWindow.postMessage({message:\"ready\",secret:t},\"*\")},!1)))}(window,document);\n\/\/# sourceURL=https:\/\/www.eldiario.net\/portal\/wp-includes\/js\/wp-embed.min.js\n<\/script>\n","thumbnail_url":"https:\/\/www.eldiario.net\/portal\/wp-content\/uploads\/2024\/04\/F-1-caseras.jpg","thumbnail_width":1600,"thumbnail_height":1200,"description":"Luego de participar de charlas de concienciaci\u00f3n respecto a la importancia del reciclaje, comerciantes de diferentes mercados alte\u00f1os aprendieron a separar los residuos org\u00e1nicos de otro tipo de deshecho. Con ese material, la comuna de El Alto elabora compost que despu\u00e9s utiliza en las \u00e1reas verdes de la urbe. \u201cEs bueno hacer educaci\u00f3n ambiental para [&hellip;]"}

Caseras se unen a práctica de reciclaje - El Diario - Bolivia

<blockquote class="wp-embedded-content" data-secret="FvjneJM38Z"><a href="https://www.eldiario.net/portal/2024/04/21/caseras-se-unen-a-practica-de-reciclaje/">Caseras se unen a  práctica de reciclaje</a></blockquote><iframe sandbox="allow-scripts" security="restricted" src="https://www.eldiario.net/portal/2024/04/21/caseras-se-unen-a-practica-de-reciclaje/embed/#?secret=FvjneJM38Z" width="600" height="338" title="«Caseras se unen a  práctica de reciclaje» — El Diario - Bolivia" data-secret="FvjneJM38Z" frameborder="0" marginwidth="0" marginheight="0" scrolling="no" class="wp-embedded-content"></iframe><script>
/*! This file is auto-generated */
!function(d,l){"use strict";l.querySelector&&d.addEventListener&&"undefined"!=typeof URL&&(d.wp=d.wp||{},d.wp.receiveEmbedMessage||(d.wp.receiveEmbedMessage=function(e){var t=e.data;if((t||t.secret||t.message||t.value)&&!/[^a-zA-Z0-9]/.test(t.secret)){for(var s,r,n,a=l.querySelectorAll('iframe[data-secret="'+t.secret+'"]'),o=l.querySelectorAll('blockquote[data-secret="'+t.secret+'"]'),c=new RegExp("^https?:$","i"),i=0;i<o.length;i++)o[i].style.display="none";for(i=0;i<a.length;i++)s=a[i],e.source===s.contentWindow&&(s.removeAttribute("style"),"height"===t.message?(1e3<(r=parseInt(t.value,10))?r=1e3:~~r<200&&(r=200),s.height=r):"link"===t.message&&(r=new URL(s.getAttribute("src")),n=new URL(t.value),c.test(n.protocol))&&n.host===r.host&&l.activeElement===s&&(d.top.location.href=t.value))}},d.addEventListener("message",d.wp.receiveEmbedMessage,!1),l.addEventListener("DOMContentLoaded",function(){for(var e,t,s=l.querySelectorAll("iframe.wp-embedded-content"),r=0;r<s.length;r++)(t=(e=s[r]).getAttribute("data-secret"))||(t=Math.random().toString(36).substring(2,12),e.src+="#?secret="+t,e.setAttribute("data-secret",t)),e.contentWindow.postMessage({message:"ready",secret:t},"*")},!1)))}(window,document);
//# sourceURL=https://www.eldiario.net/portal/wp-includes/js/wp-embed.min.js
</script>

Luego de participar de charlas de concienciación respecto a la importancia del reciclaje, comerciantes de diferentes mercados alteños aprendieron a separar los residuos orgánicos de otro tipo de deshecho. Con ese material, la comuna de El Alto elabora compost que después utiliza en las áreas verdes de la urbe. “Es bueno hacer educación ambiental para [&hellip;]
