{"version":"1.0","provider_name":"El Diario - Bolivia","provider_url":"https:\/\/www.eldiario.net\/portal","title":"Reforestan espacios en sector San Antonio - El Diario - Bolivia","type":"rich","width":600,"height":338,"html":"<blockquote class=\"wp-embedded-content\" data-secret=\"vcx8tzIFyT\"><a href=\"https:\/\/www.eldiario.net\/portal\/2024\/04\/14\/reforestan-espacios-en-sector-san-antonio\/\">Reforestan espacios  en sector San Antonio<\/a><\/blockquote><iframe sandbox=\"allow-scripts\" security=\"restricted\" src=\"https:\/\/www.eldiario.net\/portal\/2024\/04\/14\/reforestan-espacios-en-sector-san-antonio\/embed\/#?secret=vcx8tzIFyT\" width=\"600\" height=\"338\" title=\"\u00abReforestan espacios  en sector San Antonio\u00bb \u2014 El Diario - Bolivia\" data-secret=\"vcx8tzIFyT\" frameborder=\"0\" marginwidth=\"0\" marginheight=\"0\" scrolling=\"no\" class=\"wp-embedded-content\"><\/iframe><script>\n\/*! This file is auto-generated *\/\n!function(d,l){\"use strict\";l.querySelector&&d.addEventListener&&\"undefined\"!=typeof URL&&(d.wp=d.wp||{},d.wp.receiveEmbedMessage||(d.wp.receiveEmbedMessage=function(e){var t=e.data;if((t||t.secret||t.message||t.value)&&!\/[^a-zA-Z0-9]\/.test(t.secret)){for(var s,r,n,a=l.querySelectorAll('iframe[data-secret=\"'+t.secret+'\"]'),o=l.querySelectorAll('blockquote[data-secret=\"'+t.secret+'\"]'),c=new RegExp(\"^https?:$\",\"i\"),i=0;i<o.length;i++)o[i].style.display=\"none\";for(i=0;i<a.length;i++)s=a[i],e.source===s.contentWindow&&(s.removeAttribute(\"style\"),\"height\"===t.message?(1e3<(r=parseInt(t.value,10))?r=1e3:~~r<200&&(r=200),s.height=r):\"link\"===t.message&&(r=new URL(s.getAttribute(\"src\")),n=new URL(t.value),c.test(n.protocol))&&n.host===r.host&&l.activeElement===s&&(d.top.location.href=t.value))}},d.addEventListener(\"message\",d.wp.receiveEmbedMessage,!1),l.addEventListener(\"DOMContentLoaded\",function(){for(var e,t,s=l.querySelectorAll(\"iframe.wp-embedded-content\"),r=0;r<s.length;r++)(t=(e=s[r]).getAttribute(\"data-secret\"))||(t=Math.random().toString(36).substring(2,12),e.src+=\"#?secret=\"+t,e.setAttribute(\"data-secret\",t)),e.contentWindow.postMessage({message:\"ready\",secret:t},\"*\")},!1)))}(window,document);\n\/\/# sourceURL=https:\/\/www.eldiario.net\/portal\/wp-includes\/js\/wp-embed.min.js\n<\/script>\n","thumbnail_url":"https:\/\/www.eldiario.net\/portal\/wp-content\/uploads\/2024\/04\/F-4-reforestacion.jpg","thumbnail_width":1124,"thumbnail_height":750,"description":"Con la participaci\u00f3n de los \u201cVoluntarios por el Bien Com\u00fan\u201d y la Polic\u00eda Boliviana, ayer se realiz\u00f3 una jornada de reforestaci\u00f3n en la zona IV Centenario del macrodistrito San Antonio, no solo para cuidar el medioambiente, sino para estabilizar los suelos. La actividad tambi\u00e9n cont\u00f3 con el apoyo de integrantes del Sindicato de Colectiveros y [&hellip;]"}

Con la participación de los “Voluntarios por el Bien Común” y la Policía Boliviana, ayer se realizó una jornada de reforestación en la zona IV Centenario del macrodistrito San Antonio, no solo para cuidar el medioambiente, sino para estabilizar los suelos. La actividad también contó con el apoyo de integrantes del Sindicato de Colectiveros y [&hellip;]
