{"version":"1.0","provider_name":"El Diario - Bolivia","provider_url":"https:\/\/www.eldiario.net\/portal","title":"Amenazas revelan la cara antidemocr\u00e1tica de Morales - El Diario - Bolivia","type":"rich","width":600,"height":338,"html":"<blockquote class=\"wp-embedded-content\" data-secret=\"FLQFX0EL65\"><a href=\"https:\/\/www.eldiario.net\/portal\/2024\/03\/31\/amenazas-revelan-la-cara-antidemocratica-de-morales\/\">Amenazas revelan la cara antidemocr\u00e1tica de Morales<\/a><\/blockquote><iframe sandbox=\"allow-scripts\" security=\"restricted\" src=\"https:\/\/www.eldiario.net\/portal\/2024\/03\/31\/amenazas-revelan-la-cara-antidemocratica-de-morales\/embed\/#?secret=FLQFX0EL65\" width=\"600\" height=\"338\" title=\"\u00abAmenazas revelan la cara antidemocr\u00e1tica de Morales\u00bb \u2014 El Diario - Bolivia\" data-secret=\"FLQFX0EL65\" frameborder=\"0\" marginwidth=\"0\" marginheight=\"0\" scrolling=\"no\" class=\"wp-embedded-content\"><\/iframe><script>\n\/*! This file is auto-generated *\/\n!function(d,l){\"use strict\";l.querySelector&&d.addEventListener&&\"undefined\"!=typeof URL&&(d.wp=d.wp||{},d.wp.receiveEmbedMessage||(d.wp.receiveEmbedMessage=function(e){var t=e.data;if((t||t.secret||t.message||t.value)&&!\/[^a-zA-Z0-9]\/.test(t.secret)){for(var s,r,n,a=l.querySelectorAll('iframe[data-secret=\"'+t.secret+'\"]'),o=l.querySelectorAll('blockquote[data-secret=\"'+t.secret+'\"]'),c=new RegExp(\"^https?:$\",\"i\"),i=0;i<o.length;i++)o[i].style.display=\"none\";for(i=0;i<a.length;i++)s=a[i],e.source===s.contentWindow&&(s.removeAttribute(\"style\"),\"height\"===t.message?(1e3<(r=parseInt(t.value,10))?r=1e3:~~r<200&&(r=200),s.height=r):\"link\"===t.message&&(r=new URL(s.getAttribute(\"src\")),n=new URL(t.value),c.test(n.protocol))&&n.host===r.host&&l.activeElement===s&&(d.top.location.href=t.value))}},d.addEventListener(\"message\",d.wp.receiveEmbedMessage,!1),l.addEventListener(\"DOMContentLoaded\",function(){for(var e,t,s=l.querySelectorAll(\"iframe.wp-embedded-content\"),r=0;r<s.length;r++)(t=(e=s[r]).getAttribute(\"data-secret\"))||(t=Math.random().toString(36).substring(2,12),e.src+=\"#?secret=\"+t,e.setAttribute(\"data-secret\",t)),e.contentWindow.postMessage({message:\"ready\",secret:t},\"*\")},!1)))}(window,document);\n\/\/# sourceURL=https:\/\/www.eldiario.net\/portal\/wp-includes\/js\/wp-embed.min.js\n<\/script>\n","thumbnail_url":"https:\/\/www.eldiario.net\/portal\/wp-content\/uploads\/2024\/03\/40-POL-11.jpg","thumbnail_width":1280,"thumbnail_height":913,"description":"Ante las amenazas emitidas desde el ala \u201cevista\u201d en el Movimiento al Socialismo (MAS) para forzar una candidatura presidencial en favor de Evo Morales, desde el Comit\u00e9 Nacional de Defensa de la Democracia (Conade) se asegur\u00f3 que estas declaraciones revelan la cara antidemocr\u00e1tica del l\u00edder cocalero y adelantan posibles mayores disputas por el poder al [&hellip;]"}

Amenazas revelan la cara antidemocrática de Morales - El Diario - Bolivia

<blockquote class="wp-embedded-content" data-secret="FLQFX0EL65"><a href="https://www.eldiario.net/portal/2024/03/31/amenazas-revelan-la-cara-antidemocratica-de-morales/">Amenazas revelan la cara antidemocrática de Morales</a></blockquote><iframe sandbox="allow-scripts" security="restricted" src="https://www.eldiario.net/portal/2024/03/31/amenazas-revelan-la-cara-antidemocratica-de-morales/embed/#?secret=FLQFX0EL65" width="600" height="338" title="«Amenazas revelan la cara antidemocrática de Morales» — El Diario - Bolivia" data-secret="FLQFX0EL65" frameborder="0" marginwidth="0" marginheight="0" scrolling="no" class="wp-embedded-content"></iframe><script>
/*! This file is auto-generated */
!function(d,l){"use strict";l.querySelector&&d.addEventListener&&"undefined"!=typeof URL&&(d.wp=d.wp||{},d.wp.receiveEmbedMessage||(d.wp.receiveEmbedMessage=function(e){var t=e.data;if((t||t.secret||t.message||t.value)&&!/[^a-zA-Z0-9]/.test(t.secret)){for(var s,r,n,a=l.querySelectorAll('iframe[data-secret="'+t.secret+'"]'),o=l.querySelectorAll('blockquote[data-secret="'+t.secret+'"]'),c=new RegExp("^https?:$","i"),i=0;i<o.length;i++)o[i].style.display="none";for(i=0;i<a.length;i++)s=a[i],e.source===s.contentWindow&&(s.removeAttribute("style"),"height"===t.message?(1e3<(r=parseInt(t.value,10))?r=1e3:~~r<200&&(r=200),s.height=r):"link"===t.message&&(r=new URL(s.getAttribute("src")),n=new URL(t.value),c.test(n.protocol))&&n.host===r.host&&l.activeElement===s&&(d.top.location.href=t.value))}},d.addEventListener("message",d.wp.receiveEmbedMessage,!1),l.addEventListener("DOMContentLoaded",function(){for(var e,t,s=l.querySelectorAll("iframe.wp-embedded-content"),r=0;r<s.length;r++)(t=(e=s[r]).getAttribute("data-secret"))||(t=Math.random().toString(36).substring(2,12),e.src+="#?secret="+t,e.setAttribute("data-secret",t)),e.contentWindow.postMessage({message:"ready",secret:t},"*")},!1)))}(window,document);
//# sourceURL=https://www.eldiario.net/portal/wp-includes/js/wp-embed.min.js
</script>

Ante las amenazas emitidas desde el ala “evista” en el Movimiento al Socialismo (MAS) para forzar una candidatura presidencial en favor de Evo Morales, desde el Comité Nacional de Defensa de la Democracia (Conade) se aseguró que estas declaraciones revelan la cara antidemocrática del líder cocalero y adelantan posibles mayores disputas por el poder al [&hellip;]
