{"version":"1.0","provider_name":"El Diario - Bolivia","provider_url":"https:\/\/www.eldiario.net\/portal","title":"Se viene el Segundo Nacional de Circuitos - El Diario - Bolivia","type":"rich","width":600,"height":338,"html":"<blockquote class=\"wp-embedded-content\" data-secret=\"ae2SpO3dGY\"><a href=\"https:\/\/www.eldiario.net\/portal\/2024\/03\/29\/se-viene-el-segundo-nacional-de-circuitos\/\">Se viene el Segundo Nacional de Circuitos<\/a><\/blockquote><iframe sandbox=\"allow-scripts\" security=\"restricted\" src=\"https:\/\/www.eldiario.net\/portal\/2024\/03\/29\/se-viene-el-segundo-nacional-de-circuitos\/embed\/#?secret=ae2SpO3dGY\" width=\"600\" height=\"338\" title=\"\u00abSe viene el Segundo Nacional de Circuitos\u00bb \u2014 El Diario - Bolivia\" data-secret=\"ae2SpO3dGY\" frameborder=\"0\" marginwidth=\"0\" marginheight=\"0\" scrolling=\"no\" class=\"wp-embedded-content\"><\/iframe><script>\n\/*! This file is auto-generated *\/\n!function(d,l){\"use strict\";l.querySelector&&d.addEventListener&&\"undefined\"!=typeof URL&&(d.wp=d.wp||{},d.wp.receiveEmbedMessage||(d.wp.receiveEmbedMessage=function(e){var t=e.data;if((t||t.secret||t.message||t.value)&&!\/[^a-zA-Z0-9]\/.test(t.secret)){for(var s,r,n,a=l.querySelectorAll('iframe[data-secret=\"'+t.secret+'\"]'),o=l.querySelectorAll('blockquote[data-secret=\"'+t.secret+'\"]'),c=new RegExp(\"^https?:$\",\"i\"),i=0;i<o.length;i++)o[i].style.display=\"none\";for(i=0;i<a.length;i++)s=a[i],e.source===s.contentWindow&&(s.removeAttribute(\"style\"),\"height\"===t.message?(1e3<(r=parseInt(t.value,10))?r=1e3:~~r<200&&(r=200),s.height=r):\"link\"===t.message&&(r=new URL(s.getAttribute(\"src\")),n=new URL(t.value),c.test(n.protocol))&&n.host===r.host&&l.activeElement===s&&(d.top.location.href=t.value))}},d.addEventListener(\"message\",d.wp.receiveEmbedMessage,!1),l.addEventListener(\"DOMContentLoaded\",function(){for(var e,t,s=l.querySelectorAll(\"iframe.wp-embedded-content\"),r=0;r<s.length;r++)(t=(e=s[r]).getAttribute(\"data-secret\"))||(t=Math.random().toString(36).substring(2,12),e.src+=\"#?secret=\"+t,e.setAttribute(\"data-secret\",t)),e.contentWindow.postMessage({message:\"ready\",secret:t},\"*\")},!1)))}(window,document);\n\/\/# sourceURL=https:\/\/www.eldiario.net\/portal\/wp-includes\/js\/wp-embed.min.js\n<\/script>\n","thumbnail_url":"https:\/\/www.eldiario.net\/portal\/wp-content\/uploads\/2024\/03\/automovilismo.jpg","thumbnail_width":1124,"thumbnail_height":750,"description":"Con mucha expectativa se present\u00f3 ayer el Segundo Nacional de Circuitos que se llevar\u00e1 a cabo en La Paz el pr\u00f3ximo fin de semana. Autoridades de la Federaci\u00f3n Boliviana de Automovilismo, adem\u00e1s de la Asociaci\u00f3n Departamental, mostraron varios detalles del certamen, la misma que tendr\u00e1 largada simb\u00f3lica en inmediaciones de la Terminal Metropolitana de El [&hellip;]"}

Con mucha expectativa se presentó ayer el Segundo Nacional de Circuitos que se llevará a cabo en La Paz el próximo fin de semana. Autoridades de la Federación Boliviana de Automovilismo, además de la Asociación Departamental, mostraron varios detalles del certamen, la misma que tendrá largada simbólica en inmediaciones de la Terminal Metropolitana de El [&hellip;]
