{"version":"1.0","provider_name":"El Diario - Bolivia","provider_url":"https:\/\/www.eldiario.net\/portal","title":"Mi Centro Vida - El Diario - Bolivia","type":"rich","width":600,"height":338,"html":"<blockquote class=\"wp-embedded-content\" data-secret=\"PYf84TD7WK\"><a href=\"https:\/\/www.eldiario.net\/portal\/2024\/03\/18\/mi-centro-vida\/\">Mi Centro Vida<\/a><\/blockquote><iframe sandbox=\"allow-scripts\" security=\"restricted\" src=\"https:\/\/www.eldiario.net\/portal\/2024\/03\/18\/mi-centro-vida\/embed\/#?secret=PYf84TD7WK\" width=\"600\" height=\"338\" title=\"\u00abMi Centro Vida\u00bb \u2014 El Diario - Bolivia\" data-secret=\"PYf84TD7WK\" frameborder=\"0\" marginwidth=\"0\" marginheight=\"0\" scrolling=\"no\" class=\"wp-embedded-content\"><\/iframe><script>\n\/*! This file is auto-generated *\/\n!function(d,l){\"use strict\";l.querySelector&&d.addEventListener&&\"undefined\"!=typeof URL&&(d.wp=d.wp||{},d.wp.receiveEmbedMessage||(d.wp.receiveEmbedMessage=function(e){var t=e.data;if((t||t.secret||t.message||t.value)&&!\/[^a-zA-Z0-9]\/.test(t.secret)){for(var s,r,n,a=l.querySelectorAll('iframe[data-secret=\"'+t.secret+'\"]'),o=l.querySelectorAll('blockquote[data-secret=\"'+t.secret+'\"]'),c=new RegExp(\"^https?:$\",\"i\"),i=0;i<o.length;i++)o[i].style.display=\"none\";for(i=0;i<a.length;i++)s=a[i],e.source===s.contentWindow&&(s.removeAttribute(\"style\"),\"height\"===t.message?(1e3<(r=parseInt(t.value,10))?r=1e3:~~r<200&&(r=200),s.height=r):\"link\"===t.message&&(r=new URL(s.getAttribute(\"src\")),n=new URL(t.value),c.test(n.protocol))&&n.host===r.host&&l.activeElement===s&&(d.top.location.href=t.value))}},d.addEventListener(\"message\",d.wp.receiveEmbedMessage,!1),l.addEventListener(\"DOMContentLoaded\",function(){for(var e,t,s=l.querySelectorAll(\"iframe.wp-embedded-content\"),r=0;r<s.length;r++)(t=(e=s[r]).getAttribute(\"data-secret\"))||(t=Math.random().toString(36).substring(2,12),e.src+=\"#?secret=\"+t,e.setAttribute(\"data-secret\",t)),e.contentWindow.postMessage({message:\"ready\",secret:t},\"*\")},!1)))}(window,document);\n\/\/# sourceURL=https:\/\/www.eldiario.net\/portal\/wp-includes\/js\/wp-embed.min.js\n<\/script>\n","thumbnail_url":"https:\/\/www.eldiario.net\/portal\/wp-content\/uploads\/2023\/06\/David-Foronda-H.jpg","thumbnail_width":1200,"thumbnail_height":628,"description":"El denominativo es apropiado: \u201cMi Centro Vida\u201d. Funciona desde hace varios a\u00f1os en el Telef\u00e9rico, para atender cualquier problema de salud que pueda presentarse en todas sus l\u00edneas. Profesionales j\u00f3venes cumplen las tareas de atenci\u00f3n sanitaria, no s\u00f3lo a personas que usan tal servicio, sino a la poblaci\u00f3n en general, hasta s\u00e1bados y domingos. Toma [&hellip;]"}

El denominativo es apropiado: “Mi Centro Vida”. Funciona desde hace varios años en el Teleférico, para atender cualquier problema de salud que pueda presentarse en todas sus líneas. Profesionales jóvenes cumplen las tareas de atención sanitaria, no sólo a personas que usan tal servicio, sino a la población en general, hasta sábados y domingos. Toma [&hellip;]
