{"version":"1.0","provider_name":"El Diario - Bolivia","provider_url":"https:\/\/www.eldiario.net\/portal","title":"Ya no hay pueblo - El Diario - Bolivia","type":"rich","width":600,"height":338,"html":"<blockquote class=\"wp-embedded-content\" data-secret=\"HtlhUxwvtf\"><a href=\"https:\/\/www.eldiario.net\/portal\/2024\/03\/08\/ya-no-hay-pueblo\/\">Ya no hay pueblo<\/a><\/blockquote><iframe sandbox=\"allow-scripts\" security=\"restricted\" src=\"https:\/\/www.eldiario.net\/portal\/2024\/03\/08\/ya-no-hay-pueblo\/embed\/#?secret=HtlhUxwvtf\" width=\"600\" height=\"338\" title=\"\u00abYa no hay pueblo\u00bb \u2014 El Diario - Bolivia\" data-secret=\"HtlhUxwvtf\" frameborder=\"0\" marginwidth=\"0\" marginheight=\"0\" scrolling=\"no\" class=\"wp-embedded-content\"><\/iframe><script>\n\/*! This file is auto-generated *\/\n!function(d,l){\"use strict\";l.querySelector&&d.addEventListener&&\"undefined\"!=typeof URL&&(d.wp=d.wp||{},d.wp.receiveEmbedMessage||(d.wp.receiveEmbedMessage=function(e){var t=e.data;if((t||t.secret||t.message||t.value)&&!\/[^a-zA-Z0-9]\/.test(t.secret)){for(var s,r,n,a=l.querySelectorAll('iframe[data-secret=\"'+t.secret+'\"]'),o=l.querySelectorAll('blockquote[data-secret=\"'+t.secret+'\"]'),c=new RegExp(\"^https?:$\",\"i\"),i=0;i<o.length;i++)o[i].style.display=\"none\";for(i=0;i<a.length;i++)s=a[i],e.source===s.contentWindow&&(s.removeAttribute(\"style\"),\"height\"===t.message?(1e3<(r=parseInt(t.value,10))?r=1e3:~~r<200&&(r=200),s.height=r):\"link\"===t.message&&(r=new URL(s.getAttribute(\"src\")),n=new URL(t.value),c.test(n.protocol))&&n.host===r.host&&l.activeElement===s&&(d.top.location.href=t.value))}},d.addEventListener(\"message\",d.wp.receiveEmbedMessage,!1),l.addEventListener(\"DOMContentLoaded\",function(){for(var e,t,s=l.querySelectorAll(\"iframe.wp-embedded-content\"),r=0;r<s.length;r++)(t=(e=s[r]).getAttribute(\"data-secret\"))||(t=Math.random().toString(36).substring(2,12),e.src+=\"#?secret=\"+t,e.setAttribute(\"data-secret\",t)),e.contentWindow.postMessage({message:\"ready\",secret:t},\"*\")},!1)))}(window,document);\n\/\/# sourceURL=https:\/\/www.eldiario.net\/portal\/wp-includes\/js\/wp-embed.min.js\n<\/script>\n","thumbnail_url":"https:\/\/www.eldiario.net\/portal\/wp-content\/uploads\/2023\/06\/David-Foronda-H.jpg","thumbnail_width":1200,"thumbnail_height":628,"description":"Hace algunos d\u00edas un profesor de matem\u00e1ticas, jubilado, se me aproxim\u00f3 para reclamar por una serie de situaciones que, seg\u00fan su criterio, no reciben atenci\u00f3n. Es el caso de las aceras, ocupadas abusivamente por comerciantes de toda \u00edndole, que ponen en peligro a peatones, sin importarles su integridad f\u00edsica y hasta sus vidas, ante un [&hellip;]"}

Hace algunos días un profesor de matemáticas, jubilado, se me aproximó para reclamar por una serie de situaciones que, según su criterio, no reciben atención. Es el caso de las aceras, ocupadas abusivamente por comerciantes de toda índole, que ponen en peligro a peatones, sin importarles su integridad física y hasta sus vidas, ante un [&hellip;]
