{"version":"1.0","provider_name":"El Diario - Bolivia","provider_url":"https:\/\/www.eldiario.net\/portal","title":"Oruro vibr\u00f3 con el Festival de Bandas - El Diario - Bolivia","type":"rich","width":600,"height":338,"html":"<blockquote class=\"wp-embedded-content\" data-secret=\"UIxhNB7hPh\"><a href=\"https:\/\/www.eldiario.net\/portal\/2024\/02\/04\/oruro-vibro-con-el-festival-de-bandas\/\">Oruro vibr\u00f3 con el Festival de Bandas<\/a><\/blockquote><iframe sandbox=\"allow-scripts\" security=\"restricted\" src=\"https:\/\/www.eldiario.net\/portal\/2024\/02\/04\/oruro-vibro-con-el-festival-de-bandas\/embed\/#?secret=UIxhNB7hPh\" width=\"600\" height=\"338\" title=\"\u00abOruro vibr\u00f3 con el Festival de Bandas\u00bb \u2014 El Diario - Bolivia\" data-secret=\"UIxhNB7hPh\" frameborder=\"0\" marginwidth=\"0\" marginheight=\"0\" scrolling=\"no\" class=\"wp-embedded-content\"><\/iframe><script>\n\/*! This file is auto-generated *\/\n!function(d,l){\"use strict\";l.querySelector&&d.addEventListener&&\"undefined\"!=typeof URL&&(d.wp=d.wp||{},d.wp.receiveEmbedMessage||(d.wp.receiveEmbedMessage=function(e){var t=e.data;if((t||t.secret||t.message||t.value)&&!\/[^a-zA-Z0-9]\/.test(t.secret)){for(var s,r,n,a=l.querySelectorAll('iframe[data-secret=\"'+t.secret+'\"]'),o=l.querySelectorAll('blockquote[data-secret=\"'+t.secret+'\"]'),c=new RegExp(\"^https?:$\",\"i\"),i=0;i<o.length;i++)o[i].style.display=\"none\";for(i=0;i<a.length;i++)s=a[i],e.source===s.contentWindow&&(s.removeAttribute(\"style\"),\"height\"===t.message?(1e3<(r=parseInt(t.value,10))?r=1e3:~~r<200&&(r=200),s.height=r):\"link\"===t.message&&(r=new URL(s.getAttribute(\"src\")),n=new URL(t.value),c.test(n.protocol))&&n.host===r.host&&l.activeElement===s&&(d.top.location.href=t.value))}},d.addEventListener(\"message\",d.wp.receiveEmbedMessage,!1),l.addEventListener(\"DOMContentLoaded\",function(){for(var e,t,s=l.querySelectorAll(\"iframe.wp-embedded-content\"),r=0;r<s.length;r++)(t=(e=s[r]).getAttribute(\"data-secret\"))||(t=Math.random().toString(36).substring(2,12),e.src+=\"#?secret=\"+t,e.setAttribute(\"data-secret\",t)),e.contentWindow.postMessage({message:\"ready\",secret:t},\"*\")},!1)))}(window,document);\n\/\/# sourceURL=https:\/\/www.eldiario.net\/portal\/wp-includes\/js\/wp-embed.min.js\n<\/script>\n","thumbnail_url":"https:\/\/www.eldiario.net\/portal\/wp-content\/uploads\/2024\/02\/P-4-2.jpg","thumbnail_width":1500,"thumbnail_height":1000,"description":"M\u00e1s de cinco mil m\u00fasicos hicieron ayer retumbar las calles de Oruro en el vigesimosegundo Festival de Bandas 2024, que se realiz\u00f3 en la avenida C\u00edvica de esa ciudad. El evento comenz\u00f3 cerca de las 10:00 horas con el ingreso de la imagen de la Virgen del Socav\u00f3n. Los m\u00fasicos acompa\u00f1aron a la imagen en [&hellip;]"}

Oruro vibró con el Festival de Bandas - El Diario - Bolivia

<blockquote class="wp-embedded-content" data-secret="UIxhNB7hPh"><a href="https://www.eldiario.net/portal/2024/02/04/oruro-vibro-con-el-festival-de-bandas/">Oruro vibró con el Festival de Bandas</a></blockquote><iframe sandbox="allow-scripts" security="restricted" src="https://www.eldiario.net/portal/2024/02/04/oruro-vibro-con-el-festival-de-bandas/embed/#?secret=UIxhNB7hPh" width="600" height="338" title="«Oruro vibró con el Festival de Bandas» — El Diario - Bolivia" data-secret="UIxhNB7hPh" frameborder="0" marginwidth="0" marginheight="0" scrolling="no" class="wp-embedded-content"></iframe><script>
/*! This file is auto-generated */
!function(d,l){"use strict";l.querySelector&&d.addEventListener&&"undefined"!=typeof URL&&(d.wp=d.wp||{},d.wp.receiveEmbedMessage||(d.wp.receiveEmbedMessage=function(e){var t=e.data;if((t||t.secret||t.message||t.value)&&!/[^a-zA-Z0-9]/.test(t.secret)){for(var s,r,n,a=l.querySelectorAll('iframe[data-secret="'+t.secret+'"]'),o=l.querySelectorAll('blockquote[data-secret="'+t.secret+'"]'),c=new RegExp("^https?:$","i"),i=0;i<o.length;i++)o[i].style.display="none";for(i=0;i<a.length;i++)s=a[i],e.source===s.contentWindow&&(s.removeAttribute("style"),"height"===t.message?(1e3<(r=parseInt(t.value,10))?r=1e3:~~r<200&&(r=200),s.height=r):"link"===t.message&&(r=new URL(s.getAttribute("src")),n=new URL(t.value),c.test(n.protocol))&&n.host===r.host&&l.activeElement===s&&(d.top.location.href=t.value))}},d.addEventListener("message",d.wp.receiveEmbedMessage,!1),l.addEventListener("DOMContentLoaded",function(){for(var e,t,s=l.querySelectorAll("iframe.wp-embedded-content"),r=0;r<s.length;r++)(t=(e=s[r]).getAttribute("data-secret"))||(t=Math.random().toString(36).substring(2,12),e.src+="#?secret="+t,e.setAttribute("data-secret",t)),e.contentWindow.postMessage({message:"ready",secret:t},"*")},!1)))}(window,document);
//# sourceURL=https://www.eldiario.net/portal/wp-includes/js/wp-embed.min.js
</script>

Más de cinco mil músicos hicieron ayer retumbar las calles de Oruro en el vigesimosegundo Festival de Bandas 2024, que se realizó en la avenida Cívica de esa ciudad. El evento comenzó cerca de las 10:00 horas con el ingreso de la imagen de la Virgen del Socavón. Los músicos acompañaron a la imagen en [&hellip;]
