{"version":"1.0","provider_name":"El Diario - Bolivia","provider_url":"https:\/\/www.eldiario.net\/portal","title":"Final Costanera ser\u00e1 reparada hasta el lunes - El Diario - Bolivia","type":"rich","width":600,"height":338,"html":"<blockquote class=\"wp-embedded-content\" data-secret=\"m11edjhPHt\"><a href=\"https:\/\/www.eldiario.net\/portal\/2024\/01\/28\/final-costanera-sera-reparada-hasta-el-lunes\/\">Final Costanera ser\u00e1 reparada hasta el lunes<\/a><\/blockquote><iframe sandbox=\"allow-scripts\" security=\"restricted\" src=\"https:\/\/www.eldiario.net\/portal\/2024\/01\/28\/final-costanera-sera-reparada-hasta-el-lunes\/embed\/#?secret=m11edjhPHt\" width=\"600\" height=\"338\" title=\"\u00abFinal Costanera ser\u00e1 reparada hasta el lunes\u00bb \u2014 El Diario - Bolivia\" data-secret=\"m11edjhPHt\" frameborder=\"0\" marginwidth=\"0\" marginheight=\"0\" scrolling=\"no\" class=\"wp-embedded-content\"><\/iframe><script>\n\/*! This file is auto-generated *\/\n!function(d,l){\"use strict\";l.querySelector&&d.addEventListener&&\"undefined\"!=typeof URL&&(d.wp=d.wp||{},d.wp.receiveEmbedMessage||(d.wp.receiveEmbedMessage=function(e){var t=e.data;if((t||t.secret||t.message||t.value)&&!\/[^a-zA-Z0-9]\/.test(t.secret)){for(var s,r,n,a=l.querySelectorAll('iframe[data-secret=\"'+t.secret+'\"]'),o=l.querySelectorAll('blockquote[data-secret=\"'+t.secret+'\"]'),c=new RegExp(\"^https?:$\",\"i\"),i=0;i<o.length;i++)o[i].style.display=\"none\";for(i=0;i<a.length;i++)s=a[i],e.source===s.contentWindow&&(s.removeAttribute(\"style\"),\"height\"===t.message?(1e3<(r=parseInt(t.value,10))?r=1e3:~~r<200&&(r=200),s.height=r):\"link\"===t.message&&(r=new URL(s.getAttribute(\"src\")),n=new URL(t.value),c.test(n.protocol))&&n.host===r.host&&l.activeElement===s&&(d.top.location.href=t.value))}},d.addEventListener(\"message\",d.wp.receiveEmbedMessage,!1),l.addEventListener(\"DOMContentLoaded\",function(){for(var e,t,s=l.querySelectorAll(\"iframe.wp-embedded-content\"),r=0;r<s.length;r++)(t=(e=s[r]).getAttribute(\"data-secret\"))||(t=Math.random().toString(36).substring(2,12),e.src+=\"#?secret=\"+t,e.setAttribute(\"data-secret\",t)),e.contentWindow.postMessage({message:\"ready\",secret:t},\"*\")},!1)))}(window,document);\n\/\/# sourceURL=https:\/\/www.eldiario.net\/portal\/wp-includes\/js\/wp-embed.min.js\n<\/script>\n","thumbnail_url":"https:\/\/www.eldiario.net\/portal\/wp-content\/uploads\/2024\/01\/P-5-6.jpg","thumbnail_width":1280,"thumbnail_height":853,"description":"El hundimiento que se produjo ayer en el carril de subida en la final de la avenida Costanera ser\u00e1 reparado hasta este lunes, dijo el alcalde municipal, Iv\u00e1n Arias. Con maquinaria pesada y personal municipal, la Alcald\u00eda comenz\u00f3 ayer por la ma\u00f1ana la reparaci\u00f3n de un sifonamiento que se present\u00f3 a la altura del puente [&hellip;]"}

Final Costanera será reparada hasta el lunes - El Diario - Bolivia

<blockquote class="wp-embedded-content" data-secret="m11edjhPHt"><a href="https://www.eldiario.net/portal/2024/01/28/final-costanera-sera-reparada-hasta-el-lunes/">Final Costanera será reparada hasta el lunes</a></blockquote><iframe sandbox="allow-scripts" security="restricted" src="https://www.eldiario.net/portal/2024/01/28/final-costanera-sera-reparada-hasta-el-lunes/embed/#?secret=m11edjhPHt" width="600" height="338" title="«Final Costanera será reparada hasta el lunes» — El Diario - Bolivia" data-secret="m11edjhPHt" frameborder="0" marginwidth="0" marginheight="0" scrolling="no" class="wp-embedded-content"></iframe><script>
/*! This file is auto-generated */
!function(d,l){"use strict";l.querySelector&&d.addEventListener&&"undefined"!=typeof URL&&(d.wp=d.wp||{},d.wp.receiveEmbedMessage||(d.wp.receiveEmbedMessage=function(e){var t=e.data;if((t||t.secret||t.message||t.value)&&!/[^a-zA-Z0-9]/.test(t.secret)){for(var s,r,n,a=l.querySelectorAll('iframe[data-secret="'+t.secret+'"]'),o=l.querySelectorAll('blockquote[data-secret="'+t.secret+'"]'),c=new RegExp("^https?:$","i"),i=0;i<o.length;i++)o[i].style.display="none";for(i=0;i<a.length;i++)s=a[i],e.source===s.contentWindow&&(s.removeAttribute("style"),"height"===t.message?(1e3<(r=parseInt(t.value,10))?r=1e3:~~r<200&&(r=200),s.height=r):"link"===t.message&&(r=new URL(s.getAttribute("src")),n=new URL(t.value),c.test(n.protocol))&&n.host===r.host&&l.activeElement===s&&(d.top.location.href=t.value))}},d.addEventListener("message",d.wp.receiveEmbedMessage,!1),l.addEventListener("DOMContentLoaded",function(){for(var e,t,s=l.querySelectorAll("iframe.wp-embedded-content"),r=0;r<s.length;r++)(t=(e=s[r]).getAttribute("data-secret"))||(t=Math.random().toString(36).substring(2,12),e.src+="#?secret="+t,e.setAttribute("data-secret",t)),e.contentWindow.postMessage({message:"ready",secret:t},"*")},!1)))}(window,document);
//# sourceURL=https://www.eldiario.net/portal/wp-includes/js/wp-embed.min.js
</script>

El hundimiento que se produjo ayer en el carril de subida en la final de la avenida Costanera será reparado hasta este lunes, dijo el alcalde municipal, Iván Arias. Con maquinaria pesada y personal municipal, la Alcaldía comenzó ayer por la mañana la reparación de un sifonamiento que se presentó a la altura del puente [&hellip;]
