{"version":"1.0","provider_name":"El Diario - Bolivia","provider_url":"https:\/\/www.eldiario.net\/portal","title":"\u201cPlan negro\u201d denunciado por Morales busca victimizarlo - El Diario - Bolivia","type":"rich","width":600,"height":338,"html":"<blockquote class=\"wp-embedded-content\" data-secret=\"wO67PViLrx\"><a href=\"https:\/\/www.eldiario.net\/portal\/2024\/01\/05\/plan-negro-denunciado-por-morales-busca-victimizarlo\/\">\u201cPlan negro\u201d denunciado por  Morales busca victimizarlo<\/a><\/blockquote><iframe sandbox=\"allow-scripts\" security=\"restricted\" src=\"https:\/\/www.eldiario.net\/portal\/2024\/01\/05\/plan-negro-denunciado-por-morales-busca-victimizarlo\/embed\/#?secret=wO67PViLrx\" width=\"600\" height=\"338\" title=\"\u00ab\u201cPlan negro\u201d denunciado por  Morales busca victimizarlo\u00bb \u2014 El Diario - Bolivia\" data-secret=\"wO67PViLrx\" frameborder=\"0\" marginwidth=\"0\" marginheight=\"0\" scrolling=\"no\" class=\"wp-embedded-content\"><\/iframe><script>\n\/*! This file is auto-generated *\/\n!function(d,l){\"use strict\";l.querySelector&&d.addEventListener&&\"undefined\"!=typeof URL&&(d.wp=d.wp||{},d.wp.receiveEmbedMessage||(d.wp.receiveEmbedMessage=function(e){var t=e.data;if((t||t.secret||t.message||t.value)&&!\/[^a-zA-Z0-9]\/.test(t.secret)){for(var s,r,n,a=l.querySelectorAll('iframe[data-secret=\"'+t.secret+'\"]'),o=l.querySelectorAll('blockquote[data-secret=\"'+t.secret+'\"]'),c=new RegExp(\"^https?:$\",\"i\"),i=0;i<o.length;i++)o[i].style.display=\"none\";for(i=0;i<a.length;i++)s=a[i],e.source===s.contentWindow&&(s.removeAttribute(\"style\"),\"height\"===t.message?(1e3<(r=parseInt(t.value,10))?r=1e3:~~r<200&&(r=200),s.height=r):\"link\"===t.message&&(r=new URL(s.getAttribute(\"src\")),n=new URL(t.value),c.test(n.protocol))&&n.host===r.host&&l.activeElement===s&&(d.top.location.href=t.value))}},d.addEventListener(\"message\",d.wp.receiveEmbedMessage,!1),l.addEventListener(\"DOMContentLoaded\",function(){for(var e,t,s=l.querySelectorAll(\"iframe.wp-embedded-content\"),r=0;r<s.length;r++)(t=(e=s[r]).getAttribute(\"data-secret\"))||(t=Math.random().toString(36).substring(2,12),e.src+=\"#?secret=\"+t,e.setAttribute(\"data-secret\",t)),e.contentWindow.postMessage({message:\"ready\",secret:t},\"*\")},!1)))}(window,document);\n\/\/# sourceURL=https:\/\/www.eldiario.net\/portal\/wp-includes\/js\/wp-embed.min.js\n<\/script>\n","thumbnail_url":"https:\/\/www.eldiario.net\/portal\/wp-content\/uploads\/2024\/01\/43-POL.jpg","thumbnail_width":770,"thumbnail_height":430,"description":"Tras las aseveraciones del dirigente cocalero, Evo Morales, en las que denuncia un supuesto \u201cplan negro\u201d en su contra, el viceministro de Autonom\u00edas, \u00c1lvaro Ruiz, se\u00f1al\u00f3 que este tipo de versiones buscan desarrollar e instalar un plan de victimizaci\u00f3n en favor del jefe del Movimiento al Socialismo (MAS) y de desestabilizaci\u00f3n contra la actual gesti\u00f3n [&hellip;]"}

Tras las aseveraciones del dirigente cocalero, Evo Morales, en las que denuncia un supuesto “plan negro” en su contra, el viceministro de Autonomías, Álvaro Ruiz, señaló que este tipo de versiones buscan desarrollar e instalar un plan de victimización en favor del jefe del Movimiento al Socialismo (MAS) y de desestabilización contra la actual gestión [&hellip;]
