{"version":"1.0","provider_name":"El Diario - Bolivia","provider_url":"https:\/\/www.eldiario.net\/portal","title":"DAKAR 2024: SIN BOLIVIANOS - El Diario - Bolivia","type":"rich","width":600,"height":338,"html":"<blockquote class=\"wp-embedded-content\" data-secret=\"VrhgBLzuyB\"><a href=\"https:\/\/www.eldiario.net\/portal\/2023\/12\/16\/dakar-2024-sin-bolivianos\/\">DAKAR 2024: SIN BOLIVIANOS<\/a><\/blockquote><iframe sandbox=\"allow-scripts\" security=\"restricted\" src=\"https:\/\/www.eldiario.net\/portal\/2023\/12\/16\/dakar-2024-sin-bolivianos\/embed\/#?secret=VrhgBLzuyB\" width=\"600\" height=\"338\" title=\"\u00abDAKAR 2024: SIN BOLIVIANOS\u00bb \u2014 El Diario - Bolivia\" data-secret=\"VrhgBLzuyB\" frameborder=\"0\" marginwidth=\"0\" marginheight=\"0\" scrolling=\"no\" class=\"wp-embedded-content\"><\/iframe><script>\n\/*! This file is auto-generated *\/\n!function(d,l){\"use strict\";l.querySelector&&d.addEventListener&&\"undefined\"!=typeof URL&&(d.wp=d.wp||{},d.wp.receiveEmbedMessage||(d.wp.receiveEmbedMessage=function(e){var t=e.data;if((t||t.secret||t.message||t.value)&&!\/[^a-zA-Z0-9]\/.test(t.secret)){for(var s,r,n,a=l.querySelectorAll('iframe[data-secret=\"'+t.secret+'\"]'),o=l.querySelectorAll('blockquote[data-secret=\"'+t.secret+'\"]'),c=new RegExp(\"^https?:$\",\"i\"),i=0;i<o.length;i++)o[i].style.display=\"none\";for(i=0;i<a.length;i++)s=a[i],e.source===s.contentWindow&&(s.removeAttribute(\"style\"),\"height\"===t.message?(1e3<(r=parseInt(t.value,10))?r=1e3:~~r<200&&(r=200),s.height=r):\"link\"===t.message&&(r=new URL(s.getAttribute(\"src\")),n=new URL(t.value),c.test(n.protocol))&&n.host===r.host&&l.activeElement===s&&(d.top.location.href=t.value))}},d.addEventListener(\"message\",d.wp.receiveEmbedMessage,!1),l.addEventListener(\"DOMContentLoaded\",function(){for(var e,t,s=l.querySelectorAll(\"iframe.wp-embedded-content\"),r=0;r<s.length;r++)(t=(e=s[r]).getAttribute(\"data-secret\"))||(t=Math.random().toString(36).substring(2,12),e.src+=\"#?secret=\"+t,e.setAttribute(\"data-secret\",t)),e.contentWindow.postMessage({message:\"ready\",secret:t},\"*\")},!1)))}(window,document);\n\/\/# sourceURL=https:\/\/www.eldiario.net\/portal\/wp-includes\/js\/wp-embed.min.js\n<\/script>\n","thumbnail_url":"https:\/\/www.eldiario.net\/portal\/wp-content\/uploads\/2023\/12\/PRINCIPAL-4.jpg","thumbnail_width":1000,"thumbnail_height":600,"description":"Los altos costos, las nuevas prioridades y otras realidades, hicieron que ning\u00fan boliviano se presente en el pr\u00f3ximo Rally Dakar 2024, certamen mundial en el cual Bolivia estuvo con representantes durante 13 a\u00f1os de manera ininterrumpida. Bolivia comenz\u00f3 a tener representaci\u00f3n en la prueba denominada como la \u201cM\u00e1s peligrosa del mundo\u201d desde hace 13 a\u00f1os. [&hellip;]"}

Los altos costos, las nuevas prioridades y otras realidades, hicieron que ningún boliviano se presente en el próximo Rally Dakar 2024, certamen mundial en el cual Bolivia estuvo con representantes durante 13 años de manera ininterrumpida. Bolivia comenzó a tener representación en la prueba denominada como la “Más peligrosa del mundo” desde hace 13 años. [&hellip;]
