{"version":"1.0","provider_name":"El Diario - Bolivia","provider_url":"https:\/\/www.eldiario.net\/portal","title":"Sin Fronteras vuelve a los escenarios - El Diario - Bolivia","type":"rich","width":600,"height":338,"html":"<blockquote class=\"wp-embedded-content\" data-secret=\"T5tJ75yzZn\"><a href=\"https:\/\/www.eldiario.net\/portal\/2023\/11\/17\/sin-fronteras-vuelve-a-los-escenarios\/\">Sin Fronteras vuelve  a los escenarios<\/a><\/blockquote><iframe sandbox=\"allow-scripts\" security=\"restricted\" src=\"https:\/\/www.eldiario.net\/portal\/2023\/11\/17\/sin-fronteras-vuelve-a-los-escenarios\/embed\/#?secret=T5tJ75yzZn\" width=\"600\" height=\"338\" title=\"\u00abSin Fronteras vuelve  a los escenarios\u00bb \u2014 El Diario - Bolivia\" data-secret=\"T5tJ75yzZn\" frameborder=\"0\" marginwidth=\"0\" marginheight=\"0\" scrolling=\"no\" class=\"wp-embedded-content\"><\/iframe><script>\n\/*! This file is auto-generated *\/\n!function(d,l){\"use strict\";l.querySelector&&d.addEventListener&&\"undefined\"!=typeof URL&&(d.wp=d.wp||{},d.wp.receiveEmbedMessage||(d.wp.receiveEmbedMessage=function(e){var t=e.data;if((t||t.secret||t.message||t.value)&&!\/[^a-zA-Z0-9]\/.test(t.secret)){for(var s,r,n,a=l.querySelectorAll('iframe[data-secret=\"'+t.secret+'\"]'),o=l.querySelectorAll('blockquote[data-secret=\"'+t.secret+'\"]'),c=new RegExp(\"^https?:$\",\"i\"),i=0;i<o.length;i++)o[i].style.display=\"none\";for(i=0;i<a.length;i++)s=a[i],e.source===s.contentWindow&&(s.removeAttribute(\"style\"),\"height\"===t.message?(1e3<(r=parseInt(t.value,10))?r=1e3:~~r<200&&(r=200),s.height=r):\"link\"===t.message&&(r=new URL(s.getAttribute(\"src\")),n=new URL(t.value),c.test(n.protocol))&&n.host===r.host&&l.activeElement===s&&(d.top.location.href=t.value))}},d.addEventListener(\"message\",d.wp.receiveEmbedMessage,!1),l.addEventListener(\"DOMContentLoaded\",function(){for(var e,t,s=l.querySelectorAll(\"iframe.wp-embedded-content\"),r=0;r<s.length;r++)(t=(e=s[r]).getAttribute(\"data-secret\"))||(t=Math.random().toString(36).substring(2,12),e.src+=\"#?secret=\"+t,e.setAttribute(\"data-secret\",t)),e.contentWindow.postMessage({message:\"ready\",secret:t},\"*\")},!1)))}(window,document);\n\/\/# sourceURL=https:\/\/www.eldiario.net\/portal\/wp-includes\/js\/wp-embed.min.js\n<\/script>\n","thumbnail_url":"https:\/\/www.eldiario.net\/portal\/wp-content\/uploads\/2023\/11\/sin-fronteras-1PRINCIPAL.jpeg","thumbnail_width":2504,"thumbnail_height":1252,"description":"Despu\u00e9s de una breve pausa, Sin Fronteras vuelve a los escenarios para mostrar su calidad interpretativa, vocal e instrumental, proponiendo canciones nuevas y cantando sus grandes \u00e9xitos que han conquistado los corazones de varias generaciones hasta la actualidad. La reconocida agrupaci\u00f3n nacional se reencontrar\u00e1 con el p\u00fablico, luego de siete meses de par\u00e9ntesis, este viernes [&hellip;]"}

Después de una breve pausa, Sin Fronteras vuelve a los escenarios para mostrar su calidad interpretativa, vocal e instrumental, proponiendo canciones nuevas y cantando sus grandes éxitos que han conquistado los corazones de varias generaciones hasta la actualidad. La reconocida agrupación nacional se reencontrará con el público, luego de siete meses de paréntesis, este viernes [&hellip;]
